--
-- Host: localhost    Database: caseylyn_nafs0ma
-- ------------------------------------------------------


--
-- Table structure for table `swu7izcl9ar_actionscheduler_actions`
--

CREATE TABLE `swu7izcl9ar_actionscheduler_actions` (
  `action_id` bigint(20) unsigned NOT NULL AUTO_INCREMENT,
  `hook` varchar(191) COLLATE utf8mb4_unicode_520_ci NOT NULL,
  `status` varchar(20) COLLATE utf8mb4_unicode_520_ci NOT NULL,
  `scheduled_date_gmt` datetime DEFAULT '0000-00-00 00:00:00',
  `scheduled_date_local` datetime DEFAULT '0000-00-00 00:00:00',
  `args` varchar(191) COLLATE utf8mb4_unicode_520_ci DEFAULT NULL,
  `schedule` longtext COLLATE utf8mb4_unicode_520_ci DEFAULT NULL,
  `group_id` bigint(20) unsigned NOT NULL DEFAULT 0,
  `attempts` int(11) NOT NULL DEFAULT 0,
  `last_attempt_gmt` datetime DEFAULT '0000-00-00 00:00:00',
  `last_attempt_local` datetime DEFAULT '0000-00-00 00:00:00',
  `claim_id` bigint(20) unsigned NOT NULL DEFAULT 0,
  `extended_args` varchar(8000) COLLATE utf8mb4_unicode_520_ci DEFAULT NULL,
  PRIMARY KEY (`action_id`),
  KEY `hook` (`hook`),
  KEY `status` (`status`),
  KEY `scheduled_date_gmt` (`scheduled_date_gmt`),
  KEY `args` (`args`),
  KEY `group_id` (`group_id`),
  KEY `last_attempt_gmt` (`last_attempt_gmt`),
  KEY `claim_id` (`claim_id`),
  KEY `claim_id_status_scheduled_date_gmt` (`claim_id`,`status`,`scheduled_date_gmt`)
) ENGINE=InnoDB AUTO_INCREMENT=1299 DEFAULT CHARSET=utf8mb4 COLLATE=utf8mb4_unicode_520_ci;

--
-- Dumping data for table `swu7izcl9ar_actionscheduler_actions`
--


--
-- Table structure for table `swu7izcl9ar_actionscheduler_claims`
--

CREATE TABLE `swu7izcl9ar_actionscheduler_claims` (
  `claim_id` bigint(20) unsigned NOT NULL AUTO_INCREMENT,
  `date_created_gmt` datetime NOT NULL DEFAULT '0000-00-00 00:00:00',
  PRIMARY KEY (`claim_id`),
  KEY `date_created_gmt` (`date_created_gmt`)
) ENGINE=InnoDB AUTO_INCREMENT=15599 DEFAULT CHARSET=utf8mb4 COLLATE=utf8mb4_unicode_520_ci;

--
-- Dumping data for table `swu7izcl9ar_actionscheduler_claims`
--


--
-- Table structure for table `swu7izcl9ar_actionscheduler_groups`
--

CREATE TABLE `swu7izcl9ar_actionscheduler_groups` (
  `group_id` bigint(20) unsigned NOT NULL AUTO_INCREMENT,
  `slug` varchar(255) COLLATE utf8mb4_unicode_520_ci NOT NULL,
  PRIMARY KEY (`group_id`),
  KEY `slug` (`slug`(191))
) ENGINE=InnoDB AUTO_INCREMENT=4 DEFAULT CHARSET=utf8mb4 COLLATE=utf8mb4_unicode_520_ci;

--
-- Dumping data for table `swu7izcl9ar_actionscheduler_groups`
--

INSERT INTO `swu7izcl9ar_actionscheduler_groups` VALUES (1,'action-scheduler-migration'),(2,'wc-admin-data'),(3,'woocommerce-db-updates');

--
-- Table structure for table `swu7izcl9ar_actionscheduler_logs`
--

CREATE TABLE `swu7izcl9ar_actionscheduler_logs` (
  `log_id` bigint(20) unsigned NOT NULL AUTO_INCREMENT,
  `action_id` bigint(20) unsigned NOT NULL,
  `message` text COLLATE utf8mb4_unicode_520_ci NOT NULL,
  `log_date_gmt` datetime DEFAULT '0000-00-00 00:00:00',
  `log_date_local` datetime DEFAULT '0000-00-00 00:00:00',
  PRIMARY KEY (`log_id`),
  KEY `action_id` (`action_id`),
  KEY `log_date_gmt` (`log_date_gmt`)
) ENGINE=InnoDB AUTO_INCREMENT=292 DEFAULT CHARSET=utf8mb4 COLLATE=utf8mb4_unicode_520_ci;

--
-- Dumping data for table `swu7izcl9ar_actionscheduler_logs`
--


--
-- Table structure for table `swu7izcl9ar_aws_cache`
--

CREATE TABLE `swu7izcl9ar_aws_cache` (
  `name` varchar(100) COLLATE utf8mb4_unicode_520_ci NOT NULL,
  `value` longtext COLLATE utf8mb4_unicode_520_ci NOT NULL
) ENGINE=InnoDB DEFAULT CHARSET=utf8mb4 COLLATE=utf8mb4_unicode_520_ci;

--
-- Dumping data for table `swu7izcl9ar_aws_cache`
--


--
-- Table structure for table `swu7izcl9ar_aws_index`
--

CREATE TABLE `swu7izcl9ar_aws_index` (
  `id` bigint(20) unsigned NOT NULL DEFAULT 0,
  `term` varchar(50) COLLATE utf8mb4_unicode_520_ci NOT NULL DEFAULT '0',
  `term_source` varchar(50) COLLATE utf8mb4_unicode_520_ci NOT NULL DEFAULT '0',
  `type` varchar(50) COLLATE utf8mb4_unicode_520_ci NOT NULL DEFAULT '0',
  `count` bigint(20) unsigned NOT NULL DEFAULT 0,
  `in_stock` int(11) NOT NULL DEFAULT 0,
  `on_sale` int(11) NOT NULL DEFAULT 0,
  `term_id` bigint(20) unsigned NOT NULL DEFAULT 0,
  `visibility` varchar(20) COLLATE utf8mb4_unicode_520_ci NOT NULL DEFAULT '0',
  `lang` varchar(20) COLLATE utf8mb4_unicode_520_ci NOT NULL DEFAULT '0',
  UNIQUE KEY `source_term` (`id`,`term`,`term_source`,`lang`),
  KEY `id` (`id`),
  KEY `term_id` (`term_id`)
) ENGINE=InnoDB DEFAULT CHARSET=utf8mb4 COLLATE=utf8mb4_unicode_520_ci;

--
-- Dumping data for table `swu7izcl9ar_aws_index`
--

INSERT INTO `swu7izcl9ar_aws_index` VALUES (1220,'1','excerpt','product',1,1,0,0,'visible',''),(1220,'1220','id','product',1,1,0,0,'visible',''),(1220,'city','title','product',1,1,0,0,'visible',''),(1220,'drunk','excerpt','product',1,1,0,0,'visible',''),(1220,'drunk','title','product',1,1,0,0,'visible',''),(1220,'get','excerpt','product',1,1,0,0,'visible',''),(1220,'place','excerpt','product',1,1,0,0,'visible',''),(1220,'redbubble','category','product',1,1,0,21,'visible',''),(1220,'sticker','category','product',1,1,0,21,'visible',''),(1225,'1225','id','product',1,1,0,0,'visible',''),(1225,'all','excerpt','product',1,1,0,0,'visible',''),(1225,'been','excerpt','product',1,1,0,0,'visible',''),(1225,'chicoween','title','product',1,1,0,0,'visible',''),(1225,'redbubble','category','product',1,1,0,21,'visible',''),(1225,'statue','excerpt','product',1,1,0,0,'visible',''),(1225,'sticker','category','product',1,1,0,21,'visible',''),(1225,'through','excerpt','product',1,1,0,0,'visible',''),(1226,'1226','id','product',1,1,0,0,'visible',''),(1226,'lasso','excerpt','product',1,1,0,0,'visible',''),(1226,'nbsp','excerpt','product',1,1,0,0,'visible',''),(1226,'redbubble','category','product',1,1,0,21,'visible',''),(1226,'remember','excerpt','product',1,1,0,0,'visible',''),(1226,'rue','excerpt','product',1,1,0,0,'visible',''),(1226,'rue','title','product',1,1,0,0,'visible',''),(1226,'someone','excerpt','product',1,1,0,0,'visible',''),(1226,'sticker','category','product',1,1,0,21,'visible',''),(1226,'strapped','excerpt','product',1,1,0,0,'visible',''),(1226,'threw','excerpt','product',1,1,0,0,'visible',''),(1226,'time','excerpt','product',1,1,0,0,'visible',''),(1226,'yeehaw','title','product',1,1,0,0,'visible',''),(1232,'1232','id','product',1,1,0,0,'visible',''),(1232,'blm','title','product',1,1,0,0,'visible',''),(1232,'episode','excerpt','product',1,1,0,0,'visible',''),(1232,'first','excerpt','product',1,1,0,0,'visible',''),(1232,'nbsp','excerpt','product',1,1,0,0,'visible',''),(1232,'office','excerpt','product',1,1,0,0,'visible',''),(1232,'office','title','product',1,1,0,0,'visible',''),(1232,'redbubble','category','product',1,1,0,21,'visible',''),(1232,'small','excerpt','product',1,1,0,0,'visible',''),(1232,'sticker','category','product',1,1,0,21,'visible',''),(1232,'twist','excerpt','product',1,1,0,0,'visible',''),(1232,'with','excerpt','product',1,1,0,0,'visible',''),(1238,'1238','id','product',1,1,0,0,'visible',''),(1238,'about','title','product',1,1,0,0,'visible',''),(1238,'any','excerpt','product',1,1,0,0,'visible',''),(1238,'chico','excerpt','product',2,1,0,0,'visible',''),(1238,'gayle','excerpt','product',1,1,0,0,'visible',''),(1238,'gayle','title','product',1,1,0,0,'visible',''),(1238,'like','excerpt','product',1,1,0,0,'visible',''),(1238,'making','excerpt','product',1,1,0,0,'visible',''),(1238,'message','excerpt','product',1,1,0,0,'visible',''),(1238,'nbsp','excerpt','product',1,1,0,0,'visible',''),(1238,'redbubble','category','product',1,1,0,21,'visible',''),(1238,'sense','excerpt','product',1,1,0,0,'visible',''),(1238,'state','excerpt','product',1,1,0,0,'visible',''),(1238,'sticker','category','product',1,1,0,21,'visible',''),(1238,'talk','excerpt','product',1,1,0,0,'visible',''),(1238,'talk','title','product',1,1,0,0,'visible',''),(1238,'that','excerpt','product',1,1,0,0,'visible',''),(1238,'then','excerpt','product',1,1,0,0,'visible',''),(1238,'twitter','excerpt','product',1,1,0,0,'visible',''),(1238,'ya','excerpt','product',1,1,0,0,'visible',''),(1238,'you','excerpt','product',1,1,0,0,'visible',''),(1244,'1244','id','product',1,1,0,0,'visible',''),(1244,'all','excerpt','product',1,1,0,0,'visible',''),(1244,'been','excerpt','product',1,1,0,0,'visible',''),(1244,'chico','title','product',1,1,0,0,'visible',''),(1244,'chicoer','excerpt','product',1,1,0,0,'visible',''),(1244,'redbubble','category','product',1,1,0,21,'visible',''),(1244,'sticker','category','product',1,1,0,21,'visible',''),(1244,'survivor','title','product',1,1,0,0,'visible',''),(1244,'through','excerpt','product',1,1,0,0,'visible',''),(1244,'yeah','excerpt','product',1,1,0,0,'visible',''),(1250,'1250','id','product',1,1,0,0,'visible',''),(1250,'atleast','excerpt','product',1,1,0,0,'visible',''),(1250,'chico','title','product',1,1,0,0,'visible',''),(1250,'couch','excerpt','product',1,1,0,0,'visible',''),(1250,'didnt','excerpt','product',1,1,0,0,'visible',''),(1250,'fire','excerpt','product',1,1,0,0,'visible',''),(1250,'friend','title','product',1,1,0,0,'visible',''),(1250,'grad','excerpt','product',1,1,0,0,'visible',''),(1250,'photo','excerpt','product',1,1,0,0,'visible',''),(1250,'pushed','excerpt','product',1,1,0,0,'visible',''),(1250,'redbubble','category','product',1,1,0,21,'visible',''),(1250,'set','excerpt','product',1,1,0,0,'visible',''),(1250,'someone','excerpt','product',1,1,0,0,'visible',''),(1250,'sticker','category','product',1,1,0,21,'visible',''),(1250,'time','excerpt','product',1,1,0,0,'visible',''),(1256,'1256','id','product',1,1,0,0,'visible',''),(1256,'drink','title','product',1,1,0,0,'visible',''),(1256,'get','excerpt','product',1,1,0,0,'visible',''),(1256,'lucky','excerpt','product',1,1,0,0,'visible',''),(1256,'nbsp','excerpt','product',1,1,0,0,'visible',''),(1256,'redbubble','category','product',1,1,0,21,'visible',''),(1256,'sticker','category','product',1,1,0,21,'visible',''),(1256,'youll','excerpt','product',1,1,0,0,'visible',''),(1256,'youre','excerpt','product',1,1,0,0,'visible',''),(1262,'1262','id','product',1,1,0,0,'visible',''),(1262,'get','excerpt','product',1,1,0,0,'visible',''),(1262,'nbsp','excerpt','product',1,1,0,0,'visible',''),(1262,'redbubble','category','product',1,1,0,21,'visible',''),(1262,'spooky','excerpt','product',1,1,0,0,'visible',''),(1262,'spooky','title','product',1,1,0,0,'visible',''),(1262,'sticker','category','product',1,1,0,21,'visible',''),(1262,'szn','title','product',1,1,0,0,'visible',''),(1262,'time','excerpt','product',1,1,0,0,'visible',''),(1268,'1268','id','product',1,1,0,0,'visible',''),(1268,'beer','title','product',1,1,0,0,'visible',''),(1268,'book','title','product',1,1,0,0,'visible',''),(1268,'die','title','product',1,1,0,0,'visible',''),(1268,'life','excerpt','product',1,1,0,0,'visible',''),(1268,'meyer','excerpt','product',1,1,0,0,'visible',''),(1268,'nbsp','excerpt','product',1,1,0,0,'visible',''),(1268,'redbubble','category','product',1,1,0,21,'visible',''),(1268,'stephanie','excerpt','product',1,1,0,0,'visible',''),(1268,'sticker','category','product',1,1,0,21,'visible',''),(1268,'you','excerpt','product',1,1,0,0,'visible',''),(1274,'1274','id','product',1,1,0,0,'visible',''),(1274,'drink','excerpt','product',2,1,0,0,'visible',''),(1274,'favorite','excerpt','product',2,1,0,0,'visible',''),(1274,'fuel','title','product',1,1,0,0,'visible',''),(1274,'nbsp','excerpt','product',1,1,0,0,'visible',''),(1274,'redbubble','category','product',1,1,0,21,'visible',''),(1274,'rocket','title','product',1,1,0,0,'visible',''),(1274,'sticker','category','product',1,1,0,21,'visible',''),(1274,'tell','excerpt','product',1,1,0,0,'visible',''),(1274,'telling','excerpt','product',1,1,0,0,'visible',''),(1274,'without','excerpt','product',1,1,0,0,'visible',''),(1274,'your','excerpt','product',2,1,0,0,'visible',''),(1280,'1280','id','product',1,1,0,0,'visible',''),(1280,'boy','title','product',1,1,0,0,'visible',''),(1280,'could','excerpt','product',1,1,0,0,'visible',''),(1280,'count','title','product',1,1,0,0,'visible',''),(1280,'dog','excerpt','product',1,1,0,0,'visible',''),(1280,'dog','title','product',1,1,0,0,'visible',''),(1280,'hate','excerpt','product',1,1,0,0,'visible',''),(1280,'i','excerpt','product',1,1,0,0,'visible',''),(1280,'mean','excerpt','product',1,1,0,0,'visible',''),(1280,'nbsp','excerpt','product',1,1,0,0,'visible',''),(1280,'redbubble','category','product',1,1,0,21,'visible',''),(1280,'right','title','product',1,1,0,0,'visible',''),(1280,'sticker','category','product',1,1,0,21,'visible',''),(1280,'you','excerpt','product',1,1,0,0,'visible',''),(1287,'1287','id','product',1,1,0,0,'visible',''),(1287,'nbsp','excerpt','product',1,1,0,0,'visible',''),(1287,'pitcher','title','product',1,1,0,0,'visible',''),(1287,'redbubble','category','product',1,1,0,21,'visible',''),(1287,'riley','excerpt','product',1,1,0,0,'visible',''),(1287,'sticker','category','product',1,1,0,21,'visible',''),(1293,'1293','id','product',1,1,0,0,'visible',''),(1293,'chico','excerpt','product',1,1,0,0,'visible',''),(1293,'chico','title','product',1,1,0,0,'visible',''),(1293,'dont','excerpt','product',1,1,0,0,'visible',''),(1293,'lip','excerpt','product',1,1,0,0,'visible',''),(1293,'nbsp','excerpt','product',1,1,0,0,'visible',''),(1293,'nipple','excerpt','product',1,1,0,0,'visible',''),(1293,'piercing','excerpt','product',1,1,0,0,'visible',''),(1293,'redbubble','category','product',1,1,0,21,'visible',''),(1293,'ring','excerpt','product',1,1,0,0,'visible',''),(1293,'state','excerpt','product',1,1,0,0,'visible',''),(1293,'sticker','category','product',1,1,0,21,'visible',''),(1293,'student','excerpt','product',1,1,0,0,'visible',''),(1293,'tat','excerpt','product',1,1,0,0,'visible',''),(1293,'then','excerpt','product',1,1,0,0,'visible',''),(1293,'toe','excerpt','product',1,1,0,0,'visible',''),(1293,'water','title','product',1,1,0,0,'visible',''),(1293,'you','excerpt','product',1,1,0,0,'visible',''),(1293,'youre','excerpt','product',1,1,0,0,'visible',''),(1299,'1299','id','product',1,1,0,0,'visible',''),(1299,'cheek','excerpt','product',1,1,0,0,'visible',''),(1299,'freak','excerpt','product',1,1,0,0,'visible',''),(1299,'more','excerpt','product',1,1,0,0,'visible',''),(1299,'redbubble','category','product',1,1,0,21,'visible',''),(1299,'showing','excerpt','product',1,1,0,0,'visible',''),(1299,'spook','excerpt','product',1,1,0,0,'visible',''),(1299,'spooky','title','product',1,1,0,0,'visible',''),(1299,'sticker','category','product',1,1,0,21,'visible',''),(1299,'szn','title','product',1,1,0,0,'visible',''),(1327,'1327','id','product',1,1,0,0,'visible',''),(1327,'certified','title','product',1,1,0,0,'visible',''),(1327,'chico','excerpt','product',1,1,0,0,'visible',''),(1327,'chico','title','product',1,1,0,0,'visible',''),(1327,'clap','excerpt','product',1,1,0,0,'visible',''),(1327,'end','excerpt','product',1,1,0,0,'visible',''),(1327,'epidemic','excerpt','product',1,1,0,0,'visible',''),(1327,'lover','title','product',1,1,0,0,'visible',''),(1327,'redbubble','category','product',1,1,0,21,'visible',''),(1327,'sticker','category','product',1,1,0,21,'visible',''),(1333,'1333','id','product',1,1,0,0,'visible',''),(1333,'2','title','product',1,1,0,0,'visible',''),(1333,'certified','title','product',1,1,0,0,'visible',''),(1333,'chico','excerpt','product',1,1,0,0,'visible',''),(1333,'chico','title','product',1,1,0,0,'visible',''),(1333,'clap','excerpt','product',1,1,0,0,'visible',''),(1333,'end','excerpt','product',1,1,0,0,'visible',''),(1333,'epidemic','excerpt','product',1,1,0,0,'visible',''),(1333,'lover','title','product',1,1,0,0,'visible',''),(1333,'redbubble','category','product',1,1,0,21,'visible',''),(1333,'sticker','category','product',1,1,0,21,'visible',''),(1340,'1340','id','product',1,1,0,0,'visible',''),(1340,'all','excerpt','product',1,1,0,0,'visible',''),(1340,'harvard','title','product',1,1,0,0,'visible',''),(1340,'know','excerpt','product',1,1,0,0,'visible',''),(1340,'one','excerpt','product',1,1,0,0,'visible',''),(1340,'real','excerpt','product',1,1,0,0,'visible',''),(1340,'redbubble','category','product',1,1,0,21,'visible',''),(1340,'sticker','category','product',1,1,0,21,'visible',''),(1340,'west','title','product',1,1,0,0,'visible',''),(1346,'1346','id','product',1,1,0,0,'visible',''),(1346,'chico','title','product',1,1,0,0,'visible',''),(1346,'nbsp','excerpt','product',1,1,0,0,'visible',''),(1346,'red','title','product',1,1,0,0,'visible',''),(1346,'redbubble','category','product',1,1,0,21,'visible',''),(1346,'sticker','category','product',1,1,0,21,'visible',''),(1346,'twist','excerpt','product',1,1,0,0,'visible',''),(1346,'vintage','excerpt','product',1,1,0,0,'visible',''),(1346,'vintage','title','product',1,1,0,0,'visible',''),(1346,'with','excerpt','product',1,1,0,0,'visible',''),(1352,'1352','id','product',1,1,0,0,'visible',''),(1352,'black','title','product',1,1,0,0,'visible',''),(1352,'chico','title','product',1,1,0,0,'visible',''),(1352,'nbsp','content','product',2,1,0,0,'visible',''),(1352,'nbsp','excerpt','product',1,1,0,0,'visible',''),(1352,'redbubble','category','product',1,1,0,21,'visible',''),(1352,'sticker','category','product',1,1,0,21,'visible',''),(1352,'twist','excerpt','product',1,1,0,0,'visible',''),(1352,'vintage','excerpt','product',1,1,0,0,'visible',''),(1352,'vintage','title','product',1,1,0,0,'visible',''),(1352,'with','excerpt','product',1,1,0,0,'visible',''),(1358,'1358','id','product',1,1,0,0,'visible',''),(1358,'chico','title','product',1,1,0,0,'visible',''),(1358,'double','title','product',1,1,0,0,'visible',''),(1358,'nbsp','excerpt','product',1,1,0,0,'visible',''),(1358,'red','title','product',1,1,0,0,'visible',''),(1358,'redbubble','category','product',1,1,0,21,'visible',''),(1358,'sticker','category','product',1,1,0,21,'visible',''),(1358,'twist','excerpt','product',1,1,0,0,'visible',''),(1358,'vintage','excerpt','product',1,1,0,0,'visible',''),(1358,'vintage','title','product',1,1,0,0,'visible',''),(1358,'with','excerpt','product',1,1,0,0,'visible',''),(1524,'1524','id','product',1,1,0,0,'visible',''),(1524,'cage','title','product',1,1,0,0,'visible',''),(1524,'game','title','product',1,1,0,0,'visible',''),(1524,'next','title','product',1,1,0,0,'visible',''),(1524,'rage','title','product',1,1,0,0,'visible',''),(1524,'redbubble','category','product',1,1,0,21,'visible',''),(1524,'sober','excerpt','product',1,1,0,0,'visible',''),(1524,'sticker','category','product',1,1,0,21,'visible',''),(1524,'survive','excerpt','product',1,1,0,0,'visible',''),(1530,'1530','id','product',1,1,0,0,'visible',''),(1530,'cs','title','product',1,1,0,0,'visible',''),(1530,'degree','title','product',1,1,0,0,'visible',''),(1530,'easy','excerpt','product',1,1,0,0,'visible',''),(1530,'get','title','product',1,1,0,0,'visible',''),(1530,'redbubble','category','product',1,1,0,21,'visible',''),(1530,'sticker','category','product',1,1,0,21,'visible',''),(1537,'1537','id','product',1,1,0,0,'visible',''),(1537,'blue','excerpt','product',1,1,0,0,'visible',''),(1537,'game','title','product',1,1,0,0,'visible',''),(1537,'play','excerpt','product',1,1,0,0,'visible',''),(1537,'play','title','product',1,1,0,0,'visible',''),(1537,'red','excerpt','product',1,1,0,0,'visible',''),(1537,'redbubble','category','product',1,1,0,21,'visible',''),(1537,'sticker','category','product',1,1,0,21,'visible',''),(1537,'want','title','product',1,1,0,0,'visible',''),(1537,'work','excerpt','product',1,1,0,0,'visible',''),(1537,'you','title','product',1,1,0,0,'visible','');

--
-- Table structure for table `swu7izcl9ar_commentmeta`
--

CREATE TABLE `swu7izcl9ar_commentmeta` (
  `meta_id` bigint(20) unsigned NOT NULL AUTO_INCREMENT,
  `comment_id` bigint(20) unsigned NOT NULL DEFAULT 0,
  `meta_key` varchar(255) COLLATE utf8mb4_unicode_520_ci DEFAULT NULL,
  `meta_value` longtext COLLATE utf8mb4_unicode_520_ci DEFAULT NULL,
  PRIMARY KEY (`meta_id`),
  KEY `comment_id` (`comment_id`),
  KEY `meta_key` (`meta_key`(191))
) ENGINE=InnoDB AUTO_INCREMENT=51 DEFAULT CHARSET=utf8mb4 COLLATE=utf8mb4_unicode_520_ci;

--
-- Dumping data for table `swu7izcl9ar_commentmeta`
--

INSERT INTO `swu7izcl9ar_commentmeta` VALUES (21,20,'rating','3'),(22,20,'verified','0'),(25,21,'rating','2'),(26,21,'verified','0'),(27,22,'rating','3'),(28,22,'verified','0'),(29,23,'rating','4'),(30,23,'verified','0'),(31,24,'rating','4'),(32,24,'verified','0');

--
-- Table structure for table `swu7izcl9ar_comments`
--

CREATE TABLE `swu7izcl9ar_comments` (
  `comment_ID` bigint(20) unsigned NOT NULL AUTO_INCREMENT,
  `comment_post_ID` bigint(20) unsigned NOT NULL DEFAULT 0,
  `comment_author` tinytext COLLATE utf8mb4_unicode_520_ci NOT NULL,
  `comment_author_email` varchar(100) COLLATE utf8mb4_unicode_520_ci NOT NULL DEFAULT '',
  `comment_author_url` varchar(200) COLLATE utf8mb4_unicode_520_ci NOT NULL DEFAULT '',
  `comment_author_IP` varchar(100) COLLATE utf8mb4_unicode_520_ci NOT NULL DEFAULT '',
  `comment_date` datetime NOT NULL DEFAULT '0000-00-00 00:00:00',
  `comment_date_gmt` datetime NOT NULL DEFAULT '0000-00-00 00:00:00',
  `comment_content` text COLLATE utf8mb4_unicode_520_ci NOT NULL,
  `comment_karma` int(11) NOT NULL DEFAULT 0,
  `comment_approved` varchar(20) COLLATE utf8mb4_unicode_520_ci NOT NULL DEFAULT '1',
  `comment_agent` varchar(255) COLLATE utf8mb4_unicode_520_ci NOT NULL DEFAULT '',
  `comment_type` varchar(20) COLLATE utf8mb4_unicode_520_ci NOT NULL DEFAULT 'comment',
  `comment_parent` bigint(20) unsigned NOT NULL DEFAULT 0,
  `user_id` bigint(20) unsigned NOT NULL DEFAULT 0,
  PRIMARY KEY (`comment_ID`),
  KEY `comment_post_ID` (`comment_post_ID`),
  KEY `comment_approved_date_gmt` (`comment_approved`,`comment_date_gmt`),
  KEY `comment_date_gmt` (`comment_date_gmt`),
  KEY `comment_parent` (`comment_parent`),
  KEY `comment_author_email` (`comment_author_email`(10)),
  KEY `woo_idx_comment_type` (`comment_type`)
) ENGINE=InnoDB AUTO_INCREMENT=31 DEFAULT CHARSET=utf8mb4 COLLATE=utf8mb4_unicode_520_ci;

--
-- Dumping data for table `swu7izcl9ar_comments`
--

INSERT INTO `swu7izcl9ar_comments` VALUES (2,331,'erotik','salty32@gmail.com','https://filmkovasi.org/','45.92.247.36','2021-02-16 12:40:52','2021-02-16 12:40:52','Hi there. I found your website by the use of Google while searching for a comparable topic, your website came up. It appears to be good. I have bookmarked it in my google bookmarks to visit then. Leah Kingston Anissa',0,'1','Mozilla/5.0 (Windows NT 10.0; Win64; x64) AppleWebKit/537.36 (KHTML, like Gecko) Chrome/86.0.4240.193 Safari/537.36','comment',0,0),(3,331,'bursa escort','porthos4u@yandex.com','https://filmmakinesi.pw/','185.30.232.157','2021-03-01 23:19:59','2021-03-01 23:19:59','How do you use this in the theme. Do I need a plugin to make it work? Domeniga Garreth Adar',0,'1','Mozilla/5.0 (Windows NT 10.0; Win64; x64) AppleWebKit/537.36 (KHTML, like Gecko) Chrome/86.0.4240.193 Safari/537.36','comment',0,0),(5,331,'UnarkamY','clecinnilm@gmail.com','https://devonfranchiseshow.com','54.39.29.64','2021-05-04 18:28:07','2021-05-04 18:28:07','It is the amusing information',0,'1','Mozilla/5.0 (Windows NT 6.3; Win64; x64) AppleWebKit/537.36 (KHTML, like Gecko) Chrome/83.0.4103.61 Safari/537.36','comment',0,0),(7,331,'TerryDiund','maygrigory2021@gmail.com','','194.68.225.11','2021-06-03 01:42:44','2021-06-03 01:42:44','<a>.</a>',0,'1','Mozilla/5.0 (Windows NT 10.0; Win64; x64) AppleWebKit/537.36 (KHTML, like Gecko) Chrome/83.0.4103.24 Safari/537.36','comment',0,0),(8,331,'Audree','audree.hernandez2016@gmail.com','https://www.audreehernandez.com','24.21.22.110','2021-06-03 06:20:32','2021-06-03 06:20:32','The current theme is GuCherry Blog Child. I actually had a website I coded from scratch before so I just picked a simple theme and put in some of the same designs and codes in from my old site. Hope that helps!',0,'1','Mozilla/5.0 (Macintosh; Intel Mac OS X 10_15_6) AppleWebKit/537.36 (KHTML, like Gecko) Chrome/87.0.4280.141 Safari/537.36','comment',3,1),(9,331,'iyuqoterm','aykakuce@asfuy.jonjamail.com','http://slkjfdf.net/','62.210.204.15','2021-06-07 14:17:54','2021-06-07 14:17:54','http://slkjfdf.net/ - Igjefa <a href=\"http://slkjfdf.net/\" rel=\"nofollow ugc\">Edebifiw</a> mxe.sehn.audreehernandez.com.hqq.fs http://slkjfdf.net/',0,'spam','Mozilla/5.0 (Windows NT 6.3; ) AppleWebKit/537.36 (KHTML, like Gecko) Chrome/83.0.4103.61 Safari/537.36','comment',0,0),(10,331,'aqikoxoyay','obutuphir@asfuy.jonjamail.com','http://slkjfdf.net/','62.210.204.15','2021-06-07 14:54:19','2021-06-07 14:54:19','http://slkjfdf.net/ - Ufeqohuv <a href=\"http://slkjfdf.net/\" rel=\"nofollow ugc\">Ewqikem</a> fbu.uvhe.audreehernandez.com.rcc.tj http://slkjfdf.net/',0,'spam','Mozilla/5.0 (Windows NT 10.0; Win64; x64) AppleWebKit/537.36 (KHTML, like Gecko) Chrome/83.0.4103.34 Safari/537.36 Edg/83.0.478.25','comment',0,0),(11,331,'agzeovabuxaca','uqihupos@uegem.jonjamail.com','http://slkjfdf.net/','62.210.122.241','2021-06-07 18:59:59','2021-06-07 18:59:59','http://slkjfdf.net/ - Oojogub <a href=\"http://slkjfdf.net/\" rel=\"nofollow ugc\">Eharuz</a> jfv.iclz.audreehernandez.com.ayt.ej http://slkjfdf.net/',0,'spam','Mozilla/5.0 (Windows NT 10.0; ) AppleWebKit/537.36 (KHTML, like Gecko) Chrome/83.0.4103.34 Safari/537.36 Edg/83.0.478.25','comment',0,0),(12,331,'NjeUU','essay_3@mail.ru','https://t.me/s/buy_pills_online','5.187.75.115','2021-06-12 12:30:53','2021-06-12 12:30:53','Pills information sheet. Cautions. \r\nmy telegramm https://t.me/s/buy_pills_online \r\nActual information about pills. Read information now.',0,'spam','Mozilla/5.0 (Windows NT 10.0; Win64; x64) AppleWebKit/537.36 (KHTML, like Gecko) Chrome/83.0.4096.0 Safari/537.36','comment',0,0),(13,331,'SmithDiund','smithneedsjn@nettirautakauppa.com','https://popfurniture.ekptosi.online','84.17.42.52','2021-06-26 10:46:22','2021-06-26 10:46:22','Sputnik V vaccination has begun in Slovakia. The yield up of the Russian vaccine to the motherland was accompanied on a administrative detraction and led to the abandonment of Prime Succour Igor Matovich and a shake-up of the government. As a evolve, the country received the Russian vaccine, in hostility of the low-down that neither the European regulator nor the WHO has furthermore approved it. \r\nIn neighboring Hungary, which approved the dislike of Sputnik in February as the first in Europe, more than 50% of the grown up citizens has already been vaccinated; in Russia - a bantam more than 10%. In Slovakia, five thousand people signed up payment the Sputnik vaccination. \r\nThis topic is simply incomparable :), I really like it .. You can read another article on this point at this association  <a href=\"https://soundsonline.forsaljning.site\" rel=\"nofollow ugc\">https://teleflorist.forsaljning.site</a>',0,'spam','Mozilla/5.0 (Windows NT 10.0; Win64; x64) AppleWebKit/537.36 (KHTML, like Gecko) Chrome/83.0.4100.3 Safari/537.36','comment',0,0),(14,359,'Martin Hughes','martin.hughes1212@gmail.com','','172.56.39.77','2021-08-08 18:23:19','2021-08-08 18:23:19','This was so personal and special! Very well said, teared up reading it.\r\nLove your blog!',0,'1','Mozilla/5.0 (Linux; Android 11; LE2127) AppleWebKit/537.36 (KHTML, like Gecko) Chrome/92.0.4515.131 Mobile Safari/537.36','comment',0,0),(15,392,'Alexandr','28585@gmail.com','','103.77.157.138','2021-09-06 14:10:26','2021-09-06 14:10:26','\"First Ever\" Complete In-Video Checkout System for WordPress - https://bit.ly/3l0fgwr',0,'spam','Mozilla/5.0 (Windows NT 6.3; Win64; x64) AppleWebKit/537.36 (KHTML, like Gecko) Chrome/91.0.4472.114 Safari/537.36','comment',0,0),(16,392,'Alexandr','96879@gmail.com','','105.213.65.20','2021-09-07 22:31:25','2021-09-07 22:31:25','How he makes $1,300 per day – http://2dr.eu/TXfqhI',0,'spam','Mozilla/5.0 (Windows NT 6.3; Win64; x64) AppleWebKit/537.36 (KHTML, like Gecko) Chrome/91.0.4472.114 Safari/537.36','comment',0,0),(17,331,'Madison','madisonlawer1@comcast.net','','209.202.233.34','2021-09-10 15:36:07','2021-09-10 15:36:07','&lt;333333',0,'1','Mozilla/5.0 (Windows NT 10.0; Win64; x64; rv:91.0) Gecko/20100101 Firefox/91.0','comment',0,0),(18,331,'CASPab','larahfront@yandex.com','https://wows.guru/200FS','178.214.247.130','2021-10-10 00:22:52','2021-10-10 00:22:52','Short and simple 200FS https://wows.guru/200FS',0,'spam','Mozilla/5.0 (Windows NT 6.3; Win64; x64) AppleWebKit/537.36 (KHTML, like Gecko) Chrome/90.0.4430.72 Safari/537.36','comment',0,0),(19,1500,'Janae','janaebillingsley276@gmail.com','','24.43.59.170','2021-11-01 21:19:31','2021-11-01 21:19:31','Love this post!!',0,'1','Mozilla/5.0 (iPhone; CPU iPhone OS 14_8 like Mac OS X) AppleWebKit/605.1.15 (KHTML, like Gecko) Mobile/15E148 Instagram 211.0.0.21.118 (iPhone12,5; iOS 14_8; en_US; en-US; scale=3.00; 1242x2688; 327311214)','comment',0,0),(20,1299,'AngelinaGroks','advertising43500@gmail.com','','80.89.235.111','2021-12-07 21:54:14','2021-12-07 21:54:14','Good day ! \r\nI would like to buy ad space on your site for $1000 \r\nYou can read our terms on the link below \r\nhttps://drive.google.com/file/d/18kAS4CjVPtvvc8H0pOnyhvqhdMJwbWxw/view?usp=sharing',0,'spam','Mozilla/5.0 (Windows NT 10.0; Win64; x64) AppleWebKit/537.36 (KHTML, like Gecko) Chrome/90.0.4430.72 Safari/537.36','review',0,0),(21,1299,'AngelinaGroks','advertising43500@gmail.com','','190.2.131.157','2021-12-15 04:56:42','2021-12-15 04:56:42','Fill out this short survey and we\'ll give you a chance to win an iPhone 12 https://anti-covid.us/',0,'spam','Mozilla/5.0 (Windows NT 10.0; Win64; x64) AppleWebKit/537.36 (KHTML, like Gecko) Chrome/90.0.4430.85 Safari/537.36 Edg/90.0.818.49','review',0,0),(22,1299,'Dear Friend','babyr17@aol.com','','107.181.180.173','2021-12-15 19:00:09','2021-12-15 19:00:09','Hey dear, I\'m often alone in my bedroom. I have a burning desire to make love https://x-tube.one/',0,'spam','Mozilla/5.0 (Windows NT 10.0; Win64; x64) AppleWebKit/537.36 (KHTML, like Gecko) Chrome/67.0.3396.62 Safari/537.36','review',0,0),(23,1299,'Dear Friend','nevor99@mail.ru','','45.82.71.136','2021-12-25 03:58:17','2021-12-25 03:58:17','Р’СЃРµРіРѕ РЅРµСЃРєРѕР»СЊРєРѕ РїСЂР°РІРёР»СЊРЅС‹С… РѕС‚РІРµС‚РѕРІ Рё, РІРѕР·РјРѕР¶РЅРѕ РёРјРµРЅРЅРѕ Р’С‹ РїРѕР»СѓС‡РёС‚Рµ iPhone 12 Pro https://anti-covid.us',0,'spam','Mozilla/5.0 (Windows NT 6.1; Win64; x64) AppleWebKit/537.36 (KHTML, like Gecko) Chrome/67.0.3396.87 Safari/537.36','review',0,0),(24,1299,'Alicesub','hans83miller@gmail.com','','65.108.1.219','2021-12-27 09:58:24','2021-12-27 09:58:24','Fill out this short survey and we\'ll give you a chance to win an iPhone 12 http://anti-covid.us/',0,'spam','Mozilla/5.0 (Windows NT 6.3; Win64; x64) AppleWebKit/537.36 (KHTML, like Gecko) Chrome/90.0.4430.72 Safari/537.36','review',0,0),(26,331,'JackieClisa','ch.jd.jfh.ko.f.s.e.h.h.i.gf.y.ifbi.f.h@gmail.com','http://bestfotoposter.ru/izvestnye-kartiny-leonardo-da-vinchi-s-nazvaniyami','195.123.209.224','2022-01-27 14:47:55','2022-01-27 14:47:55','картина природы как называется\r\nван гог картины с названиями\r\n \r\n[url=http://bestfotoposter.ru/nabory-vyshivaniya-kartin]лавочка фондучка интернет магазин наборы[/url]\r\n[url=http://bestfotoposter.ru/kartiny-izvestnyx-xudozhnikov-v-vysokom-razreshenii]картины известных художников в высоком[/url]\r\n[url=http://bestfotoposter.ru/xudozhnik-konstantin-razumov-kartiny]картины константина разумова[/url]',0,'spam','Mozilla/5.0 (Windows NT 10.0; WOW64) AppleWebKit/537.36 (KHTML, like Gecko) Chrome/90.0.4430.72 Safari/537.36','comment',0,0),(27,331,'JamesRon','ascsacdcsklklvdsfldsfdsfd@gmail.com','https://trew24.space','195.123.209.224','2022-01-28 20:18:54','2022-01-28 20:18:54','That is a beautiful picture with very good lighting ;-) \r\n[url=https://rolls-news.xyz ]hydra onion[/url]\r\n[url=https://trew24.space]сайт с наркотиками тор[/url]\r\n[url=https://rolls-only.xyz ]как попасть на гидру[/url]\r\n[url=https://rolls-news.xyz ]гидра не работает[/url]\r\n[url=https://rolls-news.xyz ]hydra адрес[/url]\r\n \r\n \r\nGood depth :-D',0,'spam','Mozilla/5.0 (Windows NT 6.1; Win64; x64) AppleWebKit/537.36 (KHTML, like Gecko) Chrome/90.0.4430.85 Safari/537.36 Edg/90.0.818.49','comment',0,0),(28,331,'Brandonpioks','c.hjd.j.fh.ko.f.s.e.hh.igf.yi.fb.if.h@gmail.com','https://comprarcialis5mg.org/it/cialis-10mg/','195.123.209.224','2022-01-29 11:17:18','2022-01-29 11:17:18','What kind of camera was used? That is definitely a really good superior quality. \r\n \r\n[url=https://comprarcialis5mg.org/cialis-5-mg-precio/]cialis 5 mg precio[/url] \r\n[url=https://comprarcialis5mg.org/it/]cialis[/url] \r\n[url=https://comprarcialis5mg.org/it/comprare-spedra-avanafil-senza-ricetta-online/]avanafil prezzo[/url]',0,'spam','Mozilla/5.0 (Windows NT 6.3; Win64; x64) AppleWebKit/537.36 (KHTML, like Gecko) Chrome/90.0.4430.85 Safari/537.36 Edg/90.0.818.49','comment',0,0),(29,1321,'навесной котел','','https://telegra.ph/Kak-vybrat-gazovyj-kotel-dlya-chastnogo-doma-02-14','46.161.11.11','2022-02-15 13:35:24','2022-02-15 13:35:24','<strong>prescriptions from canada without https://telegra.ph/Kak-vybrat-gazovyj-kotel-dlya-chastnogo-doma-02-14</strong>\n\nSuperb forum posts. Cheers.',0,'spam','Mozilla/5.0 (Windows NT 6.0; Win64; x64) AppleWebKit/537.36 (KHTML, like Gecko) Chrome/56.0.2890.53 Safari/537.36','trackback',0,0),(30,1321,'Najwa','najwa619@gmail.com','','67.170.51.19','2022-10-15 17:40:54','2022-10-15 17:40:54','This was so helpful! Thank you!',0,'1','Mozilla/5.0 (iPhone; CPU iPhone OS 15_5 like Mac OS X) AppleWebKit/605.1.15 (KHTML, like Gecko) Version/15.5 Mobile/15E148 Safari/604.1','comment',0,0);

--
-- Table structure for table `swu7izcl9ar_db7_forms`
--

CREATE TABLE `swu7izcl9ar_db7_forms` (
  `form_id` bigint(20) NOT NULL AUTO_INCREMENT,
  `form_post_id` bigint(20) NOT NULL,
  `form_value` longtext COLLATE utf8mb4_unicode_520_ci NOT NULL,
  `form_date` datetime NOT NULL DEFAULT '0000-00-00 00:00:00',
  PRIMARY KEY (`form_id`)
) ENGINE=InnoDB AUTO_INCREMENT=66 DEFAULT CHARSET=utf8mb4 COLLATE=utf8mb4_unicode_520_ci;

--
-- Dumping data for table `swu7izcl9ar_db7_forms`
--

INSERT INTO `swu7izcl9ar_db7_forms` VALUES (1,405,'a:5:{s:12:\"cfdb7_status\";s:6:\"unread\";s:9:\"your-name\";s:10:\"Eric Jones\";s:10:\"your-email\";s:27:\"eric.jones.z.mail@gmail.com\";s:12:\"your-subject\";s:24:\"Try this, get more leads\";s:12:\"your-message\";s:1725:\"Hi, my name is Eric and I’m betting you’d like your website audreehernandez.com to generate more leads.\r\n\r\nHere’s how:\r\nTalk With Web Visitor is a software widget that’s works on your site, ready to capture any visitor’s Name, Email address and Phone Number.  It signals you as soon as they say they’re interested – so that you can talk to that lead while they’re still there at audreehernandez.com.\r\n\r\nTalk With Web Visitor – CLICK HERE http:&#047;&#047;talkwithcustomer.com for a live demo now.\r\n\r\nAnd now that you’ve got their phone number, our new SMS Text With Lead feature enables you to start a text (SMS) conversation – answer questions, provide more info, and close a deal that way.\r\n\r\nIf they don’t take you up on your offer then, just follow up with text messages for new offers, content links, even just “how you doing?” notes to build a relationship.\r\n\r\nCLICK HERE http:&#047;&#047;talkwithcustomer.com to discover what Talk With Web Visitor can do for your business.\r\n\r\nThe difference between contacting someone within 5 minutes versus a half-hour means you could be converting up to 100X more leads today!\r\n\r\nTry Talk With Web Visitor and get more leads now.\r\n\r\nEric\r\nPS: The studies show 7 out of 10 visitors don’t hang around – you can’t afford to lose them!\r\nTalk With Web Visitor offers a FREE 14 days trial – and it even includes International Long Distance Calling. \r\nYou have customers waiting to talk with you right now… don’t keep them waiting. \r\nCLICK HERE http:&#047;&#047;talkwithcustomer.com to try Talk With Web Visitor now.\r\n\r\nIf you&#039;d like to unsubscribe click here http:&#047;&#047;talkwithcustomer.com&#047;unsubscribe.aspx?d=audreehernandez.com\r\n\";}','2021-08-11 17:51:30'),(2,405,'a:6:{s:12:\"cfdb7_status\";s:6:\"unread\";s:9:\"your-name\";s:9:\"DonaldCak\";s:10:\"your-email\";s:29:\"no-replyemponganype@gmail.com\";s:12:\"your-subject\";s:35:\"A new method of email distribution.\";s:12:\"your-message\";s:836:\"Good day!  audreehernandez.com \r\n \r\nDid you know that it is possible to send message absolutely legally? \r\nWe proffer a new legal way of sending message through feedback forms. Such forms are located on many sites. \r\nWhen such messages are sent, no personal data is used, and messages are sent to forms specifically designed to receive messages and appeals. \r\nalso, messages sent through feedback Forms do not get into spam because such messages are considered important. \r\nWe offer you to test our service for free. We will send up to 50,000 messages for you. \r\nThe cost of sending one million messages is 49 USD. \r\n \r\nThis letter is created automatically. Please use the contact details below to contact us. \r\n \r\nContact us. \r\nTelegram - @FeedbackMessages \r\nSkype  live:contactform_18 \r\nWhatsApp - +375259112693 \r\n \r\nWe only use chat.\";s:6:\"submit\";s:6:\"Submit\";}','2021-08-15 04:35:32'),(3,405,'a:6:{s:12:\"cfdb7_status\";s:6:\"unread\";s:9:\"your-name\";s:12:\"Sambo Dasuki\";s:10:\"your-email\";s:18:\"mmxx0684@gmail.com\";s:12:\"your-subject\";s:12:\"Dear Partner\";s:12:\"your-message\";s:315:\"Dear Partner; \r\n \r\nI came across your email contact on Database; Where i was searching for a competent Partner who can handle a lucrative business for me as trustee and manager. I anticipate to read from you soon so I can provide you with more details. \r\n \r\nYours Sincerely, \r\nAlh. Sambo Dasuki \r\nmmxx0684@gmail.com\";s:6:\"submit\";s:6:\"Submit\";}','2021-08-18 01:39:58'),(4,405,'a:6:{s:12:\"cfdb7_status\";s:6:\"unread\";s:9:\"your-name\";s:13:\"Michael Rajiv\";s:10:\"your-email\";s:24:\"michaelrajiv44@gmail.com\";s:12:\"your-subject\";s:13:\"Need funding?\";s:12:\"your-message\";s:830:\"Hello Dear, \r\n \r\nGreetings to you and I hope this email meet at your best, I am working directly with a private family portfolio that can provide funding for credible clients with feasible projects. Currently, we have investment funds for viable projects. \r\n \r\nThey are interested in the following: Institution, Library, Hospitals, Green energy, \r\nPower projects, Agriculture and Real Estate. They can also partner with your company on other projects of value. The interest rate and tenure are fantastic. \r\n \r\nYour response is most anticipated if this is of interest to you. \r\nReach me on email: funding@euroclearpayments.com or michaelrajiv44@gmail.com \r\n \r\n \r\nKind regards, \r\n \r\nMichael Rajiv \r\nFinancial Consultant \r\nCall: +44 7452 111119 \r\nEuroclear Groups \r\nfunding@euroclearpayments.com \r\nUrl: http:&#047;&#047;euroclear.com\";s:6:\"submit\";s:6:\"Submit\";}','2021-08-18 02:18:29'),(5,405,'a:6:{s:12:\"cfdb7_status\";s:6:\"unread\";s:9:\"your-name\";s:11:\"Donald Cole\";s:10:\"your-email\";s:29:\"kendrickbells@donaldocole.com\";s:12:\"your-subject\";s:11:\"Partnership\";s:12:\"your-message\";s:331:\"Good day \r\n \r\n \r\n \r\nI`m seeking a reputable company&#047;individual to partner with in a manner that would benefit both parties. The project is worth $24 Million so \r\nIf interested, kindly contact me through this email donaldcole@donaldocole.com for clarification. \r\n \r\n \r\nI await your response. \r\n \r\n \r\nThanks, \r\n \r\n \r\nDonald Cole\";s:6:\"submit\";s:6:\"Submit\";}','2021-08-20 23:26:19'),(6,405,'a:6:{s:12:\"cfdb7_status\";s:6:\"unread\";s:9:\"your-name\";s:26:\"SEO X Press Digital Agency\";s:10:\"your-email\";s:29:\"no-replyemponganype@gmail.com\";s:12:\"your-subject\";s:51:\"Get more dofollow backlinks for audreehernandez.com\";s:12:\"your-message\";s:430:\"Hello \r\n \r\nWe all know the importance that dofollow link have on any website`s ranks. \r\nHaving most of your linkbase filled with nofollow ones is of no good for your ranks and SEO metrics. \r\n \r\nBuy quality dofollow links from us, that will impact your ranks in a positive way \r\nhttps:&#047;&#047;www.digital-x-press.com&#047;product&#047;150-dofollow-backlinks&#047; \r\n \r\nBest regards \r\nMike Miller\r\n \r\nsupport@digital-x-press.com\";s:6:\"submit\";s:6:\"Submit\";}','2021-08-23 21:34:06'),(7,405,'a:6:{s:12:\"cfdb7_status\";s:6:\"unread\";s:9:\"your-name\";s:13:\"Mike Winter\r\n\";s:10:\"your-email\";s:29:\"leonardharris3262@gmail.com\r\n\";s:12:\"your-subject\";s:38:\"Increase sales for audreehernandez.com\";s:12:\"your-message\";s:527:\"Hi there \r\n \r\nDo you want a quick boost in ranks and sales for your audreehernandez.com website? \r\nHaving a high DA score, always helps \r\n \r\nGet your audreehernandez.com to have a DA between 50 to 60 points in Moz with us today and rip the benefits of such a great feat. \r\n \r\nSee our offers here: \r\nhttps:&#047;&#047;www.monkeydigital.co&#047;product&#047;moz-da50-seo-plan&#047; \r\n \r\nNEW: \r\nhttps:&#047;&#047;www.monkeydigital.co&#047;product&#047;ahrefs-dr60&#047; \r\n \r\n \r\nthank you \r\nMike Winter\r\n \r\nsupport@monkeydigital.co\";s:6:\"submit\";s:6:\"Submit\";}','2021-08-28 00:19:21'),(8,405,'a:6:{s:12:\"cfdb7_status\";s:6:\"unread\";s:9:\"your-name\";s:14:\"Gabby Angelori\";s:10:\"your-email\";s:23:\"gafinan.c.ier@gmail.com\";s:12:\"your-subject\";s:31:\"Project&#047;Business financing\";s:12:\"your-message\";s:422:\"Dear Entrepreneur, \r\n \r\nI&#039;m Gabriel Angelo, My company can bridge funds for your new or ongoing business. do let me know when you receive this message for further procedure. \r\n \r\nWe also pay 1% commission to brokers and friends who introduce project owners for finance or other opportunities. \r\n \r\nYou can reach me directly using this email address: gabriel_angelo@nestalconsultants.com \r\n \r\nRegards, \r\nGabby Angelori\";s:6:\"submit\";s:6:\"Submit\";}','2021-09-02 21:19:36'),(9,405,'a:6:{s:12:\"cfdb7_status\";s:6:\"unread\";s:9:\"your-name\";s:11:\"Mike Keat\r\n\";s:10:\"your-email\";s:25:\"no-replyfreeddy@gmail.com\";s:12:\"your-subject\";s:27:\"Local SEO for more business\";s:12:\"your-message\";s:461:\"Hi \r\n \r\nWe will enhance your Local Ranks organically and safely, using only whitehat methods, while providing Google maps and website offsite work at the same time. \r\n \r\nPlease check our plans here, we offer Local SEO at cheap rates. \r\nhttps:&#047;&#047;speed-seo.net&#047;product&#047;local-seo-package&#047; \r\n \r\nNEW: \r\nhttps:&#047;&#047;www.speed-seo.net&#047;product&#047;zip-codes-gmaps-citations&#047; \r\n \r\nregards \r\nMike Keat\r\n \r\nSpeed SEO Digital Agency\";s:6:\"submit\";s:6:\"Submit\";}','2021-09-04 21:15:00'),(10,405,'a:6:{s:12:\"cfdb7_status\";s:6:\"unread\";s:9:\"your-name\";s:11:\"Donald Cole\";s:10:\"your-email\";s:18:\"lanj7962@gmail.com\";s:12:\"your-subject\";s:11:\"Partnership\";s:12:\"your-message\";s:318:\"Good day \r\n \r\nI`m seeking a reputable company&#047;individual to partner with in a \r\nmanner that would benefit both parties. The project is worth \r\n$24 Million so If interested, kindly contact me through this \r\nemail coledd11@clocdcolela.com for clarification. \r\n \r\nI await your response. \r\n \r\nThanks, \r\n \r\nDonald Cole\";s:6:\"submit\";s:6:\"Submit\";}','2021-09-22 08:53:11'),(11,405,'a:6:{s:12:\"cfdb7_status\";s:6:\"unread\";s:9:\"your-name\";s:13:\"Mike Austin\r\n\";s:10:\"your-email\";s:25:\"no-replyfreeddy@gmail.com\";s:12:\"your-subject\";s:27:\"Local SEO for more business\";s:12:\"your-message\";s:473:\"Good Day \r\n \r\nWe will improve your Local Ranks organically and safely, using only whitehat methods, while providing Google maps and website offsite work at the same time. \r\n \r\nPlease check our pricelist here, we offer Local SEO at cheap rates. \r\nhttps:&#047;&#047;speed-seo.net&#047;product&#047;local-seo-package&#047; \r\n \r\nNEW: \r\nhttps:&#047;&#047;www.speed-seo.net&#047;product&#047;zip-codes-gmaps-citations&#047; \r\n \r\nregards \r\nMike Austin\r\n \r\nSpeed SEO Digital Agency\";s:6:\"submit\";s:6:\"Submit\";}','2021-10-01 01:59:10'),(12,405,'a:6:{s:12:\"cfdb7_status\";s:6:\"unread\";s:9:\"your-name\";s:12:\"Ruggiero Len\";s:10:\"your-email\";s:25:\"stevenrobert261@gmail.com\";s:12:\"your-subject\";s:13:\"financial aid\";s:12:\"your-message\";s:437:\"We are a private financial management firm that specializes in securing financial assistance for start-up and large-sized businesses. \r\n \r\nWe are interested to provide you with financial funding for your business&#047;project real estate and debt consolidation, The interest rate is moderate. \r\n \r\nKindly get back to me for more information if you are interested. (lending@epsglobal-llc.com) \r\n \r\nRegards. \r\nRuggiero Len \r\nEPS GLOBAL LLC\";s:6:\"submit\";s:6:\"Submit\";}','2021-10-01 04:08:50'),(13,405,'a:6:{s:12:\"cfdb7_status\";s:6:\"unread\";s:9:\"your-name\";s:11:\"Donald Cole\";s:10:\"your-email\";s:18:\"lanj7962@gmail.com\";s:12:\"your-subject\";s:11:\"Partnership\";s:12:\"your-message\";s:281:\"Good day \r\n \r\nI contacted you some days back seeking your cooperation in a matter regarding funds worth $24 Million, I urge you to  get back to me through this email coledd11@cloedcolela.com if you&#039;re still interested. \r\n \r\nI await your response. \r\n \r\nThanks, \r\n \r\nDonald Cole\";s:6:\"submit\";s:6:\"Submit\";}','2021-10-03 01:04:37'),(14,405,'a:6:{s:12:\"cfdb7_status\";s:6:\"unread\";s:9:\"your-name\";s:15:\"Mike Thompson\r\n\";s:10:\"your-email\";s:25:\"no-replyfreeddy@gmail.com\";s:12:\"your-subject\";s:25:\"quality monthly SEO plans\";s:12:\"your-message\";s:572:\"Hi there \r\n \r\nI have just analyzed  audreehernandez.com for  the current search visibility and saw that your website could use an upgrade. \r\n \r\nWe will increase your SEO metrics and ranks organically and safely, using only whitehat methods, while providing monthly reports and outstanding support. \r\n \r\nPlease check our plans here, we offer SEO at cheap rates. \r\nhttps:&#047;&#047;www.hilkom-digital.de&#047;cheap-seo-packages&#047; \r\n \r\nStart increasing your sales and leads with us, today! \r\n \r\nregards \r\nMike Thompson\r\n \r\nHilkom Digital Team \r\nsupport@hilkom-digital.de\";s:6:\"submit\";s:6:\"Submit\";}','2021-10-09 12:51:36'),(15,405,'a:6:{s:12:\"cfdb7_status\";s:6:\"unread\";s:9:\"your-name\";s:14:\"Mike Baldwin\r\n\";s:10:\"your-email\";s:25:\"no-replyfreeddy@gmail.com\";s:12:\"your-subject\";s:51:\"Get more dofollow backlinks for audreehernandez.com\";s:12:\"your-message\";s:431:\"Hello \r\n \r\nWe all know the importance that dofollow link have on any website`s ranks. \r\nHaving most of your linkbase filled with nofollow ones is of no good for your ranks and SEO metrics. \r\n \r\nBuy quality dofollow links from us, that will impact your ranks in a positive way \r\nhttps:&#047;&#047;www.digital-x-press.com&#047;product&#047;150-dofollow-backlinks&#047; \r\n \r\nBest regards \r\nMike Baldwin\r\n \r\nsupport@digital-x-press.com\";s:6:\"submit\";s:6:\"Submit\";}','2021-10-09 19:21:11'),(16,405,'a:6:{s:12:\"cfdb7_status\";s:6:\"unread\";s:9:\"your-name\";s:14:\"Mike Derrick\r\n\";s:10:\"your-email\";s:25:\"no-replyfreeddy@gmail.com\";s:12:\"your-subject\";s:38:\"Increase sales for audreehernandez.com\";s:12:\"your-message\";s:529:\"Hi there \r\n \r\nDo you want a quick boost in ranks and sales for your audreehernandez.com website? \r\nHaving a high DA score, always helps \r\n \r\nGet your audreehernandez.com to have a DA between 50 to 60 points in Moz with us today and reap the benefits of such a great feat. \r\n \r\nSee our offers here: \r\nhttps:&#047;&#047;www.monkeydigital.co&#047;product&#047;moz-da50-seo-plan&#047; \r\n \r\nNEW: \r\nhttps:&#047;&#047;www.monkeydigital.co&#047;product&#047;ahrefs-dr60&#047; \r\n \r\n \r\nthank you \r\nMike Derrick\r\n \r\nsupport@monkeydigital.co\";s:6:\"submit\";s:6:\"Submit\";}','2021-10-21 07:14:17'),(17,405,'a:6:{s:12:\"cfdb7_status\";s:6:\"unread\";s:9:\"your-name\";s:7:\"NataTep\";s:10:\"your-email\";s:27:\"woodthighgire1988@gmail.com\";s:12:\"your-subject\";s:12:\"Hello Admin!\";s:12:\"your-message\";s:89:\" \r\nWho want to see my nudes? https:&#047;&#047;localchicks3.com&#047;?u=41nkd08&o=8dhpkzk\";s:6:\"submit\";s:6:\"Submit\";}','2021-10-24 22:04:36'),(18,405,'a:6:{s:12:\"cfdb7_status\";s:6:\"unread\";s:9:\"your-name\";s:11:\"Mike King\r\n\";s:10:\"your-email\";s:25:\"no-replyfreeddy@gmail.com\";s:12:\"your-subject\";s:27:\"Local SEO for more business\";s:12:\"your-message\";s:465:\"Howdy \r\n \r\nWe will increase your Local Ranks organically and safely, using only whitehat methods, while providing Google maps and website offsite work at the same time. \r\n \r\nPlease check our plans here, we offer Local SEO at cheap rates. \r\nhttps:&#047;&#047;speed-seo.net&#047;product&#047;local-seo-package&#047; \r\n \r\nNEW: \r\nhttps:&#047;&#047;www.speed-seo.net&#047;product&#047;zip-codes-gmaps-citations&#047; \r\n \r\nregards \r\nMike King\r\n \r\nSpeed SEO Digital Agency\";s:6:\"submit\";s:6:\"Submit\";}','2021-10-30 15:31:49'),(19,405,'a:6:{s:12:\"cfdb7_status\";s:6:\"unread\";s:9:\"your-name\";s:8:\"Jamesmit\";s:10:\"your-email\";s:29:\"no-replyemponganype@gmail.com\";s:12:\"your-subject\";s:51:\"The best advertising of your products and services!\";s:12:\"your-message\";s:802:\"Hello!  audreehernandez.com \r\n \r\nWe make available \r\n \r\nSending your business proposition through the Contact us form which can be found on the sites in the contact section. Feedback forms are filled in by our software and the captcha is solved. The advantage of this method is that messages sent through feedback forms are whitelisted. This method increases the odds that your message will be open. \r\n \r\nOur database contains more than 27 million sites around the world to which we can send your message. \r\n \r\nThe cost of one million messages 49 USD \r\n \r\nFREE TEST mailing Up to 50,000 messages. \r\n \r\n \r\nThis offer is created automatically.  Use our contacts for communication. \r\n \r\nContact us. \r\nTelegram - @FeedbackMessages \r\nSkype  live:contactform_18 \r\nWhatsApp - +375259112693 \r\nWe only use chat.\";s:6:\"submit\";s:6:\"Submit\";}','2021-11-04 19:49:35'),(20,405,'a:6:{s:12:\"cfdb7_status\";s:6:\"unread\";s:9:\"your-name\";s:10:\"David Song\";s:10:\"your-email\";s:22:\"noreply@googlemail.com\";s:12:\"your-subject\";s:15:\"PROJECT FUNDING\";s:12:\"your-message\";s:615:\"Hello, \r\nThis is a consultancy and brokerage Firm specializing in Growth Financial Loan and Equity Funding Investments. We specialize in investments in all Private and public sectors in a broad range of areas within our Financial Investment Services. We are experts in financial and operational management, due diligence and capital planning in all markets and industries. \r\nOur Investors wish to invest in any viable Project presented by your Management after reviews on your Business Project Presentation Plan. We look forward to your Swift response. \r\n \r\nRegards, \r\nMr. David Song \r\nEmail:davidsong2030@gmail.com\";s:6:\"submit\";s:6:\"Submit\";}','2021-11-05 21:09:49'),(21,405,'a:6:{s:12:\"cfdb7_status\";s:6:\"unread\";s:9:\"your-name\";s:13:\"Mike Holmes\r\n\";s:10:\"your-email\";s:25:\"no-replyfreeddy@gmail.com\";s:12:\"your-subject\";s:28:\"affordable monthly SEO plans\";s:12:\"your-message\";s:551:\"Howdy \r\n \r\nI have just analyzed  audreehernandez.com for its SEO metrics and saw that your website could use a boost. \r\n \r\nWe will enhance your SEO metrics and ranks organically and safely, using only whitehat methods, while providing monthly reports and outstanding support. \r\n \r\nPlease check our services below, we offer SEO at cheap rates. \r\nhttps:&#047;&#047;www.hilkom-digital.de&#047;cheap-seo-packages&#047; \r\n \r\nStart improving your sales and leads with us, today! \r\n \r\nregards \r\nMike Holmes\r\n \r\nHilkom Digital Team \r\nsupport@hilkom-digital.de\";s:6:\"submit\";s:6:\"Submit\";}','2021-11-06 07:57:03'),(22,405,'a:5:{s:12:\"cfdb7_status\";s:6:\"unread\";s:9:\"your-name\";s:5:\"Jenny\";s:10:\"your-email\";s:19:\"jenny@foremedia.net\";s:12:\"your-subject\";s:51:\"Best Ad Network For Publishers And Bloggers In 2021\";s:12:\"your-message\";s:1456:\"Hey, I visited your site and I think that your content is amazing! It is really engaging and original, you must have worked so hard to generate such a quality content. We are ForeMedia and we help website owners with great websites to maximize the revenue they make from their website. I would love to buy Ad Spaces on your website and pay you per each impression of the ads on your site. We are Google Ad Exchange Premium partners and we work with more than 100 Ad Network & thousands of premium direct advertisers who would LOVE to buy Ads directly from your site and we can guarantee to increase your revenue by at least 45% compared to other advertising solutions you are currently using. You deserve to earn more for your content and maximize your earning potential and I will help you unlock that potential! There is no cost, you can register to our monetization platform for free on this link: https:&#047;&#047;foremedia.net&#047;start I will be available for you on the Live Chat if you need any help, or you can email me back to: jenny@foremedia.net if you have any questions. I have at least 17 Premium Advertisers that have asked me to approach you because they would like to advertise on your website on Premium eCPM [cost per impressions] basis. Have a good day & feel free to ping me for any question! Click the link here for 1 minute registration to our platform [it&#039;s free!]: https:&#047;&#047;go.foremedia.net&#047;u&#047;start&#047;\";}','2021-11-14 08:56:33'),(23,405,'a:6:{s:12:\"cfdb7_status\";s:6:\"unread\";s:9:\"your-name\";s:11:\"Mike Ciulla\";s:10:\"your-email\";s:23:\"webgeeksgroup@gmail.com\";s:12:\"your-subject\";s:18:\"Your website is...\";s:12:\"your-message\";s:1138:\"Hi, I stumbled on audreehernandez.com yesterday and love the design. What platform is it made with? WordPress? \r\n \r\nHowever, I noticed your site appeared a bit low on Google search results. \r\n \r\nI manage several large websites and utilize a few services that really help me SEO rank sites and get more traffic. \r\n \r\nCheck them out, as they can really help your website&#047;business grow. Missing them out will cost you big in the long-run... \r\n \r\n1. KeywordRevealer: ( https:&#047;&#047;www.keywordrevealer.com?fp_ref=more-traffic ) - this tool is perfect for understanding the keywords you should be adding to your website and content. It helps you understand what keywords your competitors are adding and how to better rank your site. Also use code: KRNEW50 for 50% if you go with the pro&#047;elite plan. Limited amount of spots.  \r\n \r\n2. WebGeeks: ( https:&#047;&#047;webgeeks.club&#047; ) - If you are interested in getting valuable tips on growing your site, which we charge for, we are accepting 100 new members this month. Join our club list today before spots fill up by tomorrow, which is completely free.  \r\n \r\nMike Ciulla\";s:6:\"submit\";s:6:\"Submit\";}','2021-11-15 06:54:37'),(24,405,'a:6:{s:12:\"cfdb7_status\";s:6:\"unread\";s:9:\"your-name\";s:13:\"Mike Nathan\r\n\";s:10:\"your-email\";s:25:\"no-replyfreeddy@gmail.com\";s:12:\"your-subject\";s:32:\"Strengthen your Domain Authority\";s:12:\"your-message\";s:491:\"Hi there \r\n \r\nDo you want a quick boost in ranks and sales for your website? \r\nHaving a high DA score, always helps \r\n \r\nGet your audreehernandez.com to have a DA between 50 to 60 points in Moz with us today and reap the benefits of such a great feat. \r\n \r\nSee our offers here: \r\nhttps:&#047;&#047;www.strictlydigital.net&#047;product&#047;moz-da50-seo-plan&#047; \r\n \r\nOn SALE: \r\nhttps:&#047;&#047;www.strictlydigital.net&#047;product&#047;ahrefs-dr60&#047; \r\n \r\n \r\nThank you \r\nMike Nathan\r\n\";s:6:\"submit\";s:6:\"Submit\";}','2021-11-18 18:26:34'),(25,405,'a:6:{s:12:\"cfdb7_status\";s:6:\"unread\";s:9:\"your-name\";s:12:\"David Holman\";s:10:\"your-email\";s:24:\"davidholman200@gmail.com\";s:12:\"your-subject\";s:17:\"Bachelor  degrees\";s:12:\"your-message\";s:487:\"We are a Team of IT Experts specialized in the production of Real and authentic Documents such as Passport, Driving License , Diploma Certificates, PhD&#039;s, \r\nIELTS Certificate, Bachelor  degrees, NCLEX Certificate, MBA, ID Cards, SS Cards, Associate Certificate, University Certificates, Green Cards, Death Certificate, Master Degree, Working Permits, Visa&#039;s etc. Contact us on WhatsApp for more information +49 1590 2969018. or Email us at... documentsservicesexperts@gmail.com\";s:6:\"submit\";s:6:\"Submit\";}','2021-11-19 10:31:51'),(26,405,'a:5:{s:12:\"cfdb7_status\";s:6:\"unread\";s:9:\"your-name\";s:11:\"Brittany B.\";s:10:\"your-email\";s:15:\"adi@ndmails.com\";s:12:\"your-subject\";s:11:\"Design Work\";s:12:\"your-message\";s:349:\"Just wanted to ask if you would be interested in getting external help with graphic design? We do all design work like banners, advertisements, photo edits, logos, flyers, etc. for a fixed monthly fee. \r\n\r\nWe don&#039;t charge for each task. What kind of work do you need on a regular basis? Let me know and I&#039;ll share my portfolio with you.\r\n \";}','2021-11-22 11:27:51'),(27,405,'a:6:{s:12:\"cfdb7_status\";s:6:\"unread\";s:9:\"your-name\";s:13:\"Roberts Zuluf\";s:10:\"your-email\";s:17:\"rfzuluf@gmail.com\";s:12:\"your-subject\";s:19:\"Trying to Reach you\";s:12:\"your-message\";s:281:\"Hi \r\nHow are you? I wanted to reach out to you and verify that email was a good way to reach you or We can discuss this via the telephone,WhatsApp only. +90 555 140 8097 or contact@frzuluf.com \r\nI count in your honor for a quick response for a good deal. \r\nRegards, \r\nRoberts Zuluf\";s:6:\"submit\";s:6:\"Submit\";}','2021-11-26 04:47:25'),(28,405,'a:6:{s:12:\"cfdb7_status\";s:6:\"unread\";s:9:\"your-name\";s:14:\"Mike Stephen\r\n\";s:10:\"your-email\";s:25:\"no-replyfreeddy@gmail.com\";s:12:\"your-subject\";s:27:\"Local SEO for more business\";s:12:\"your-message\";s:471:\"Howdy \r\n \r\nWe will improve your Local Ranks organically and safely, using only whitehat methods, while providing Google maps and website offsite work at the same time. \r\n \r\nPlease check our pricelist here, we offer Local SEO at cheap rates. \r\nhttps:&#047;&#047;speed-seo.net&#047;product&#047;local-seo-package&#047; \r\n \r\nNEW: \r\nhttps:&#047;&#047;www.speed-seo.net&#047;product&#047;zip-codes-gmaps-citations&#047; \r\n \r\nregards \r\nMike Stephen\r\n \r\nSpeed SEO Digital Agency\";s:6:\"submit\";s:6:\"Submit\";}','2021-11-27 15:56:54'),(29,405,'a:6:{s:12:\"cfdb7_status\";s:6:\"unread\";s:9:\"your-name\";s:14:\"Mike Carroll\r\n\";s:10:\"your-email\";s:25:\"no-replyfreeddy@gmail.com\";s:12:\"your-subject\";s:26:\"whitehat monthly SEO plans\";s:12:\"your-message\";s:580:\"Greetings \r\n \r\nI have just verified your SEO on  audreehernandez.com for the ranking keywords and saw that your website could use an upgrade. \r\n \r\nWe will increase your SEO metrics and ranks organically and safely, using only whitehat methods, while providing monthly reports and outstanding support. \r\n \r\nPlease check our services below, we offer SEO at cheap rates. \r\nhttps:&#047;&#047;www.hilkom-digital.de&#047;cheap-seo-packages&#047; \r\n \r\nStart enhancing your sales and leads with us, today! \r\n \r\n \r\nregards \r\nMike Carroll\r\n \r\nHilkom Digital Team \r\nsupport@hilkom-digital.de\";s:6:\"submit\";s:6:\"Submit\";}','2021-11-29 11:39:53'),(30,405,'a:6:{s:12:\"cfdb7_status\";s:6:\"unread\";s:9:\"your-name\";s:13:\"Mike Benson\r\n\";s:10:\"your-email\";s:25:\"no-replyfreeddy@gmail.com\";s:12:\"your-subject\";s:51:\"Get more dofollow backlinks for audreehernandez.com\";s:12:\"your-message\";s:430:\"Hello \r\n \r\nWe all know the importance that dofollow link have on any website`s ranks. \r\nHaving most of your linkbase filled with nofollow ones is of no good for your ranks and SEO metrics. \r\n \r\nBuy quality dofollow links from us, that will impact your ranks in a positive way \r\nhttps:&#047;&#047;www.digital-x-press.com&#047;product&#047;150-dofollow-backlinks&#047; \r\n \r\nBest regards \r\nMike Benson\r\n \r\nsupport@digital-x-press.com\";s:6:\"submit\";s:6:\"Submit\";}','2021-12-07 09:13:07'),(31,405,'a:6:{s:12:\"cfdb7_status\";s:6:\"unread\";s:9:\"your-name\";s:13:\"Carlos Becker\";s:10:\"your-email\";s:22:\"sanocarlos96@gmail.com\";s:12:\"your-subject\";s:40:\"If You Need Money Right Now, Look Inside\";s:12:\"your-message\";s:311:\"Dear Business Owner \r\nBusiness is unpredictable. If you need cash right now we can help. \r\nFrom $25,000 to $2,000,000 \r\nVisit: cashyes.us \r\nTo see if you qualify: \r\nThat’s it! \r\nQuestions: Call or text me. \r\nCarlos \r\nDIRECT: 917 – 650 – 792five \r\nPlease don&#039;t email me. I don&#039;t check this email.\";s:6:\"submit\";s:6:\"Submit\";}','2021-12-11 15:38:07'),(32,405,'a:6:{s:12:\"cfdb7_status\";s:6:\"unread\";s:9:\"your-name\";s:10:\"JAMES COOK\";s:10:\"your-email\";s:22:\"james_cook78@yahoo.com\";s:12:\"your-subject\";s:9:\"Loan @ 3%\";s:12:\"your-message\";s:428:\"Dear sir&#047;ma \r\nWe are a finance and investment company offering loans at 3% interest rate. We will be happy to make a loan available to your organisation for your project. Our terms and conditions will apply. Our term sheet&#047;loan agreement will be sent to you for review, when we hear from you. Please reply to this email ONLY cookj5939@gmail.com \r\n \r\nRegards. \r\nJames Cook \r\nChairman & CEO Euro Finance & Commercial Ltd\";s:6:\"submit\";s:6:\"Submit\";}','2021-12-14 15:14:36'),(33,405,'a:6:{s:12:\"cfdb7_status\";s:6:\"unread\";s:9:\"your-name\";s:13:\"Mike Ralphs\r\n\";s:10:\"your-email\";s:25:\"no-replyfreeddy@gmail.com\";s:12:\"your-subject\";s:39:\"DA60+ for audreehernandez.com with -35%\";s:12:\"your-message\";s:701:\"Good Day \r\n \r\nDo you want a quick boost in ranks and sales for your website? \r\nHaving a high DA score, always helps \r\n \r\nApply this -35% code ( MEGAPROMOTER ) while getting your audreehernandez.com to have a DA above 60 points in Moz with us today and reap the benefits of such a great feat at an affordable rate. \r\n \r\n \r\n \r\nSee our offers here: \r\nhttps:&#047;&#047;www.strictlydigital.net&#047;product&#047;moz-da50-seo-plan&#047; \r\nhttps:&#047;&#047;www.strictlydigital.net&#047;product&#047;moz-da60-seo-plan&#047; \r\n \r\nNEW: ahrefs DR70 is now possible: \r\nhttps:&#047;&#047;www.strictlydigital.net&#047;product&#047;ahrefs-seo-plan&#047; \r\n \r\n \r\nThank you \r\nMike Ralphs\r\n \r\nmike@strictlydigital.net\";s:6:\"submit\";s:6:\"Submit\";}','2021-12-17 07:55:15'),(34,405,'a:6:{s:12:\"cfdb7_status\";s:6:\"unread\";s:9:\"your-name\";s:13:\"Kevin Johnson\";s:10:\"your-email\";s:21:\"tbformleads@gmail.com\";s:12:\"your-subject\";s:11:\"Here you go\";s:12:\"your-message\";s:773:\"Hello \r\n \r\nMy main objective here, is to help increase revenue for you by producing an animated video that will generate leads and sales for your business 24&#047;7, for just $97. \r\n \r\nBut this offer is only good this week, so get your video before the deadline. \r\n \r\nWatch Our Video Now! https:&#047;&#047;bit.ly&#047;Xpress97offer \r\n \r\nFor less than you spend on coffee each month you get an American Owned Video company that can write your script, create your story board, lay-in a good soundtrack and produce an awesome video that brings home the bacon. \r\n \r\nAgain, this $97 promotion is for this week only. Don’t miss out!!! \r\n \r\nI’m in, show me what you got. https:&#047;&#047;bit.ly&#047;Xpress97offer \r\n \r\nBest, \r\n \r\nKevin Johnson \r\nBusiness Development Manager\";s:6:\"submit\";s:6:\"Submit\";}','2021-12-20 20:06:36'),(35,405,'a:6:{s:12:\"cfdb7_status\";s:6:\"unread\";s:9:\"your-name\";s:12:\"Mike Carey\r\n\";s:10:\"your-email\";s:25:\"no-replyfreeddy@gmail.com\";s:12:\"your-subject\";s:27:\"Local SEO for more business\";s:12:\"your-message\";s:462:\"Hi \r\n \r\nWe will improve your Local Ranks organically and safely, using only whitehat methods, while providing Google maps and website offsite work at the same time. \r\n \r\nPlease check our plans here, we offer Local SEO at cheap rates. \r\nhttps:&#047;&#047;speed-seo.net&#047;product&#047;local-seo-package&#047; \r\n \r\nNEW: \r\nhttps:&#047;&#047;www.speed-seo.net&#047;product&#047;zip-codes-gmaps-citations&#047; \r\n \r\nregards \r\nMike Carey\r\n \r\nSpeed SEO Digital Agency\";s:6:\"submit\";s:6:\"Submit\";}','2021-12-23 23:33:37'),(36,405,'a:6:{s:12:\"cfdb7_status\";s:6:\"unread\";s:9:\"your-name\";s:12:\"Mike Baker\r\n\";s:10:\"your-email\";s:25:\"no-replyfreeddy@gmail.com\";s:12:\"your-subject\";s:23:\"cheap monthly SEO plans\";s:12:\"your-message\";s:577:\"Hi there \r\n \r\nI have just took a look on your SEO for  audreehernandez.com for its SEO Trend and saw that your website could use an upgrade. \r\n \r\nWe will enhance your SEO metrics and ranks organically and safely, using only whitehat methods, while providing monthly reports and outstanding support. \r\n \r\nPlease check our services below, we offer SEO at cheap rates. \r\nhttps:&#047;&#047;www.hilkom-digital.de&#047;cheap-seo-packages&#047; \r\n \r\nStart increasing your sales and leads with us, today! \r\n \r\n \r\nregards \r\nMike Baker\r\n \r\nHilkom Digital Team \r\nsupport@hilkom-digital.de\";s:6:\"submit\";s:6:\"Submit\";}','2021-12-27 23:17:34'),(37,405,'a:6:{s:12:\"cfdb7_status\";s:6:\"unread\";s:9:\"your-name\";s:8:\"Marty T.\";s:10:\"your-email\";s:29:\"fairwaypaymarketing@gmail.com\";s:12:\"your-subject\";s:27:\"How To Speed Up Receivables\";s:12:\"your-message\";s:639:\"Hello, \r\n \r\nI wanted you to know about the new system we created that lets you send and receive eChecks by email in minutes. \r\n \r\nOur system was designed to; \r\n \r\n-Save businesses time and money \r\n-Avoid merchant service fees \r\n-Share Our Echecks with business or clients that owe you money! \r\n- Send eChecks and save hours a week (no more envelopes and mailing) \r\n- Customers can pay by eCheck (No more waiting for Cash) \r\n \r\nWith Fairway pay, you can simplify your payables and speedup your receivables. \r\n \r\n \r\nWatch Our Video Here To Learn More https:&#047;&#047;bit.ly&#047;fwp30DayTrial \r\n \r\nMarty T. \r\nFairWayPay – Marketing Dept.\";s:6:\"submit\";s:6:\"Submit\";}','2021-12-28 16:39:55'),(38,405,'a:6:{s:12:\"cfdb7_status\";s:6:\"unread\";s:9:\"your-name\";s:6:\"Daniel\";s:10:\"your-email\";s:45:\"support@newlightdigital.com.hubspot-inbox.com\";s:12:\"your-subject\";s:65:\"Let’s chat: A special offer to get more clients buying from you\";s:12:\"your-message\";s:910:\"Hi there, \r\n \r\nHappy New Year! \r\n \r\nAfter a long year, people are ready to find the best businesses online. They’re searching for your services on Google, and engaging with your competitors on social media. \r\n \r\nLet’s talk about making it easy for them to find you with a special offer of a $400 monthly social media posting plan, or our monthly search engine optimization package. \r\n \r\nWhen do you have time today to discuss the details? Schedule a call with me here: https:&#047;&#047;bit.ly&#047;3EHwPZX \r\n \r\nBest, \r\nDaniel \r\n \r\n-- \r\n \r\nDaniel Todercan \r\nOwner, New Light Digital | P: 917-744-9170 \r\nFacebook Ads, Google Ads, Hubspot Certified \r\nOur Blog here: https:&#047;&#047;bit.ly&#047;3z9a286 \r\nOur Success Stories here: https:&#047;&#047;bit.ly&#047;3qALn8D \r\nSchedule a call with me here: https:&#047;&#047;bit.ly&#047;3EHwPZX \r\n \r\nLearn more about us here: https:&#047;&#047;bit.ly&#047;3zc6P7V\";s:6:\"submit\";s:6:\"Submit\";}','2021-12-31 04:11:53'),(39,405,'a:6:{s:12:\"cfdb7_status\";s:6:\"unread\";s:9:\"your-name\";s:13:\"Mike Wesley\r\n\";s:10:\"your-email\";s:25:\"no-replyfreeddy@gmail.com\";s:12:\"your-subject\";s:51:\"Get more dofollow backlinks for audreehernandez.com\";s:12:\"your-message\";s:430:\"Hello \r\n \r\nWe all know the importance that dofollow link have on any website`s ranks. \r\nHaving most of your linkbase filled with nofollow ones is of no good for your ranks and SEO metrics. \r\n \r\nBuy quality dofollow links from us, that will impact your ranks in a positive way \r\nhttps:&#047;&#047;www.digital-x-press.com&#047;product&#047;150-dofollow-backlinks&#047; \r\n \r\nBest regards \r\nMike Wesley\r\n \r\nsupport@digital-x-press.com\";s:6:\"submit\";s:6:\"Submit\";}','2022-01-08 15:35:02'),(40,405,'a:6:{s:12:\"cfdb7_status\";s:6:\"unread\";s:9:\"your-name\";s:7:\"NataTep\";s:10:\"your-email\";s:27:\"woodthighgire1988@gmail.com\";s:12:\"your-subject\";s:12:\"Hello Admin!\";s:12:\"your-message\";s:115:\" \r\nI am looking for sex, but do you want? Come in here https:&#047;&#047;localchicks3.com&#047;?u=41nkd08&o=8dhpkzk\";s:6:\"submit\";s:6:\"Submit\";}','2022-01-10 17:22:34'),(41,405,'a:6:{s:12:\"cfdb7_status\";s:6:\"unread\";s:9:\"your-name\";s:14:\"Mike Gilmore\r\n\";s:10:\"your-email\";s:25:\"no-replyfreeddy@gmail.com\";s:12:\"your-subject\";s:38:\"Increase sales for audreehernandez.com\";s:12:\"your-message\";s:284:\"Greetings \r\n \r\nIf you&#039;ll ever need a permanent increase in your website&#039;s Domain Authority score, We can help. \r\n \r\nMore info: \r\nhttps:&#047;&#047;www.strictlydigital.net&#047;product&#047;moz-da50-seo-plan&#047; \r\n \r\n \r\nThank you \r\nMike Gilmore\r\n \r\nmike@strictlydigital.net\";s:6:\"submit\";s:6:\"Submit\";}','2022-01-14 16:05:53'),(42,405,'a:6:{s:12:\"cfdb7_status\";s:6:\"unread\";s:9:\"your-name\";s:11:\"Mike Ward\r\n\";s:10:\"your-email\";s:25:\"no-replyfreeddy@gmail.com\";s:12:\"your-subject\";s:27:\"Local SEO for more business\";s:12:\"your-message\";s:472:\"Hi there \r\n \r\nWe will increase your Local Ranks organically and safely, using only whitehat methods, while providing Google maps and website offsite work at the same time. \r\n \r\nPlease check our services below, we offer Local SEO at cheap rates. \r\nhttps:&#047;&#047;speed-seo.net&#047;product&#047;local-seo-package&#047; \r\n \r\nNEW: \r\nhttps:&#047;&#047;www.speed-seo.net&#047;product&#047;zip-codes-gmaps-citations&#047; \r\n \r\nregards \r\nMike Ward\r\n \r\nSpeed SEO Digital Agency\";s:6:\"submit\";s:6:\"Submit\";}','2022-01-21 19:56:42'),(43,405,'a:6:{s:12:\"cfdb7_status\";s:6:\"unread\";s:9:\"your-name\";s:14:\"Sara Vincent\r\n\";s:10:\"your-email\";s:29:\"no-replyemponganype@gmail.com\";s:12:\"your-subject\";s:51:\"The best advertising of your products and services!\";s:12:\"your-message\";s:805:\"Hello!  audreehernandez.com \r\n \r\nWe make available \r\n \r\nSending your commercial offer through the Contact us form which can be found on the sites in the contact section. Feedback forms are filled in by our application and the captcha is solved. The advantage of this method is that messages sent through feedback forms are whitelisted. This method increases the chances that your message will be read. \r\n \r\nOur database contains more than 27 million sites around the world to which we can send your message. \r\n \r\nThe cost of one million messages 49 USD \r\n \r\nFREE TEST mailing Up to 50,000 messages. \r\n \r\n \r\nThis letter is created automatically.  Use our contacts for communication. \r\n \r\nContact us. \r\nTelegram - @FeedbackMessages \r\nSkype  live:contactform_18 \r\nWhatsApp - +375259112693 \r\nWe only use chat.\";s:6:\"submit\";s:6:\"Submit\";}','2022-01-24 16:44:49'),(44,405,'a:6:{s:12:\"cfdb7_status\";s:6:\"unread\";s:9:\"your-name\";s:5:\"coort\";s:10:\"your-email\";s:17:\"nfntwrk@gmail.com\";s:12:\"your-subject\";s:21:\"Offer of cooperation.\";s:12:\"your-message\";s:944:\"Good day! \r\nMy name is Lee. My letter is addressed to the owner of this website. I am a partner of SocHelping - The new international network of mutual financial support. \r\nService is designed to ensure that everyone who wants to improve their financial situation, could get support from other people around the world! Working Marketing allows you to develop a business structure with profits up to $500,000. I am building my business and I invite You to become part of this Financial Structure! I think You will be interested in this proposal, which includes help from partners, that is, I will participate in the development of Your business. \r\nAll the information is on the website! In the Promo section You can find promotional materials for advertising! All questions You can ask in the support section. \r\nThis is the best solution at the beginning of 2022! Happy to cooperate! \r\nhttps:&#047;&#047;sochelping.com&#047;p&#047;Umbrella \r\n \r\n\";s:6:\"submit\";s:6:\"Submit\";}','2022-01-26 01:16:07'),(45,405,'a:6:{s:12:\"cfdb7_status\";s:6:\"unread\";s:9:\"your-name\";s:12:\"Mike Baker\r\n\";s:10:\"your-email\";s:25:\"no-replyfreeddy@gmail.com\";s:12:\"your-subject\";s:51:\"Get more dofollow backlinks for audreehernandez.com\";s:12:\"your-message\";s:429:\"Hello \r\n \r\nWe all know the importance that dofollow link have on any website`s ranks. \r\nHaving most of your linkbase filled with nofollow ones is of no good for your ranks and SEO metrics. \r\n \r\nBuy quality dofollow links from us, that will impact your ranks in a positive way \r\nhttps:&#047;&#047;www.digital-x-press.com&#047;product&#047;150-dofollow-backlinks&#047; \r\n \r\nBest regards \r\nMike Baker\r\n \r\nsupport@digital-x-press.com\";s:6:\"submit\";s:6:\"Submit\";}','2022-01-26 15:56:28'),(46,405,'a:6:{s:12:\"cfdb7_status\";s:6:\"unread\";s:9:\"your-name\";s:13:\"Mike Wilson\r\n\";s:10:\"your-email\";s:25:\"no-replyfreeddy@gmail.com\";s:12:\"your-subject\";s:25:\"quality monthly SEO plans\";s:12:\"your-message\";s:553:\"Hi there \r\n \r\nI have just checked  audreehernandez.com for its SEO metrics and saw that your website could use a boost. \r\n \r\nWe will enhance your SEO metrics and ranks organically and safely, using only whitehat methods, while providing monthly reports and outstanding support. \r\n \r\nPlease check our plans here, we offer SEO at cheap rates. \r\nhttps:&#047;&#047;www.hilkom-digital.de&#047;cheap-seo-packages&#047; \r\n \r\nStart increasing your sales and leads with us, today! \r\n \r\n \r\nregards \r\nMike Wilson\r\n \r\nHilkom Digital Team \r\nsupport@hilkom-digital.de\";s:6:\"submit\";s:6:\"Submit\";}','2022-01-26 18:14:24'),(47,405,'a:6:{s:12:\"cfdb7_status\";s:6:\"unread\";s:9:\"your-name\";s:13:\"Kevin Johnson\";s:10:\"your-email\";s:21:\"tbformleads@gmail.com\";s:12:\"your-subject\";s:11:\"Here you go\";s:12:\"your-message\";s:777:\"Hello \r\n \r\nMy main objective here, is to help increase revenue for you by producing an animated video that will generate leads and sales for your business 24&#047;7, for just $97. \r\n \r\nBut this offer is only good this week, so get your video before the deadline. \r\n \r\nWatch Our Video Now!   https:&#047;&#047;bit.ly&#047;Xpress97offer \r\n \r\nFor less than you spend on coffee each month you get an American Owned Video company that can write your script, create your story board, lay-in a good soundtrack and produce an awesome video that brings home the bacon. \r\n \r\nAgain, this $97 promotion is for this week only. Don’t miss out!!! \r\n \r\nI’m in, show me what you got.   https:&#047;&#047;bit.ly&#047;Xpress97offer \r\n \r\nBest, \r\n \r\nKevin Johnson \r\nBusiness Development Manager\";s:6:\"submit\";s:6:\"Submit\";}','2022-01-28 23:26:43'),(48,405,'a:6:{s:12:\"cfdb7_status\";s:6:\"unread\";s:9:\"your-name\";s:14:\"Mike Clapton\r\n\";s:10:\"your-email\";s:25:\"no-replyfreeddy@gmail.com\";s:12:\"your-subject\";s:42:\"Competitors not playing the SEO game fair?\";s:12:\"your-message\";s:206:\"Negative SEO attack Services. Deindex bad competitors from Google. It works with any Website, video, blog, product or service. \r\nhttps:&#047;&#047;www.seo-treff.de&#047;product&#047;derank-seo-service&#047;\";s:6:\"submit\";s:6:\"Submit\";}','2022-02-02 17:37:24'),(49,405,'a:6:{s:12:\"cfdb7_status\";s:6:\"unread\";s:9:\"your-name\";s:14:\"EliltendaAlush\";s:10:\"your-email\";s:31:\"Belindahep1980@oee.yandexx.info\";s:12:\"your-subject\";s:31:\"Рейтинги техники\";s:12:\"your-message\";s:71:\"[url=https:&#047;&#047;tehnoreiting.ru&#047;]tehnoreiting.ru[&#047;url]\";s:6:\"submit\";s:6:\"Submit\";}','2022-02-08 15:58:23'),(50,405,'a:6:{s:12:\"cfdb7_status\";s:6:\"unread\";s:9:\"your-name\";s:17:\"Mike Wainwright\r\n\";s:10:\"your-email\";s:25:\"no-replyfreeddy@gmail.com\";s:12:\"your-subject\";s:25:\"quality monthly SEO plans\";s:12:\"your-message\";s:581:\"Hello \r\n \r\nI have just took an in depth look on your  audreehernandez.com for its SEO Trend and saw that your website could use an upgrade. \r\n \r\nWe will enhance your SEO metrics and ranks organically and safely, using only whitehat methods, while providing monthly reports and outstanding support. \r\n \r\nPlease check our pricelist here, we offer SEO at cheap rates. \r\nhttps:&#047;&#047;www.hilkom-digital.de&#047;cheap-seo-packages&#047; \r\n \r\nStart increasing your sales and leads with us, today! \r\n \r\n \r\nregards \r\nMike Wainwright\r\n \r\nHilkom Digital Team \r\nsupport@hilkom-digital.de\";s:6:\"submit\";s:6:\"Submit\";}','2022-02-25 21:52:30'),(51,405,'a:5:{s:12:\"cfdb7_status\";s:6:\"unread\";s:9:\"your-name\";s:15:\"Jacquie Pulliam\";s:10:\"your-email\";s:23:\"jacquie@topdatalist.com\";s:12:\"your-subject\";s:29:\"TopDataList.com Shutting Down\";s:12:\"your-message\";s:182:\"Hello.\r\n\r\nIt is with sad regret to inform you TopDataList.com is shutting down.\r\n\r\nWe have made all our databases available for you for a once off fee.\r\n\r\nVisit us on TopDataList.com\";}','2022-04-19 13:40:27'),(52,405,'a:6:{s:12:\"cfdb7_status\";s:6:\"unread\";s:9:\"your-name\";s:16:\"Mike Thorndike\r\n\";s:10:\"your-email\";s:25:\"no-replyfreeddy@gmail.com\";s:12:\"your-subject\";s:28:\"affordable monthly SEO plans\";s:12:\"your-message\";s:578:\"Hi there \r\n \r\nI have just verified your SEO on  audreehernandez.com for the ranking keywords and saw that your website could use a push. \r\n \r\nWe will increase your SEO metrics and ranks organically and safely, using only whitehat methods, while providing monthly reports and outstanding support. \r\n \r\nPlease check our pricelist here, we offer SEO at cheap rates. \r\nhttps:&#047;&#047;www.hilkom-digital.de&#047;cheap-seo-packages&#047; \r\n \r\nStart increasing your sales and leads with us, today! \r\n \r\n \r\nregards \r\nMike Thorndike\r\n \r\nHilkom Digital Team \r\nsupport@hilkom-digital.de\";s:6:\"submit\";s:6:\"Submit\";}','2022-04-24 12:22:01'),(53,405,'a:5:{s:12:\"cfdb7_status\";s:6:\"unread\";s:9:\"your-name\";s:6:\"Mittie\";s:10:\"your-email\";s:30:\"lontl.guestservices@hilton.com\";s:12:\"your-subject\";s:34:\"Best Offer For audreehernandez.com\";s:12:\"your-message\";s:399:\"Hello there \r\n\r\nDon&#039;t you hate carrying a big bulky backpack when you are only going out for the day? This high quality shoulder bag solves that problem. \r\nCarry enough without bogging yourself down! Perfect for that fishing trip or day hike!\r\n\r\n50% OFF for the next 24 Hours ONLY + FREE Worldwide Shipping for a LIMITED time\r\n\r\nBuy now: https:&#047;&#047;fashionbag.sale\r\n\r\nRegards, \r\n\r\nMittie\";}','2022-04-29 00:07:16'),(54,405,'a:6:{s:12:\"cfdb7_status\";s:6:\"unread\";s:9:\"your-name\";s:10:\"IsabellaEr\";s:10:\"your-email\";s:20:\"isabellaEr@yahoo.com\";s:12:\"your-subject\";s:38:\"Cаn I find herе ѕеrіоus mаn? :)\";s:12:\"your-message\";s:684:\"Ηеllo all, guyѕǃ I knоw, my mеѕѕagе maу bе tоо specific,\r\nΒut mу ѕister found nісе mаn herе and thеy married, so hоw abоut mе?! :)\r\nΙ am 23 yеarѕ оld, Ιsаbellа, from Ukraіne, I know Engliѕh аnd Germаn languagеѕ аlsо\r\nАnd... Ι hаve ѕpесіfіc disеase, nаmed nуmрhоmаnіа. Ԝho know whаt iѕ thiѕ, сan underѕtand mе (bеttеr to ѕay іt immediatеlу)\r\nΑh yеs, I сoоk vеrу tаsty! аnd Ι lovе nоt onlу coоk ;))\r\nIm rеаl girl, nоt рrоѕtitute, аnd lookіng for seriоus and hоt rеlаtіоnѕhіp...\r\nΑnуwаy, yоu cаn find mу prоfіlе here: http:&#047;&#047;devorepankie.tk&#047;user&#047;94318&#047; \r\n\";s:6:\"submit\";s:6:\"Submit\";}','2022-05-05 02:10:24'),(55,405,'a:5:{s:12:\"cfdb7_status\";s:6:\"unread\";s:9:\"your-name\";s:5:\"Wyatt\";s:10:\"your-email\";s:19:\"susan@susandavid.ca\";s:12:\"your-subject\";s:16:\"Audree Hernandez\";s:12:\"your-message\";s:272:\"Hey\r\n\r\nOur Medical-Grade Toenail Clippers is the safest and especially recommended for those with troubles with winding nails, hard nails, two nails, nail cracks, deep nails, thickened nails etc..\r\n\r\nGet yours: https:&#047;&#047;thepodiatrist.shop\r\n\r\nBest Wishes,\r\n\r\nWyatt\";}','2022-05-26 02:44:22'),(56,405,'a:5:{s:12:\"cfdb7_status\";s:6:\"unread\";s:9:\"your-name\";s:13:\"Amos Faulkner\";s:10:\"your-email\";s:25:\"afaulkner@domoneywell.com\";s:12:\"your-subject\";s:44:\"Can you please take a minute to review this?\";s:12:\"your-message\";s:670:\"Hello,\r\n\r\nIt might be challenging to choose the ideal next step when you&#039;re ready to expand a successful firm. I want to delve deeper into that subject for your readers.\r\n\r\nCould I create an article for your website about how to determine what your company should do next? I&#039;ll go over the things to think about, how to budget for those adjustments, where to obtain more advice, and more.\r\n\r\nPlease respond if you are interested, and I will begin writing the piece. I’d appreciate any ideas and suggestions as well.\r\n\r\nThank you,\r\nAmos Faulkner\r\nafaulkner@domoneywell.com \r\nDomoneywell.com\r\n\r\n\r\nP.S. Want to unsubscribe? Please reply with &quot;Opt Out” :)\";}','2022-08-17 22:40:10'),(57,405,'a:5:{s:12:\"cfdb7_status\";s:6:\"unread\";s:9:\"your-name\";s:13:\"Amos Faulkner\";s:10:\"your-email\";s:25:\"afaulkner@domoneywell.com\";s:12:\"your-subject\";s:44:\"Can you please take a minute to review this?\";s:12:\"your-message\";s:670:\"Hello,\r\n\r\nIt might be challenging to choose the ideal next step when you&#039;re ready to expand a successful firm. I want to delve deeper into that subject for your readers.\r\n\r\nCould I create an article for your website about how to determine what your company should do next? I&#039;ll go over the things to think about, how to budget for those adjustments, where to obtain more advice, and more.\r\n\r\nPlease respond if you are interested, and I will begin writing the piece. I’d appreciate any ideas and suggestions as well.\r\n\r\nThank you,\r\nAmos Faulkner\r\nafaulkner@domoneywell.com \r\nDomoneywell.com\r\n\r\n\r\nP.S. Want to unsubscribe? Please reply with &quot;Opt Out” :)\";}','2022-08-17 22:40:10'),(58,405,'a:5:{s:12:\"cfdb7_status\";s:6:\"unread\";s:9:\"your-name\";s:13:\"Amos Faulkner\";s:10:\"your-email\";s:25:\"afaulkner@domoneywell.com\";s:12:\"your-subject\";s:44:\"Can you please take a minute to review this?\";s:12:\"your-message\";s:670:\"Hello,\r\n\r\nIt might be challenging to choose the ideal next step when you&#039;re ready to expand a successful firm. I want to delve deeper into that subject for your readers.\r\n\r\nCould I create an article for your website about how to determine what your company should do next? I&#039;ll go over the things to think about, how to budget for those adjustments, where to obtain more advice, and more.\r\n\r\nPlease respond if you are interested, and I will begin writing the piece. I’d appreciate any ideas and suggestions as well.\r\n\r\nThank you,\r\nAmos Faulkner\r\nafaulkner@domoneywell.com \r\nDomoneywell.com\r\n\r\n\r\nP.S. Want to unsubscribe? Please reply with &quot;Opt Out” :)\";}','2022-08-17 22:40:10'),(59,405,'a:5:{s:12:\"cfdb7_status\";s:6:\"unread\";s:9:\"your-name\";s:13:\"Amos Faulkner\";s:10:\"your-email\";s:25:\"afaulkner@domoneywell.com\";s:12:\"your-subject\";s:44:\"Can you please take a minute to review this?\";s:12:\"your-message\";s:670:\"Hello,\r\n\r\nIt might be challenging to choose the ideal next step when you&#039;re ready to expand a successful firm. I want to delve deeper into that subject for your readers.\r\n\r\nCould I create an article for your website about how to determine what your company should do next? I&#039;ll go over the things to think about, how to budget for those adjustments, where to obtain more advice, and more.\r\n\r\nPlease respond if you are interested, and I will begin writing the piece. I’d appreciate any ideas and suggestions as well.\r\n\r\nThank you,\r\nAmos Faulkner\r\nafaulkner@domoneywell.com \r\nDomoneywell.com\r\n\r\n\r\nP.S. Want to unsubscribe? Please reply with &quot;Opt Out” :)\";}','2022-08-17 22:40:10'),(60,405,'a:5:{s:12:\"cfdb7_status\";s:6:\"unread\";s:9:\"your-name\";s:13:\"Amos Faulkner\";s:10:\"your-email\";s:25:\"afaulkner@domoneywell.com\";s:12:\"your-subject\";s:44:\"Can you please take a minute to review this?\";s:12:\"your-message\";s:670:\"Hello,\r\n\r\nIt might be challenging to choose the ideal next step when you&#039;re ready to expand a successful firm. I want to delve deeper into that subject for your readers.\r\n\r\nCould I create an article for your website about how to determine what your company should do next? I&#039;ll go over the things to think about, how to budget for those adjustments, where to obtain more advice, and more.\r\n\r\nPlease respond if you are interested, and I will begin writing the piece. I’d appreciate any ideas and suggestions as well.\r\n\r\nThank you,\r\nAmos Faulkner\r\nafaulkner@domoneywell.com \r\nDomoneywell.com\r\n\r\n\r\nP.S. Want to unsubscribe? Please reply with &quot;Opt Out” :)\";}','2022-08-17 22:42:19'),(61,405,'a:5:{s:12:\"cfdb7_status\";s:6:\"unread\";s:9:\"your-name\";s:6:\"Harold\";s:10:\"your-email\";s:16:\"hello@goprop.com\";s:12:\"your-subject\";s:29:\"Regarding audreehernandez.com\";s:12:\"your-message\";s:571:\"Hey \r\n\r\nDon&#039;t you hate carrying a big bulky backpack when you are only going out for the day? Our hiking and trekking shoulder bag is perfect for day hikes and outdoor activities. It&#039;s comfortable, lightweight, and has plenty of room for all your essentials.\r\n\r\nWe&#039;re confident that you&#039;ll love our shoulder bag, and we&#039;re offering a special discount for our first 20 customers.\r\n\r\n50% OFF for the next 24 Hours ONLY + FREE Worldwide Shipping for a LIMITED time\r\n\r\nBuy now: https:&#047;&#047;fashionbag.sale\r\n\r\nThanks and Best Regards, \r\n\r\nHarold\";}','2022-09-07 21:13:00'),(62,405,'a:5:{s:12:\"cfdb7_status\";s:6:\"unread\";s:9:\"your-name\";s:7:\"Clifton\";s:10:\"your-email\";s:41:\"autoritaportuale@pec.portodigioiatauro.it\";s:12:\"your-subject\";s:29:\"Regarding audreehernandez.com\";s:12:\"your-message\";s:541:\"Hi,\r\n\r\nDo you ever worry about your belongings when you travel? I know I do.  Our Sling Bags are drop-proof, anti-theft, scratch-resistant, and come with a USB charging port. They&#039;re perfect for keeping your belongings safe when you&#039;re on the go.\r\n\r\nI think these would make an excellent addition to your travel gear. I&#039;m confident you&#039;ll love them as much as I do.\r\n\r\n50% OFF for the next 24 Hours ONLY + FREE Worldwide Shipping for a LIMITED time\r\n\r\nBuy now: https:&#047;&#047;fashiondaily.shop\r\n\r\nThe Best, \r\n\r\nClifton\";}','2022-09-13 01:37:31'),(63,405,'a:5:{s:12:\"cfdb7_status\";s:6:\"unread\";s:9:\"your-name\";s:7:\"Aaliyah\";s:10:\"your-email\";s:31:\"buerger@einfach-ehrlich-immo.de\";s:12:\"your-subject\";s:29:\"Regarding audreehernandez.com\";s:12:\"your-message\";s:604:\"Hi there!\r\n\r\nI understand that you are looking for ways to improve your posture and contribute to a healthy lifestyle. I think our product, Medico Postura™ Body Posture Corrector, can be of great help.\r\n\r\nMedico Postura™ helps improve your posture INSTANTLY. It is an easy-to-use device that you can wear at home, work, or even when you are sleeping.\r\n\r\nIt is made of lightweight and breathable fabric, making it comfortable to wear all day long.\r\n\r\nGet it today while it&#039;s still 60% OFF: https:&#047;&#047;medicopostura.com   \r\n\r\nFREE Shipping - TODAY ONLY!\r\n\r\nThanks for your time, \r\n\r\nAaliyah\";}','2022-10-01 20:40:16'),(64,405,'a:6:{s:12:\"cfdb7_status\";s:6:\"unread\";s:9:\"your-name\";s:8:\"Annahics\";s:10:\"your-email\";s:16:\"annahics@aol.com\";s:12:\"your-subject\";s:74:\"Ι am an оrdіnarу gіrl. Ι want to mеet аn оrdіnаry sеrious man.\";s:12:\"your-message\";s:582:\"Ηiǃ\r\nI&#039;ve noticed thаt mаny guys prefеr regular girls.\r\nΙ aрplаude thе men оut thеrе whо hаd thе balls to enϳоу the love of mаnу womеn аnd сhооse the one thаt he knew would bе hіѕ bеѕt frіеnd durіng thе bumpy and crаzy thіng callеd lіfe.\r\nΙ wаntеd tо be thаt friеnd, nоt juѕt a ѕtablе, relіаblе аnd boring housеwіfe.\r\nI аm 27 yeаrs оld, Anna, from the Сzeсh Rеpublic, know Еnglіѕh lаnguаgе аlsо.\r\nΑnуway, you сan fіnd mу рrоfile herе: http:&#047;&#047;parpebbczujcesetkers.gq&#047;page-87560&#047; \r\n\";s:6:\"submit\";s:6:\"Submit\";}','2022-10-22 01:40:34'),(65,405,'a:5:{s:12:\"cfdb7_status\";s:6:\"unread\";s:9:\"your-name\";s:2:\"LM\";s:10:\"your-email\";s:31:\"laurenmcgee@getyourselfpaid.com\";s:12:\"your-subject\";s:48:\"Are you looking for fresh content for your site?\";s:12:\"your-message\";s:502:\"Hello,\r\n\r\nWhile beginning a business is exciting, you should take some time to familiarize yourself with the lingo before getting started.\r\n\r\nCould I put together a glossary of fundamental business terminology for your website, for new and potential business owners?\r\n\r\nUnderstanding key terms is a frequently overlooked yet essential step in achieving success. Let me know if you’re interested in reviewing the piece and I’ll send it over.\r\n\r\nThanks,\r\nLauren McGee\r\nlaurenmcgee@getyourselfpaid.com\";}','2022-11-15 02:24:03');

--
-- Table structure for table `swu7izcl9ar_links`
--

CREATE TABLE `swu7izcl9ar_links` (
  `link_id` bigint(20) unsigned NOT NULL AUTO_INCREMENT,
  `link_url` varchar(255) COLLATE utf8mb4_unicode_520_ci NOT NULL DEFAULT '',
  `link_name` varchar(255) COLLATE utf8mb4_unicode_520_ci NOT NULL DEFAULT '',
  `link_image` varchar(255) COLLATE utf8mb4_unicode_520_ci NOT NULL DEFAULT '',
  `link_target` varchar(25) COLLATE utf8mb4_unicode_520_ci NOT NULL DEFAULT '',
  `link_description` varchar(255) COLLATE utf8mb4_unicode_520_ci NOT NULL DEFAULT '',
  `link_visible` varchar(20) COLLATE utf8mb4_unicode_520_ci NOT NULL DEFAULT 'Y',
  `link_owner` bigint(20) unsigned NOT NULL DEFAULT 1,
  `link_rating` int(11) NOT NULL DEFAULT 0,
  `link_updated` datetime NOT NULL DEFAULT '0000-00-00 00:00:00',
  `link_rel` varchar(255) COLLATE utf8mb4_unicode_520_ci NOT NULL DEFAULT '',
  `link_notes` mediumtext COLLATE utf8mb4_unicode_520_ci NOT NULL,
  `link_rss` varchar(255) COLLATE utf8mb4_unicode_520_ci NOT NULL DEFAULT '',
  PRIMARY KEY (`link_id`),
  KEY `link_visible` (`link_visible`)
) ENGINE=InnoDB DEFAULT CHARSET=utf8mb4 COLLATE=utf8mb4_unicode_520_ci;

--
-- Dumping data for table `swu7izcl9ar_links`
--


--
-- Table structure for table `swu7izcl9ar_ngg_album`
--

CREATE TABLE `swu7izcl9ar_ngg_album` (
  `id` bigint(20) NOT NULL AUTO_INCREMENT,
  `name` varchar(255) COLLATE utf8mb4_unicode_520_ci NOT NULL,
  `slug` varchar(255) COLLATE utf8mb4_unicode_520_ci NOT NULL,
  `previewpic` bigint(20) NOT NULL DEFAULT 0,
  `albumdesc` mediumtext COLLATE utf8mb4_unicode_520_ci DEFAULT NULL,
  `sortorder` longtext COLLATE utf8mb4_unicode_520_ci NOT NULL,
  `pageid` bigint(20) NOT NULL DEFAULT 0,
  `extras_post_id` bigint(20) NOT NULL DEFAULT 0,
  PRIMARY KEY (`id`),
  KEY `extras_post_id_key` (`extras_post_id`)
) ENGINE=InnoDB AUTO_INCREMENT=3 DEFAULT CHARSET=utf8mb4 COLLATE=utf8mb4_unicode_520_ci;

--
-- Dumping data for table `swu7izcl9ar_ngg_album`
--


--
-- Table structure for table `swu7izcl9ar_ngg_gallery`
--

CREATE TABLE `swu7izcl9ar_ngg_gallery` (
  `gid` bigint(20) NOT NULL AUTO_INCREMENT,
  `name` varchar(255) COLLATE utf8mb4_unicode_520_ci NOT NULL,
  `slug` varchar(255) COLLATE utf8mb4_unicode_520_ci NOT NULL,
  `path` mediumtext COLLATE utf8mb4_unicode_520_ci DEFAULT NULL,
  `title` mediumtext COLLATE utf8mb4_unicode_520_ci DEFAULT NULL,
  `galdesc` mediumtext COLLATE utf8mb4_unicode_520_ci DEFAULT NULL,
  `pageid` bigint(20) NOT NULL DEFAULT 0,
  `previewpic` bigint(20) NOT NULL DEFAULT 0,
  `author` bigint(20) NOT NULL DEFAULT 0,
  `extras_post_id` bigint(20) NOT NULL DEFAULT 0,
  PRIMARY KEY (`gid`),
  KEY `extras_post_id_key` (`extras_post_id`)
) ENGINE=InnoDB AUTO_INCREMENT=11 DEFAULT CHARSET=utf8mb4 COLLATE=utf8mb4_unicode_520_ci;

--
-- Dumping data for table `swu7izcl9ar_ngg_gallery`
--

INSERT INTO `swu7izcl9ar_ngg_gallery` VALUES (1,'graduation','graduation','/wp-content/gallery/graduation/','Graduation','',0,5,1,828),(2,'madison','madison','/wp-content/gallery/madison/','Madison','',0,17,1,848),(3,'tiana','tiana','/wp-content/gallery/tiana/','Tiana','',0,0,1,856),(5,'analee-carlos','analee-carlos','/wp-content/gallery/analee-carlos/','Analee   Carlos',NULL,0,0,1,871),(6,'miquel','miquel','/wp-content/gallery/miquel/','Miquel','',0,33,1,872),(7,'digital-art','digital-art','/wp-content/gallery/digital-art/','Digital Art','',0,38,1,886),(8,'stickers','stickers','/wp-content/gallery/stickers/','Stickers',NULL,0,50,1,918),(9,'route-66','route-66','/wp-content/gallery/route-66/','Route 66','',0,54,1,1003),(10,'linkedin-learning','linkedin-learning','/wp-content/gallery/linkedin-learning/','linkedin learning',NULL,0,176,1,1577);

--
-- Table structure for table `swu7izcl9ar_ngg_pictures`
--

CREATE TABLE `swu7izcl9ar_ngg_pictures` (
  `pid` bigint(20) NOT NULL AUTO_INCREMENT,
  `image_slug` varchar(255) COLLATE utf8mb4_unicode_520_ci NOT NULL,
  `post_id` bigint(20) NOT NULL DEFAULT 0,
  `galleryid` bigint(20) NOT NULL DEFAULT 0,
  `filename` varchar(255) COLLATE utf8mb4_unicode_520_ci NOT NULL,
  `description` mediumtext COLLATE utf8mb4_unicode_520_ci DEFAULT NULL,
  `alttext` mediumtext COLLATE utf8mb4_unicode_520_ci DEFAULT NULL,
  `imagedate` datetime NOT NULL DEFAULT '0000-00-00 00:00:00',
  `exclude` tinyint(4) DEFAULT 0,
  `sortorder` bigint(20) NOT NULL DEFAULT 0,
  `meta_data` longtext COLLATE utf8mb4_unicode_520_ci DEFAULT NULL,
  `extras_post_id` bigint(20) NOT NULL DEFAULT 0,
  `updated_at` bigint(20) DEFAULT NULL,
  PRIMARY KEY (`pid`),
  KEY `extras_post_id_key` (`extras_post_id`)
) ENGINE=InnoDB AUTO_INCREMENT=188 DEFAULT CHARSET=utf8mb4 COLLATE=utf8mb4_unicode_520_ci;

--
-- Dumping data for table `swu7izcl9ar_ngg_pictures`
--

INSERT INTO `swu7izcl9ar_ngg_pictures` VALUES (1,'img_0031',0,1,'IMG_0031.jpg','','IMG_0031','2021-08-05 05:35:35',0,0,'eyJhcGVydHVyZSI6ZmFsc2UsImNyZWRpdCI6ZmFsc2UsImNhbWVyYSI6ZmFsc2UsImNhcHRpb24iOmZhbHNlLCJjcmVhdGVkX3RpbWVzdGFtcCI6ZmFsc2UsImNvcHlyaWdodCI6ZmFsc2UsImZvY2FsX2xlbmd0aCI6ZmFsc2UsImlzbyI6ZmFsc2UsInNodXR0ZXJfc3BlZWQiOmZhbHNlLCJmbGFzaCI6ZmFsc2UsInRpdGxlIjpmYWxzZSwia2V5d29yZHMiOmZhbHNlLCJ3aWR0aCI6ODAwLCJoZWlnaHQiOjExNTgsInNhdmVkIjp0cnVlLCJiYWNrdXAiOnsiZmlsZW5hbWUiOiJJTUdfMDAzMS5qcGciLCJ3aWR0aCI6ODAwLCJoZWlnaHQiOjExNTgsImdlbmVyYXRlZCI6IjAuNzU0NzkzMDAgMTYyODE0MTczNSJ9LCJtZDUiOiI3MTYwMjkyNDlkYTBiNWIyYjQwZjE2N2VjNzU2OTQ1MSIsImZ1bGwiOnsid2lkdGgiOjgwMCwiaGVpZ2h0IjoxMTU4LCJtZDUiOiI3MTYwMjkyNDlkYTBiNWIyYjQwZjE2N2VjNzU2OTQ1MSJ9LCJ0aHVtYm5haWwiOnsid2lkdGgiOjI0MCwiaGVpZ2h0IjoxNjAsImZpbGVuYW1lIjoidGh1bWJzX0lNR18wMDMxLmpwZyIsImdlbmVyYXRlZCI6IjAuMTkwMDA0MDAgMTYyODE0MTczNiJ9LCJuZ2cwZHluLTB4MjUweDEwMC0wMGYwdzAxMWMwMTByMTEwZjExMHIwMTB0MDEwIjp7IndpZHRoIjoxNzMsImhlaWdodCI6MjUwLCJmaWxlbmFtZSI6IklNR18wMDMxLmpwZy1uZ2dpZDAxMS1uZ2cwZHluLTB4MjUweDEwMC0wMGYwdzAxMWMwMTByMTEwZjExMHIwMTB0MDEwLmpwZyIsImdlbmVyYXRlZCI6IjAuMDkxMDEzMDAgMTYyODE5NDEzNSJ9fQ==',829,1628194135),(2,'img_0030',0,1,'IMG_0030.jpg','','IMG_0030','2021-08-05 05:35:35',0,0,'eyJhcGVydHVyZSI6ZmFsc2UsImNyZWRpdCI6ZmFsc2UsImNhbWVyYSI6ZmFsc2UsImNhcHRpb24iOmZhbHNlLCJjcmVhdGVkX3RpbWVzdGFtcCI6ZmFsc2UsImNvcHlyaWdodCI6ZmFsc2UsImZvY2FsX2xlbmd0aCI6ZmFsc2UsImlzbyI6ZmFsc2UsInNodXR0ZXJfc3BlZWQiOmZhbHNlLCJmbGFzaCI6ZmFsc2UsInRpdGxlIjpmYWxzZSwia2V5d29yZHMiOmZhbHNlLCJ3aWR0aCI6ODE5LCJoZWlnaHQiOjExNjMsInNhdmVkIjp0cnVlLCJiYWNrdXAiOnsiZmlsZW5hbWUiOiJJTUdfMDAzMC5qcGciLCJ3aWR0aCI6ODE5LCJoZWlnaHQiOjExNjMsImdlbmVyYXRlZCI6IjAuODQ2NDI0MDAgMTYyODE0MTczNSJ9LCJtZDUiOiI4MDEzZTQ1MjFiNDllMWY4NGE1MGIxZTZkZjljNjAwNSIsImZ1bGwiOnsid2lkdGgiOjgxOSwiaGVpZ2h0IjoxMTYzLCJtZDUiOiI4MDEzZTQ1MjFiNDllMWY4NGE1MGIxZTZkZjljNjAwNSJ9LCJ0aHVtYm5haWwiOnsid2lkdGgiOjI0MCwiaGVpZ2h0IjoxNjAsImZpbGVuYW1lIjoidGh1bWJzX0lNR18wMDMwLmpwZyIsImdlbmVyYXRlZCI6IjAuMTgyNTMzMDAgMTYyODE0MjU1MyIsImNyb3BfZnJhbWUiOnsieCI6MTIwLCJ5Ijo4MCwid2lkdGgiOjY0OSwiaGVpZ2h0Ijo0MzMsImZpbmFsX3dpZHRoIjoyNDAsImZpbmFsX2hlaWdodCI6MTYwfX0sIm5nZzBkeW4tNDUweDM1MC0wMGYwdzAxMGMwMTByMTEwZjExMHIwMTB0MDEwIjp7IndpZHRoIjoyNDYsImhlaWdodCI6MzUwLCJmaWxlbmFtZSI6IklNR18wMDMwLmpwZy1uZ2dpZDAxMi1uZ2cwZHluLTQ1MHgzNTAtMDBmMHcwMTBjMDEwcjExMGYxMTByMDEwdDAxMC5qcGciLCJnZW5lcmF0ZWQiOiIwLjk1MTkyNTAwIDE2MjgxNDI1MzgifX0=',830,1628144088),(3,'img_0027',0,1,'IMG_0027.jpg','','IMG_0027','2021-08-05 05:35:36',0,0,'eyJhcGVydHVyZSI6ZmFsc2UsImNyZWRpdCI6ZmFsc2UsImNhbWVyYSI6ZmFsc2UsImNhcHRpb24iOmZhbHNlLCJjcmVhdGVkX3RpbWVzdGFtcCI6ZmFsc2UsImNvcHlyaWdodCI6ZmFsc2UsImZvY2FsX2xlbmd0aCI6ZmFsc2UsImlzbyI6ZmFsc2UsInNodXR0ZXJfc3BlZWQiOmZhbHNlLCJmbGFzaCI6ZmFsc2UsInRpdGxlIjpmYWxzZSwia2V5d29yZHMiOmZhbHNlLCJ3aWR0aCI6ODI2LCJoZWlnaHQiOjExNjYsInNhdmVkIjp0cnVlLCJiYWNrdXAiOnsiZmlsZW5hbWUiOiJJTUdfMDAyNy5qcGciLCJ3aWR0aCI6ODI2LCJoZWlnaHQiOjExNjYsImdlbmVyYXRlZCI6IjAuMjg0MjMyMDAgMTYyODE0MTczNiJ9LCJtZDUiOiJjZTY3ZmRmOWQ0MjQ4YzA5NWFlMGU2ZjY2NGI5MzAxYyIsImZ1bGwiOnsid2lkdGgiOjgyNiwiaGVpZ2h0IjoxMTY2LCJtZDUiOiJjZTY3ZmRmOWQ0MjQ4YzA5NWFlMGU2ZjY2NGI5MzAxYyJ9LCJ0aHVtYm5haWwiOnsid2lkdGgiOjI0MCwiaGVpZ2h0IjoxNjAsImZpbGVuYW1lIjoidGh1bWJzX0lNR18wMDI3LmpwZyIsImdlbmVyYXRlZCI6IjAuODM2MjU1MDAgMTYyODE0MTczNiJ9fQ==',831,1628144088),(4,'img_0028',0,1,'IMG_0028.jpg','','IMG_0028','2021-08-05 05:35:36',0,0,'eyJhcGVydHVyZSI6ZmFsc2UsImNyZWRpdCI6ZmFsc2UsImNhbWVyYSI6ZmFsc2UsImNhcHRpb24iOmZhbHNlLCJjcmVhdGVkX3RpbWVzdGFtcCI6ZmFsc2UsImNvcHlyaWdodCI6ZmFsc2UsImZvY2FsX2xlbmd0aCI6ZmFsc2UsImlzbyI6ZmFsc2UsInNodXR0ZXJfc3BlZWQiOmZhbHNlLCJmbGFzaCI6ZmFsc2UsInRpdGxlIjpmYWxzZSwia2V5d29yZHMiOmZhbHNlLCJ3aWR0aCI6ODI5LCJoZWlnaHQiOjExNjUsInNhdmVkIjp0cnVlLCJiYWNrdXAiOnsiZmlsZW5hbWUiOiJJTUdfMDAyOC5qcGciLCJ3aWR0aCI6ODI5LCJoZWlnaHQiOjExNjUsImdlbmVyYXRlZCI6IjAuMzEwNDIyMDAgMTYyODE0MTczNiJ9LCJtZDUiOiIxMGVhZjA4M2M2MzBjMTgzNDU0NjljNzczZjU4MzkyMCIsImZ1bGwiOnsid2lkdGgiOjgyOSwiaGVpZ2h0IjoxMTY1LCJtZDUiOiIxMGVhZjA4M2M2MzBjMTgzNDU0NjljNzczZjU4MzkyMCJ9LCJ0aHVtYm5haWwiOnsid2lkdGgiOjI0MCwiaGVpZ2h0IjoxNjAsImZpbGVuYW1lIjoidGh1bWJzX0lNR18wMDI4LmpwZyIsImdlbmVyYXRlZCI6IjAuOTk1NzY1MDAgMTYyODE0MjU2NiIsImNyb3BfZnJhbWUiOnsieCI6NjAsInkiOjExMCwid2lkdGgiOjcxOSwiaGVpZ2h0Ijo0ODAsImZpbmFsX3dpZHRoIjoyNDAsImZpbmFsX2hlaWdodCI6MTYwfX0sIm5nZzBkeW4tNDUweDM1MC0wMGYwdzAxMGMwMTByMTEwZjExMHIwMTB0MDEwIjp7IndpZHRoIjoyNDksImhlaWdodCI6MzUwLCJmaWxlbmFtZSI6IklNR18wMDI4LmpwZy1uZ2dpZDAxNC1uZ2cwZHluLTQ1MHgzNTAtMDBmMHcwMTBjMDEwcjExMGYxMTByMDEwdDAxMC5qcGciLCJnZW5lcmF0ZWQiOiIwLjc5MDk2NzAwIDE2MjgxNDI1NTkifX0=',832,1628144088),(5,'img_0026',0,1,'IMG_0026.jpg','','IMG_0026','2021-08-05 05:35:36',0,0,'eyJhcGVydHVyZSI6ZmFsc2UsImNyZWRpdCI6ZmFsc2UsImNhbWVyYSI6ZmFsc2UsImNhcHRpb24iOmZhbHNlLCJjcmVhdGVkX3RpbWVzdGFtcCI6ZmFsc2UsImNvcHlyaWdodCI6ZmFsc2UsImZvY2FsX2xlbmd0aCI6ZmFsc2UsImlzbyI6ZmFsc2UsInNodXR0ZXJfc3BlZWQiOmZhbHNlLCJmbGFzaCI6ZmFsc2UsInRpdGxlIjpmYWxzZSwia2V5d29yZHMiOmZhbHNlLCJ3aWR0aCI6MTE3MCwiaGVpZ2h0Ijo4MjUsInNhdmVkIjp0cnVlLCJiYWNrdXAiOnsiZmlsZW5hbWUiOiJJTUdfMDAyNi5qcGciLCJ3aWR0aCI6MTE3MCwiaGVpZ2h0Ijo4MjUsImdlbmVyYXRlZCI6IjAuMzkxMzg4MDAgMTYyODE0MTczNiJ9LCJtZDUiOiIwZjJiY2ViYWI4YmVhMTRlZWZjMGJiZjIzNjdkN2VhZSIsImZ1bGwiOnsid2lkdGgiOjExNzAsImhlaWdodCI6ODI1LCJtZDUiOiIwZjJiY2ViYWI4YmVhMTRlZWZjMGJiZjIzNjdkN2VhZSJ9LCJ0aHVtYm5haWwiOnsid2lkdGgiOjI0MCwiaGVpZ2h0IjoxNjAsImZpbGVuYW1lIjoidGh1bWJzX0lNR18wMDI2LmpwZyIsImdlbmVyYXRlZCI6IjAuOTkwNzQ4MDAgMTYyODE0MTczNiJ9fQ==',833,1628144089),(6,'img_0029',0,1,'IMG_0029.jpg','','IMG_0029','2021-08-05 05:35:37',0,0,'eyJhcGVydHVyZSI6ZmFsc2UsImNyZWRpdCI6ZmFsc2UsImNhbWVyYSI6ZmFsc2UsImNhcHRpb24iOmZhbHNlLCJjcmVhdGVkX3RpbWVzdGFtcCI6ZmFsc2UsImNvcHlyaWdodCI6ZmFsc2UsImZvY2FsX2xlbmd0aCI6ZmFsc2UsImlzbyI6ZmFsc2UsInNodXR0ZXJfc3BlZWQiOmZhbHNlLCJmbGFzaCI6ZmFsc2UsInRpdGxlIjpmYWxzZSwia2V5d29yZHMiOmZhbHNlLCJ3aWR0aCI6ODA3LCJoZWlnaHQiOjExNjIsInNhdmVkIjp0cnVlLCJiYWNrdXAiOnsiZmlsZW5hbWUiOiJJTUdfMDAyOS5qcGciLCJ3aWR0aCI6ODA3LCJoZWlnaHQiOjExNjIsImdlbmVyYXRlZCI6IjAuMjE0OTA1MDAgMTYyODE0MTczNyJ9LCJtZDUiOiJhODdjMDEzNjE3ZTk3NDZkYTg3YjZmMDNhMTEzMDM3YiIsImZ1bGwiOnsid2lkdGgiOjgwNywiaGVpZ2h0IjoxMTYyLCJtZDUiOiJhODdjMDEzNjE3ZTk3NDZkYTg3YjZmMDNhMTEzMDM3YiJ9LCJ0aHVtYm5haWwiOnsid2lkdGgiOjI0MCwiaGVpZ2h0IjoxNjAsImZpbGVuYW1lIjoidGh1bWJzX0lNR18wMDI5LmpwZyIsImdlbmVyYXRlZCI6IjAuOTEwOTI2MDAgMTYyODE0MjU4NyIsImNyb3BfZnJhbWUiOnsieCI6NzYsInkiOjIyNiwid2lkdGgiOjY5NywiaGVpZ2h0Ijo0NjUsImZpbmFsX3dpZHRoIjoyNDAsImZpbmFsX2hlaWdodCI6MTYwfX0sIm5nZzBkeW4tNDUweDM1MC0wMGYwdzAxMGMwMTByMTEwZjExMHIwMTB0MDEwIjp7IndpZHRoIjoyNDMsImhlaWdodCI6MzUwLCJmaWxlbmFtZSI6IklNR18wMDI5LmpwZy1uZ2dpZDAxNi1uZ2cwZHluLTQ1MHgzNTAtMDBmMHcwMTBjMDEwcjExMGYxMTByMDEwdDAxMC5qcGciLCJnZW5lcmF0ZWQiOiIwLjMwMjc5MTAwIDE2MjgxNDI1NzYifX0=',834,1628144089),(7,'img_0024',0,1,'IMG_0024.jpg','','IMG_0024','2021-08-05 05:35:37',0,0,'eyJhcGVydHVyZSI6ZmFsc2UsImNyZWRpdCI6ZmFsc2UsImNhbWVyYSI6ZmFsc2UsImNhcHRpb24iOmZhbHNlLCJjcmVhdGVkX3RpbWVzdGFtcCI6ZmFsc2UsImNvcHlyaWdodCI6ZmFsc2UsImZvY2FsX2xlbmd0aCI6ZmFsc2UsImlzbyI6ZmFsc2UsInNodXR0ZXJfc3BlZWQiOmZhbHNlLCJmbGFzaCI6ZmFsc2UsInRpdGxlIjpmYWxzZSwia2V5d29yZHMiOmZhbHNlLCJ3aWR0aCI6ODIyLCJoZWlnaHQiOjExNjMsInNhdmVkIjp0cnVlLCJiYWNrdXAiOnsiZmlsZW5hbWUiOiJJTUdfMDAyNC5qcGciLCJ3aWR0aCI6ODIyLCJoZWlnaHQiOjExNjMsImdlbmVyYXRlZCI6IjAuMjUzMTQ2MDAgMTYyODE0MTczNyJ9LCJtZDUiOiIwZThkNTVlNjZkYzhhZDdjYjc1YTNiNGI5NDA4MGZjNCIsImZ1bGwiOnsid2lkdGgiOjgyMiwiaGVpZ2h0IjoxMTYzLCJtZDUiOiIwZThkNTVlNjZkYzhhZDdjYjc1YTNiNGI5NDA4MGZjNCJ9LCJ0aHVtYm5haWwiOnsid2lkdGgiOjI0MCwiaGVpZ2h0IjoxNjAsImZpbGVuYW1lIjoidGh1bWJzX0lNR18wMDI0LmpwZyIsImdlbmVyYXRlZCI6IjAuNjgyMTA1MDAgMTYyODE0MTczNyJ9fQ==',835,1628144089),(8,'img_0025',0,1,'IMG_0025.jpg','','IMG_0025','2021-08-05 05:35:37',0,0,'eyJhcGVydHVyZSI6ZmFsc2UsImNyZWRpdCI6ZmFsc2UsImNhbWVyYSI6ZmFsc2UsImNhcHRpb24iOmZhbHNlLCJjcmVhdGVkX3RpbWVzdGFtcCI6ZmFsc2UsImNvcHlyaWdodCI6ZmFsc2UsImZvY2FsX2xlbmd0aCI6ZmFsc2UsImlzbyI6ZmFsc2UsInNodXR0ZXJfc3BlZWQiOmZhbHNlLCJmbGFzaCI6ZmFsc2UsInRpdGxlIjpmYWxzZSwia2V5d29yZHMiOmZhbHNlLCJ3aWR0aCI6ODEyLCJoZWlnaHQiOjExNjUsInNhdmVkIjp0cnVlLCJiYWNrdXAiOnsiZmlsZW5hbWUiOiJJTUdfMDAyNS5qcGciLCJ3aWR0aCI6ODEyLCJoZWlnaHQiOjExNjUsImdlbmVyYXRlZCI6IjAuMjY1Nzc5MDAgMTYyODE0MTczNyJ9LCJtZDUiOiIzZTNjNTgxZjdiN2RkMzA1YWVlMmU5YTA4NzgyZTM4MiIsImZ1bGwiOnsid2lkdGgiOjgxMiwiaGVpZ2h0IjoxMTY1LCJtZDUiOiIzZTNjNTgxZjdiN2RkMzA1YWVlMmU5YTA4NzgyZTM4MiJ9LCJ0aHVtYm5haWwiOnsid2lkdGgiOjI0MCwiaGVpZ2h0IjoxNjAsImZpbGVuYW1lIjoidGh1bWJzX0lNR18wMDI1LmpwZyIsImdlbmVyYXRlZCI6IjAuNTIyOTgyMDAgMTYyODE0MjYwOCIsImNyb3BfZnJhbWUiOnsieCI6MTQ3LCJ5IjoxMjcsIndpZHRoIjo1OTgsImhlaWdodCI6Mzk3LCJmaW5hbF93aWR0aCI6MjQwLCJmaW5hbF9oZWlnaHQiOjE2MH19LCJuZ2cwZHluLTQ1MHgzNTAtMDBmMHcwMTBjMDEwcjExMGYxMTByMDEwdDAxMCI6eyJ3aWR0aCI6MjQ0LCJoZWlnaHQiOjM1MCwiZmlsZW5hbWUiOiJJTUdfMDAyNS5qcGctbmdnaWQwMTgtbmdnMGR5bi00NTB4MzUwLTAwZjB3MDEwYzAxMHIxMTBmMTEwcjAxMHQwMTAuanBnIiwiZ2VuZXJhdGVkIjoiMC43NDM1OTUwMCAxNjI4MTQyNTk5In19',836,1628144089),(9,'img_0023',0,1,'IMG_0023.jpg','','IMG_0023','2021-08-05 05:35:37',0,0,'eyJhcGVydHVyZSI6ZmFsc2UsImNyZWRpdCI6ZmFsc2UsImNhbWVyYSI6ZmFsc2UsImNhcHRpb24iOmZhbHNlLCJjcmVhdGVkX3RpbWVzdGFtcCI6ZmFsc2UsImNvcHlyaWdodCI6ZmFsc2UsImZvY2FsX2xlbmd0aCI6ZmFsc2UsImlzbyI6ZmFsc2UsInNodXR0ZXJfc3BlZWQiOmZhbHNlLCJmbGFzaCI6ZmFsc2UsInRpdGxlIjpmYWxzZSwia2V5d29yZHMiOmZhbHNlLCJ3aWR0aCI6ODAzLCJoZWlnaHQiOjExNjIsInNhdmVkIjp0cnVlLCJiYWNrdXAiOnsiZmlsZW5hbWUiOiJJTUdfMDAyMy5qcGciLCJ3aWR0aCI6ODAzLCJoZWlnaHQiOjExNjIsImdlbmVyYXRlZCI6IjAuOTUwNDIxMDAgMTYyODE0MTczNyJ9LCJtZDUiOiJiMTE3N2Q3YzgyZWQzNDczYjQzMDQ4M2RhZGJmZjAyNiIsImZ1bGwiOnsid2lkdGgiOjgwMywiaGVpZ2h0IjoxMTYyLCJtZDUiOiJiMTE3N2Q3YzgyZWQzNDczYjQzMDQ4M2RhZGJmZjAyNiJ9LCJ0aHVtYm5haWwiOnsid2lkdGgiOjI0MCwiaGVpZ2h0IjoxNjAsImZpbGVuYW1lIjoidGh1bWJzX0lNR18wMDIzLmpwZyIsImdlbmVyYXRlZCI6IjAuNjE5MzA4MDAgMTYyODE0MjY0MSIsImNyb3BfZnJhbWUiOnsieCI6NzAsInkiOjI4MCwid2lkdGgiOjY1NiwiaGVpZ2h0Ijo0MzYsImZpbmFsX3dpZHRoIjoyNDAsImZpbmFsX2hlaWdodCI6MTYwfX0sIm5nZzBkeW4tNDUweDM1MC0wMGYwdzAxMGMwMTByMTEwZjExMHIwMTB0MDEwIjp7IndpZHRoIjoyNDIsImhlaWdodCI6MzUwLCJmaWxlbmFtZSI6IklNR18wMDIzLmpwZy1uZ2dpZDAxOS1uZ2cwZHluLTQ1MHgzNTAtMDBmMHcwMTBjMDEwcjExMGYxMTByMDEwdDAxMC5qcGciLCJnZW5lcmF0ZWQiOiIwLjY0ODc5MzAwIDE2MjgxNDI2MzQifX0=',837,1628144089),(10,'img_0021',0,1,'IMG_0021.jpg','','IMG_0021','2021-08-05 05:35:37',0,0,'eyJhcGVydHVyZSI6ZmFsc2UsImNyZWRpdCI6ZmFsc2UsImNhbWVyYSI6ZmFsc2UsImNhcHRpb24iOmZhbHNlLCJjcmVhdGVkX3RpbWVzdGFtcCI6ZmFsc2UsImNvcHlyaWdodCI6ZmFsc2UsImZvY2FsX2xlbmd0aCI6ZmFsc2UsImlzbyI6ZmFsc2UsInNodXR0ZXJfc3BlZWQiOmZhbHNlLCJmbGFzaCI6ZmFsc2UsInRpdGxlIjpmYWxzZSwia2V5d29yZHMiOmZhbHNlLCJ3aWR0aCI6ODM1LCJoZWlnaHQiOjExNjUsInNhdmVkIjp0cnVlLCJiYWNrdXAiOnsiZmlsZW5hbWUiOiJJTUdfMDAyMS5qcGciLCJ3aWR0aCI6ODM1LCJoZWlnaHQiOjExNjUsImdlbmVyYXRlZCI6IjAuOTk5MDMzMDAgMTYyODE0MTczNyJ9LCJtZDUiOiIzN2Q1YTJlMDAxY2RmOTA1M2I5NTE5NTE0NjliNDIxOSIsImZ1bGwiOnsid2lkdGgiOjgzNSwiaGVpZ2h0IjoxMTY1LCJtZDUiOiIzN2Q1YTJlMDAxY2RmOTA1M2I5NTE5NTE0NjliNDIxOSJ9LCJ0aHVtYm5haWwiOnsid2lkdGgiOjI0MCwiaGVpZ2h0IjoxNjAsImZpbGVuYW1lIjoidGh1bWJzX0lNR18wMDIxLmpwZyIsImdlbmVyYXRlZCI6IjAuOTQ0MzY3MDAgMTYyODE0MjYyMyIsImNyb3BfZnJhbWUiOnsieCI6NTAsInkiOjI0Nywid2lkdGgiOjcyMSwiaGVpZ2h0Ijo0ODEsImZpbmFsX3dpZHRoIjoyNDAsImZpbmFsX2hlaWdodCI6MTYwfX0sIm5nZzBkeW4tNDUweDM1MC0wMGYwdzAxMGMwMTByMTEwZjExMHIwMTB0MDEwIjp7IndpZHRoIjoyNTEsImhlaWdodCI6MzUwLCJmaWxlbmFtZSI6IklNR18wMDIxLmpwZy1uZ2dpZDAyMTAtbmdnMGR5bi00NTB4MzUwLTAwZjB3MDEwYzAxMHIxMTBmMTEwcjAxMHQwMTAuanBnIiwiZ2VuZXJhdGVkIjoiMC4wNzcxMDIwMCAxNjI4MTQyNjE2In19',838,1628144089),(11,'img_0022',0,1,'IMG_0022.jpg','','IMG_0022','2021-08-05 05:35:38',0,0,'eyJhcGVydHVyZSI6ZmFsc2UsImNyZWRpdCI6ZmFsc2UsImNhbWVyYSI6ZmFsc2UsImNhcHRpb24iOmZhbHNlLCJjcmVhdGVkX3RpbWVzdGFtcCI6ZmFsc2UsImNvcHlyaWdodCI6ZmFsc2UsImZvY2FsX2xlbmd0aCI6ZmFsc2UsImlzbyI6ZmFsc2UsInNodXR0ZXJfc3BlZWQiOmZhbHNlLCJmbGFzaCI6ZmFsc2UsInRpdGxlIjpmYWxzZSwia2V5d29yZHMiOmZhbHNlLCJ3aWR0aCI6MTE3MCwiaGVpZ2h0Ijo4NDcsInNhdmVkIjp0cnVlLCJiYWNrdXAiOnsiZmlsZW5hbWUiOiJJTUdfMDAyMi5qcGciLCJ3aWR0aCI6MTE3MCwiaGVpZ2h0Ijo4NDcsImdlbmVyYXRlZCI6IjAuMTE0NTE0MDAgMTYyODE0MTczOCJ9LCJtZDUiOiJjYmFmNDlhMDljZjVmNGIzODFmNmVkYzQ1OTI3NTNjZCIsImZ1bGwiOnsid2lkdGgiOjExNzAsImhlaWdodCI6ODQ3LCJtZDUiOiJjYmFmNDlhMDljZjVmNGIzODFmNmVkYzQ1OTI3NTNjZCJ9LCJ0aHVtYm5haWwiOnsid2lkdGgiOjI0MCwiaGVpZ2h0IjoxNjAsImZpbGVuYW1lIjoidGh1bWJzX0lNR18wMDIyLmpwZyIsImdlbmVyYXRlZCI6IjAuNzMxODA2MDAgMTYyODE0MTczOCJ9fQ==',839,1628144089),(12,'img_0020',0,1,'IMG_0020.jpg','','IMG_0020','2021-08-05 05:35:38',0,0,'eyJhcGVydHVyZSI6ZmFsc2UsImNyZWRpdCI6ZmFsc2UsImNhbWVyYSI6ZmFsc2UsImNhcHRpb24iOmZhbHNlLCJjcmVhdGVkX3RpbWVzdGFtcCI6ZmFsc2UsImNvcHlyaWdodCI6ZmFsc2UsImZvY2FsX2xlbmd0aCI6ZmFsc2UsImlzbyI6ZmFsc2UsInNodXR0ZXJfc3BlZWQiOmZhbHNlLCJmbGFzaCI6ZmFsc2UsInRpdGxlIjpmYWxzZSwia2V5d29yZHMiOmZhbHNlLCJ3aWR0aCI6MTE3MCwiaGVpZ2h0Ijo4MzAsInNhdmVkIjp0cnVlLCJiYWNrdXAiOnsiZmlsZW5hbWUiOiJJTUdfMDAyMC5qcGciLCJ3aWR0aCI6MTE3MCwiaGVpZ2h0Ijo4MzAsImdlbmVyYXRlZCI6IjAuMjAxMTA0MDAgMTYyODE0MTczOCJ9LCJtZDUiOiJiZmMxYTVhOGI3NDUwMTFjOGEyNjk1NGNmNGY0NjI3MCIsImZ1bGwiOnsid2lkdGgiOjExNzAsImhlaWdodCI6ODMwLCJtZDUiOiJiZmMxYTVhOGI3NDUwMTFjOGEyNjk1NGNmNGY0NjI3MCJ9LCJ0aHVtYm5haWwiOnsid2lkdGgiOjI0MCwiaGVpZ2h0IjoxNjAsImZpbGVuYW1lIjoidGh1bWJzX0lNR18wMDIwLmpwZyIsImdlbmVyYXRlZCI6IjAuODAxMDc0MDAgMTYyODE0MTczOCJ9fQ==',840,1628144089),(13,'img_9269',0,2,'IMG_9269.JPG','','IMG_9269','2020-05-23 16:24:53',0,0,'eyJhcGVydHVyZSI6IkYgMi44IiwiY3JlZGl0IjpmYWxzZSwiY2FtZXJhIjoiQ2Fub24gRU9TIFJFQkVMIFQ1IiwiY2FwdGlvbiI6ZmFsc2UsImNyZWF0ZWRfdGltZXN0YW1wIjoxNTkwMjUxMDkzLCJjb3B5cmlnaHQiOmZhbHNlLCJmb2NhbF9sZW5ndGgiOiI1MCBtbSIsImlzbyI6NjQwLCJzaHV0dGVyX3NwZWVkIjoiMVwvMTAwMCBzZWMiLCJmbGFzaCI6Ik5vdCBmaXJlZCIsInRpdGxlIjpmYWxzZSwia2V5d29yZHMiOmZhbHNlLCJ3aWR0aCI6MTgwMCwiaGVpZ2h0IjoxMjAwLCJzYXZlZCI6dHJ1ZSwiYmFja3VwIjp7ImZpbGVuYW1lIjoiSU1HXzkyNjkuSlBHIiwid2lkdGgiOjUxODQsImhlaWdodCI6MzQ1NiwiZ2VuZXJhdGVkIjoiMC45Njk4MTkwMCAxNjI4MTQyODUyIn0sIm1kNSI6IjUzMWQzODgzOTViNGY5MTM2ZTk5NDczMGFhNDg2YWEwIiwiZnVsbCI6eyJ3aWR0aCI6MTgwMCwiaGVpZ2h0IjoxMjAwLCJtZDUiOiI1MzFkMzg4Mzk1YjRmOTEzNmU5OTQ3MzBhYTQ4NmFhMCJ9LCJ0aHVtYm5haWwiOnsid2lkdGgiOjI0MCwiaGVpZ2h0IjoxNjAsImZpbGVuYW1lIjoidGh1bWJzX0lNR185MjY5LkpQRyIsImdlbmVyYXRlZCI6IjAuNjAyNTkxMDAgMTYyODE0Mjg3MCJ9fQ==',849,1628144071),(14,'img_9318',0,2,'IMG_9318.JPG','','IMG_9318','2020-05-23 16:32:17',0,0,'eyJhcGVydHVyZSI6IkYgMi44IiwiY3JlZGl0IjpmYWxzZSwiY2FtZXJhIjoiQ2Fub24gRU9TIFJFQkVMIFQ1IiwiY2FwdGlvbiI6ZmFsc2UsImNyZWF0ZWRfdGltZXN0YW1wIjoxNTkwMjUxNTM3LCJjb3B5cmlnaHQiOmZhbHNlLCJmb2NhbF9sZW5ndGgiOiI1MCBtbSIsImlzbyI6MjUwLCJzaHV0dGVyX3NwZWVkIjoiMVwvMTAwMCBzZWMiLCJmbGFzaCI6Ik5vdCBmaXJlZCIsInRpdGxlIjpmYWxzZSwia2V5d29yZHMiOmZhbHNlLCJ3aWR0aCI6ODAwLCJoZWlnaHQiOjEyMDAsInNhdmVkIjp0cnVlLCJiYWNrdXAiOnsiZmlsZW5hbWUiOiJJTUdfOTMxOC5KUEciLCJ3aWR0aCI6NTE4NCwiaGVpZ2h0IjozNDU2LCJnZW5lcmF0ZWQiOiIwLjgwMTczMjAwIDE2MjgxNDI4NTgifSwibWQ1IjoiZTUwNDA3Zjc3ODUxNmVlYWRkODhhMjBmZjZjOTcyNjciLCJmdWxsIjp7IndpZHRoIjo4MDAsImhlaWdodCI6MTIwMCwibWQ1IjoiZTUwNDA3Zjc3ODUxNmVlYWRkODhhMjBmZjZjOTcyNjcifSwidGh1bWJuYWlsIjp7IndpZHRoIjoyNDAsImhlaWdodCI6MTYwLCJmaWxlbmFtZSI6InRodW1ic19JTUdfOTMxOC5KUEciLCJnZW5lcmF0ZWQiOiIwLjA3ODk0NzAwIDE2MjgxNDQwMTYiLCJjcm9wX2ZyYW1lIjp7IngiOjAsInkiOjIyMCwid2lkdGgiOjc5OSwiaGVpZ2h0Ijo1MzIsImZpbmFsX3dpZHRoIjoyNDAsImZpbmFsX2hlaWdodCI6MTYwfX0sIm5nZzBkeW4tNDUweDM1MC0wMGYwdzAxMGMwMTByMTEwZjExMHIwMTB0MDEwIjp7IndpZHRoIjoyMzMsImhlaWdodCI6MzUwLCJmaWxlbmFtZSI6IklNR185MzE4LkpQRy1uZ2dpZDAyMTQtbmdnMGR5bi00NTB4MzUwLTAwZjB3MDEwYzAxMHIxMTBmMTEwcjAxMHQwMTAuSlBHIiwiZ2VuZXJhdGVkIjoiMC4xMTMzOTgwMCAxNjI4MTQ0MDA5In19',850,1628144071),(16,'img_9270',0,2,'IMG_9270.JPG','','IMG_9270','2020-05-23 16:24:58',0,0,'eyJhcGVydHVyZSI6IkYgMi44IiwiY3JlZGl0IjpmYWxzZSwiY2FtZXJhIjoiQ2Fub24gRU9TIFJFQkVMIFQ1IiwiY2FwdGlvbiI6ZmFsc2UsImNyZWF0ZWRfdGltZXN0YW1wIjoxNTkwMjUxMDk4LCJjb3B5cmlnaHQiOmZhbHNlLCJmb2NhbF9sZW5ndGgiOiI1MCBtbSIsImlzbyI6NTAwLCJzaHV0dGVyX3NwZWVkIjoiMVwvMTAwMCBzZWMiLCJmbGFzaCI6Ik5vdCBmaXJlZCIsInRpdGxlIjpmYWxzZSwia2V5d29yZHMiOmZhbHNlLCJ3aWR0aCI6MTgwMCwiaGVpZ2h0IjoxMjAwLCJzYXZlZCI6dHJ1ZSwiYmFja3VwIjp7ImZpbGVuYW1lIjoiSU1HXzkyNzAuSlBHIiwid2lkdGgiOjUxODQsImhlaWdodCI6MzQ1NiwiZ2VuZXJhdGVkIjoiMC4xOTI5MTkwMCAxNjI4MTQyODU0In0sIm1kNSI6ImJlYzBhNjIwZmU1NzIxNzhkM2Q2YmM3YjU2YjNhZjMyIiwiZnVsbCI6eyJ3aWR0aCI6MTgwMCwiaGVpZ2h0IjoxMjAwLCJtZDUiOiJiZWMwYTYyMGZlNTcyMTc4ZDNkNmJjN2I1NmIzYWYzMiJ9LCJ0aHVtYm5haWwiOnsid2lkdGgiOjI0MCwiaGVpZ2h0IjoxNjAsImZpbGVuYW1lIjoidGh1bWJzX0lNR185MjcwLkpQRyIsImdlbmVyYXRlZCI6IjAuMjAxMjg5MDAgMTYyODE0Mjg4MCJ9fQ==',852,1628144071),(17,'img_9262',0,2,'IMG_9262.JPG','','IMG_9262','2020-05-23 16:23:36',0,0,'eyJhcGVydHVyZSI6IkYgMi44IiwiY3JlZGl0IjpmYWxzZSwiY2FtZXJhIjoiQ2Fub24gRU9TIFJFQkVMIFQ1IiwiY2FwdGlvbiI6ZmFsc2UsImNyZWF0ZWRfdGltZXN0YW1wIjoxNTkwMjUxMDE2LCJjb3B5cmlnaHQiOmZhbHNlLCJmb2NhbF9sZW5ndGgiOiI1MCBtbSIsImlzbyI6NTAwLCJzaHV0dGVyX3NwZWVkIjoiMVwvMTAwMCBzZWMiLCJmbGFzaCI6Ik5vdCBmaXJlZCIsInRpdGxlIjpmYWxzZSwia2V5d29yZHMiOmZhbHNlLCJ3aWR0aCI6ODAwLCJoZWlnaHQiOjEyMDAsInNhdmVkIjp0cnVlLCJiYWNrdXAiOnsiZmlsZW5hbWUiOiJJTUdfOTI2Mi5KUEciLCJ3aWR0aCI6NTE4NCwiaGVpZ2h0IjozNDU2LCJnZW5lcmF0ZWQiOiIwLjgwMzQxODAwIDE2MjgxNDI4NTgifSwibWQ1IjoiOWVmYTEyYTZjOTM4YTZmMjM4NzE3MzYwZjY1YWU4ZDMiLCJmdWxsIjp7IndpZHRoIjo4MDAsImhlaWdodCI6MTIwMCwibWQ1IjoiOWVmYTEyYTZjOTM4YTZmMjM4NzE3MzYwZjY1YWU4ZDMifSwidGh1bWJuYWlsIjp7IndpZHRoIjoyNDAsImhlaWdodCI6MTYwLCJmaWxlbmFtZSI6InRodW1ic19JTUdfOTI2Mi5KUEciLCJnZW5lcmF0ZWQiOiIwLjAyNTA1NjAwIDE2MjgxNDQwNTMiLCJjcm9wX2ZyYW1lIjp7IngiOjAsInkiOjQyMiwid2lkdGgiOjc5OSwiaGVpZ2h0Ijo1MzIsImZpbmFsX3dpZHRoIjoyNDAsImZpbmFsX2hlaWdodCI6MTYwfX0sIm5nZzBkeW4tNDUweDM1MC0wMGYwdzAxMGMwMTByMTEwZjExMHIwMTB0MDEwIjp7IndpZHRoIjoyMzMsImhlaWdodCI6MzUwLCJmaWxlbmFtZSI6IklNR185MjYyLkpQRy1uZ2dpZDAyMTctbmdnMGR5bi00NTB4MzUwLTAwZjB3MDEwYzAxMHIxMTBmMTEwcjAxMHQwMTAuSlBHIiwiZ2VuZXJhdGVkIjoiMC4zMzY3OTcwMCAxNjI4MTQ0MDQ3In19',854,1628144071),(18,'img_9265',0,2,'IMG_9265.JPG','','IMG_9265','2020-05-23 16:24:10',0,0,'eyJhcGVydHVyZSI6IkYgMi44IiwiY3JlZGl0IjpmYWxzZSwiY2FtZXJhIjoiQ2Fub24gRU9TIFJFQkVMIFQ1IiwiY2FwdGlvbiI6ZmFsc2UsImNyZWF0ZWRfdGltZXN0YW1wIjoxNTkwMjUxMDUwLCJjb3B5cmlnaHQiOmZhbHNlLCJmb2NhbF9sZW5ndGgiOiI1MCBtbSIsImlzbyI6NDAwLCJzaHV0dGVyX3NwZWVkIjoiMVwvMTAwMCBzZWMiLCJmbGFzaCI6Ik5vdCBmaXJlZCIsInRpdGxlIjpmYWxzZSwia2V5d29yZHMiOmZhbHNlLCJ3aWR0aCI6ODAwLCJoZWlnaHQiOjEyMDAsInNhdmVkIjp0cnVlLCJiYWNrdXAiOnsiZmlsZW5hbWUiOiJJTUdfOTI2NS5KUEciLCJ3aWR0aCI6NTE4NCwiaGVpZ2h0IjozNDU2LCJnZW5lcmF0ZWQiOiIwLjgxMzcxMDAwIDE2MjgxNDI4NjMifSwibWQ1IjoiMmRkMTMwYzdmZmFhZTBjMTdhMThjNDc5MWVlZGVkNzAiLCJmdWxsIjp7IndpZHRoIjo4MDAsImhlaWdodCI6MTIwMCwibWQ1IjoiMmRkMTMwYzdmZmFhZTBjMTdhMThjNDc5MWVlZGVkNzAifSwidGh1bWJuYWlsIjp7IndpZHRoIjoyNDAsImhlaWdodCI6MTYwLCJmaWxlbmFtZSI6InRodW1ic19JTUdfOTI2NS5KUEciLCJnZW5lcmF0ZWQiOiIwLjY5NDE1NTAwIDE2MjgxNDI4ODEifX0=',853,1628144071),(19,'img_9392',0,2,'IMG_9392.JPG','','IMG_9392','2020-05-23 16:44:09',0,0,'eyJhcGVydHVyZSI6IkYgMi44IiwiY3JlZGl0IjpmYWxzZSwiY2FtZXJhIjoiQ2Fub24gRU9TIFJFQkVMIFQ1IiwiY2FwdGlvbiI6ZmFsc2UsImNyZWF0ZWRfdGltZXN0YW1wIjoxNTkwMjUyMjQ5LCJjb3B5cmlnaHQiOmZhbHNlLCJmb2NhbF9sZW5ndGgiOiI1MCBtbSIsImlzbyI6MzIwLCJzaHV0dGVyX3NwZWVkIjoiMVwvMTAwMCBzZWMiLCJmbGFzaCI6Ik5vdCBmaXJlZCIsInRpdGxlIjpmYWxzZSwia2V5d29yZHMiOmZhbHNlLCJ3aWR0aCI6MTgwMCwiaGVpZ2h0IjoxMjAwLCJzYXZlZCI6dHJ1ZSwiYmFja3VwIjp7ImZpbGVuYW1lIjoiSU1HXzkzOTIuSlBHIiwid2lkdGgiOjUxODQsImhlaWdodCI6MzQ1NiwiZ2VuZXJhdGVkIjoiMC4zMTUxNzQwMCAxNjI4MTQyODgwIn0sIm1kNSI6IjBhNGVlYzA0OGM3YTQ4ZWI2MTAzYjZlYjRkZTkwZDc1IiwiZnVsbCI6eyJ3aWR0aCI6MTgwMCwiaGVpZ2h0IjoxMjAwLCJtZDUiOiIwYTRlZWMwNDhjN2E0OGViNjEwM2I2ZWI0ZGU5MGQ3NSJ9LCJ0aHVtYm5haWwiOnsid2lkdGgiOjI0MCwiaGVpZ2h0IjoxNjAsImZpbGVuYW1lIjoidGh1bWJzX0lNR185MzkyLkpQRyIsImdlbmVyYXRlZCI6IjAuNjcxODc1MDAgMTYyODE0NDA2NiIsImNyb3BfZnJhbWUiOnsieCI6MTA4LCJ5IjoxMDAsIndpZHRoIjoxNjQ0LCJoZWlnaHQiOjEwOTYsImZpbmFsX3dpZHRoIjoyNDAsImZpbmFsX2hlaWdodCI6MTYwfX0sIm5nZzBkeW4tNDUweDM1MC0wMGYwdzAxMGMwMTByMTEwZjExMHIwMTB0MDEwIjp7IndpZHRoIjo0NTAsImhlaWdodCI6MzAwLCJmaWxlbmFtZSI6IklNR185MzkyLkpQRy1uZ2dpZDAyMTktbmdnMGR5bi00NTB4MzUwLTAwZjB3MDEwYzAxMHIxMTBmMTEwcjAxMHQwMTAuSlBHIiwiZ2VuZXJhdGVkIjoiMC42MTg3ODkwMCAxNjI4MTQ0MDU4In19',855,1628144071),(22,'img_9665',0,3,'IMG_9665.JPG','','IMG_9665','2020-05-28 17:40:12',0,0,'eyJhcGVydHVyZSI6IkYgMy4yIiwiY3JlZGl0IjpmYWxzZSwiY2FtZXJhIjoiQ2Fub24gRU9TIFJFQkVMIFQ1IiwiY2FwdGlvbiI6ZmFsc2UsImNyZWF0ZWRfdGltZXN0YW1wIjoxNTkwNjg3NjEyLCJjb3B5cmlnaHQiOmZhbHNlLCJmb2NhbF9sZW5ndGgiOiI1MCBtbSIsImlzbyI6MTAwMCwic2h1dHRlcl9zcGVlZCI6IjFcLzEyNTAgc2VjIiwiZmxhc2giOiJOb3QgZmlyZWQiLCJ0aXRsZSI6ZmFsc2UsImtleXdvcmRzIjpmYWxzZSwid2lkdGgiOjEyMDAsImhlaWdodCI6MTgwMCwiYmFja3VwIjp7ImZpbGVuYW1lIjoiSU1HXzk2NjUuSlBHIiwid2lkdGgiOjUxODQsImhlaWdodCI6MzQ1NiwiZ2VuZXJhdGVkIjoiMC42NTQwNTYwMCAxNjI4MTQzMjUzIn0sIm1kNSI6IjVmZDhmY2Y3NWQ2NDQ5Mzk5MTA4MDViZmIxZDQ2MjUxIiwiZnVsbCI6eyJ3aWR0aCI6MTIwMCwiaGVpZ2h0IjoxODAwLCJtZDUiOiI1ZmQ4ZmNmNzVkNjQ0OTM5OTEwODA1YmZiMWQ0NjI1MSJ9LCJuZ2cwZHluLTQ1MHgzNTAtMDBmMHcwMTBjMDEwcjExMGYxMTByMDEwdDAxMCI6eyJ3aWR0aCI6MjMzLCJoZWlnaHQiOjM1MCwiZmlsZW5hbWUiOiJJTUdfOTY2NS5KUEctbmdnaWQwMjIyLW5nZzBkeW4tNDUweDM1MC0wMGYwdzAxMGMwMTByMTEwZjExMHIwMTB0MDEwLkpQRyIsImdlbmVyYXRlZCI6IjAuNzc0NTMxMDAgMTYyODE0MzU1NiJ9LCJzYXZlZCI6dHJ1ZSwidGh1bWJuYWlsIjp7IndpZHRoIjoyNDAsImhlaWdodCI6MTYwLCJmaWxlbmFtZSI6InRodW1ic19JTUdfOTY2NS5KUEciLCJnZW5lcmF0ZWQiOiIwLjQ5MTY2MDAwIDE2MjgxNDM5NzEiLCJjcm9wX2ZyYW1lIjp7IngiOjAsInkiOjczNiwid2lkdGgiOjEwODIsImhlaWdodCI6NzIxLCJmaW5hbF93aWR0aCI6MjQwLCJmaW5hbF9oZWlnaHQiOjE2MH19fQ==',859,1628143971),(23,'img_9650',0,3,'IMG_9650.JPG','','IMG_9650','2020-05-28 17:38:05',0,0,'eyJhcGVydHVyZSI6IkYgMy4yIiwiY3JlZGl0IjpmYWxzZSwiY2FtZXJhIjoiQ2Fub24gRU9TIFJFQkVMIFQ1IiwiY2FwdGlvbiI6ZmFsc2UsImNyZWF0ZWRfdGltZXN0YW1wIjoxNTkwNjg3NDg1LCJjb3B5cmlnaHQiOmZhbHNlLCJmb2NhbF9sZW5ndGgiOiI1MCBtbSIsImlzbyI6MTI1MCwic2h1dHRlcl9zcGVlZCI6IjFcLzEyNTAgc2VjIiwiZmxhc2giOiJOb3QgZmlyZWQiLCJ0aXRsZSI6ZmFsc2UsImtleXdvcmRzIjpmYWxzZSwid2lkdGgiOjEyMDAsImhlaWdodCI6MTgwMCwiYmFja3VwIjp7ImZpbGVuYW1lIjoiSU1HXzk2NTAuSlBHIiwid2lkdGgiOjUxODQsImhlaWdodCI6MzQ1NiwiZ2VuZXJhdGVkIjoiMC4yOTcxNTkwMCAxNjI4MTQzMjYyIn0sIm1kNSI6IjUwMTk5OTZiNjlkZWNhMDA2NjlhNjU2YjM5ZjhkZmE0IiwiZnVsbCI6eyJ3aWR0aCI6MTIwMCwiaGVpZ2h0IjoxODAwLCJtZDUiOiI1MDE5OTk2YjY5ZGVjYTAwNjY5YTY1NmIzOWY4ZGZhNCJ9LCJzYXZlZCI6dHJ1ZSwibmdnMGR5bi00NTB4MzUwLTAwZjB3MDEwYzAxMHIxMTBmMTEwcjAxMHQwMTAiOnsid2lkdGgiOjIzMywiaGVpZ2h0IjozNTAsImZpbGVuYW1lIjoiSU1HXzk2NTAuSlBHLW5nZ2lkMDIyMy1uZ2cwZHluLTQ1MHgzNTAtMDBmMHcwMTBjMDEwcjExMGYxMTByMDEwdDAxMC5KUEciLCJnZW5lcmF0ZWQiOiIwLjQ4Nzg0MzAwIDE2MjgxNDM5NzkifSwidGh1bWJuYWlsIjp7IndpZHRoIjoyNDAsImhlaWdodCI6MTYwLCJmaWxlbmFtZSI6InRodW1ic19JTUdfOTY1MC5KUEciLCJnZW5lcmF0ZWQiOiIwLjI0MzQ0MjAwIDE2MjgxNDM5ODYiLCJjcm9wX2ZyYW1lIjp7IngiOjAsInkiOjY0OSwid2lkdGgiOjExOTAsImhlaWdodCI6NzkzLCJmaW5hbF93aWR0aCI6MjQwLCJmaW5hbF9oZWlnaHQiOjE2MH19fQ==',860,1628143986),(24,'img_9675',0,3,'IMG_9675.JPG','','IMG_9675','2020-05-28 17:45:07',0,0,'eyJhcGVydHVyZSI6IkYgMy4yIiwiY3JlZGl0IjpmYWxzZSwiY2FtZXJhIjoiQ2Fub24gRU9TIFJFQkVMIFQ1IiwiY2FwdGlvbiI6ZmFsc2UsImNyZWF0ZWRfdGltZXN0YW1wIjoxNTkwNjg3OTA3LCJjb3B5cmlnaHQiOmZhbHNlLCJmb2NhbF9sZW5ndGgiOiI1MCBtbSIsImlzbyI6MTAwMCwic2h1dHRlcl9zcGVlZCI6IjFcLzE2MDAgc2VjIiwiZmxhc2giOiJOb3QgZmlyZWQiLCJ0aXRsZSI6ZmFsc2UsImtleXdvcmRzIjpmYWxzZSwid2lkdGgiOjEyMDAsImhlaWdodCI6MTgwMCwiYmFja3VwIjp7ImZpbGVuYW1lIjoiSU1HXzk2NzUuSlBHIiwid2lkdGgiOjUxODQsImhlaWdodCI6MzQ1NiwiZ2VuZXJhdGVkIjoiMC42NjEzNDMwMCAxNjI4MTQzMjU4In0sIm1kNSI6IjBmNTdkYmUwNmQwNzlkMGM5MDlhMzgwYjI3NWNiYjZhIiwiZnVsbCI6eyJ3aWR0aCI6MTIwMCwiaGVpZ2h0IjoxODAwLCJtZDUiOiIwZjU3ZGJlMDZkMDc5ZDBjOTA5YTM4MGIyNzVjYmI2YSJ9LCJzYXZlZCI6dHJ1ZX0=',861,1628143960),(25,'img_9710',0,3,'IMG_9710.JPG','','IMG_9710','2020-05-28 17:58:35',0,0,'eyJhcGVydHVyZSI6IkYgMy4yIiwiY3JlZGl0IjpmYWxzZSwiY2FtZXJhIjoiQ2Fub24gRU9TIFJFQkVMIFQ1IiwiY2FwdGlvbiI6ZmFsc2UsImNyZWF0ZWRfdGltZXN0YW1wIjoxNTkwNjg4NzE1LCJjb3B5cmlnaHQiOmZhbHNlLCJmb2NhbF9sZW5ndGgiOiI1MCBtbSIsImlzbyI6NTAwLCJzaHV0dGVyX3NwZWVkIjoiMVwvNjQwIHNlYyIsImZsYXNoIjoiTm90IGZpcmVkIiwidGl0bGUiOmZhbHNlLCJrZXl3b3JkcyI6ZmFsc2UsIndpZHRoIjoxMjAwLCJoZWlnaHQiOjE4MDAsImJhY2t1cCI6eyJmaWxlbmFtZSI6IklNR185NzEwLkpQRyIsIndpZHRoIjo1MTg0LCJoZWlnaHQiOjM0NTYsImdlbmVyYXRlZCI6IjAuMjk3ODY5MDAgMTYyODE0MzI2MiJ9LCJtZDUiOiJhYzkxNzJkN2MxMzdmM2UzMDI2OWFmODdkNTU0NmNhZSIsImZ1bGwiOnsid2lkdGgiOjEyMDAsImhlaWdodCI6MTgwMCwibWQ1IjoiYWM5MTcyZDdjMTM3ZjNlMzAyNjlhZjg3ZDU1NDZjYWUifSwic2F2ZWQiOnRydWV9',862,1628143960),(27,'img_9645',0,3,'IMG_9645.JPG','','IMG_9645','2020-05-28 17:36:01',0,0,'eyJhcGVydHVyZSI6IkYgMy4yIiwiY3JlZGl0IjpmYWxzZSwiY2FtZXJhIjoiQ2Fub24gRU9TIFJFQkVMIFQ1IiwiY2FwdGlvbiI6ZmFsc2UsImNyZWF0ZWRfdGltZXN0YW1wIjoxNTkwNjg3MzYxLCJjb3B5cmlnaHQiOmZhbHNlLCJmb2NhbF9sZW5ndGgiOiI1MCBtbSIsImlzbyI6MTI1MCwic2h1dHRlcl9zcGVlZCI6IjFcLzEyNTAgc2VjIiwiZmxhc2giOiJOb3QgZmlyZWQiLCJ0aXRsZSI6ZmFsc2UsImtleXdvcmRzIjpmYWxzZSwid2lkdGgiOjgwMCwiaGVpZ2h0IjoxMjAwLCJzYXZlZCI6dHJ1ZSwiYmFja3VwIjp7ImZpbGVuYW1lIjoiSU1HXzk2NDUuSlBHIiwid2lkdGgiOjUxODQsImhlaWdodCI6MzQ1NiwiZ2VuZXJhdGVkIjoiMC4wNzM4NjUwMCAxNjI4MTQzMzM4In0sIm1kNSI6ImZkZTc3NWE3MGM3ODM0MjJiY2Y4MmFhMGMxMmQ2MjVhIiwiZnVsbCI6eyJ3aWR0aCI6ODAwLCJoZWlnaHQiOjEyMDAsIm1kNSI6ImZkZTc3NWE3MGM3ODM0MjJiY2Y4MmFhMGMxMmQ2MjVhIn0sInRodW1ibmFpbCI6eyJ3aWR0aCI6MjQwLCJoZWlnaHQiOjE2MCwiZmlsZW5hbWUiOiJ0aHVtYnNfSU1HXzk2NDUuSlBHIiwiZ2VuZXJhdGVkIjoiMC4yOTQzMDIwMCAxNjI4MTQzMzQwIn19',864,1628143960),(28,'1_img_9686',0,3,'1_IMG_9686.JPG','','1_IMG_9686','2020-05-28 17:46:22',0,0,'eyJhcGVydHVyZSI6IkYgMy4yIiwiY3JlZGl0IjpmYWxzZSwiY2FtZXJhIjoiQ2Fub24gRU9TIFJFQkVMIFQ1IiwiY2FwdGlvbiI6ZmFsc2UsImNyZWF0ZWRfdGltZXN0YW1wIjoxNTkwNjg3OTgyLCJjb3B5cmlnaHQiOmZhbHNlLCJmb2NhbF9sZW5ndGgiOiI1MCBtbSIsImlzbyI6MTI1MCwic2h1dHRlcl9zcGVlZCI6IjFcLzE2MDAgc2VjIiwiZmxhc2giOiJOb3QgZmlyZWQiLCJ0aXRsZSI6ZmFsc2UsImtleXdvcmRzIjpmYWxzZSwid2lkdGgiOjgwMCwiaGVpZ2h0IjoxMjAwLCJzYXZlZCI6dHJ1ZSwiYmFja3VwIjp7ImZpbGVuYW1lIjoiMV9JTUdfOTY4Ni5KUEciLCJ3aWR0aCI6NTE4NCwiaGVpZ2h0IjozNDU2LCJnZW5lcmF0ZWQiOiIwLjY2NDU1MjAwIDE2MjgxNDM1MTQifSwibWQ1IjoiMWNkOGM3MGQ0NTZjNzM5OWQ5NDgxNzEwYWE1NWEyNzIiLCJmdWxsIjp7IndpZHRoIjo4MDAsImhlaWdodCI6MTIwMCwibWQ1IjoiMWNkOGM3MGQ0NTZjNzM5OWQ5NDgxNzEwYWE1NWEyNzIifSwidGh1bWJuYWlsIjp7IndpZHRoIjoyNDAsImhlaWdodCI6MTYwLCJmaWxlbmFtZSI6InRodW1ic18xX0lNR185Njg2LkpQRyIsImdlbmVyYXRlZCI6IjAuMTYzNDMyMDAgMTYyODE0MzkyOCIsImNyb3BfZnJhbWUiOnsieCI6MCwieSI6MjAyLCJ3aWR0aCI6Nzk5LCJoZWlnaHQiOjUzMiwiZmluYWxfd2lkdGgiOjI0MCwiZmluYWxfaGVpZ2h0IjoxNjB9fSwibmdnMGR5bi00NTB4MzUwLTAwZjB3MDEwYzAxMHIxMTBmMTEwcjAxMHQwMTAiOnsid2lkdGgiOjIzMywiaGVpZ2h0IjozNTAsImZpbGVuYW1lIjoiMV9JTUdfOTY4Ni5KUEctbmdnaWQwMjI4LW5nZzBkeW4tNDUweDM1MC0wMGYwdzAxMGMwMTByMTEwZjExMHIwMTB0MDEwLkpQRyIsImdlbmVyYXRlZCI6IjAuNTEyMjk5MDAgMTYyODE0MzkxNyJ9fQ==',865,1628143960),(29,'1_img_9725',0,3,'1_IMG_9725.JPG','','1_IMG_9725','2020-05-28 18:00:48',0,0,'eyJhcGVydHVyZSI6IkYgMy4yIiwiY3JlZGl0IjpmYWxzZSwiY2FtZXJhIjoiQ2Fub24gRU9TIFJFQkVMIFQ1IiwiY2FwdGlvbiI6ZmFsc2UsImNyZWF0ZWRfdGltZXN0YW1wIjoxNTkwNjg4ODQ4LCJjb3B5cmlnaHQiOmZhbHNlLCJmb2NhbF9sZW5ndGgiOiI1MCBtbSIsImlzbyI6MTAwMCwic2h1dHRlcl9zcGVlZCI6IjFcLzY0MCBzZWMiLCJmbGFzaCI6Ik5vdCBmaXJlZCIsInRpdGxlIjpmYWxzZSwia2V5d29yZHMiOmZhbHNlLCJ3aWR0aCI6ODAwLCJoZWlnaHQiOjEyMDAsInNhdmVkIjp0cnVlLCJiYWNrdXAiOnsiZmlsZW5hbWUiOiIxX0lNR185NzI1LkpQRyIsIndpZHRoIjo1MTg0LCJoZWlnaHQiOjM0NTYsImdlbmVyYXRlZCI6IjAuNzI3NTI5MDAgMTYyODE0MzUxNCJ9LCJtZDUiOiIzZDBjM2RhNmFjODYzMzZlZjQ2OTgxMDRmNjMzMTljZiIsImZ1bGwiOnsid2lkdGgiOjgwMCwiaGVpZ2h0IjoxMjAwLCJtZDUiOiIzZDBjM2RhNmFjODYzMzZlZjQ2OTgxMDRmNjMzMTljZiJ9LCJ0aHVtYm5haWwiOnsid2lkdGgiOjI0MCwiaGVpZ2h0IjoxNjAsImZpbGVuYW1lIjoidGh1bWJzXzFfSU1HXzk3MjUuSlBHIiwiZ2VuZXJhdGVkIjoiMC43NjM3OTMwMCAxNjI4MTQzOTQyIiwiY3JvcF9mcmFtZSI6eyJ4IjowLCJ5IjoyODEsIndpZHRoIjo3OTksImhlaWdodCI6NTMyLCJmaW5hbF93aWR0aCI6MjQwLCJmaW5hbF9oZWlnaHQiOjE2MH19LCJuZ2cwZHluLTQ1MHgzNTAtMDBmMHcwMTBjMDEwcjExMGYxMTByMDEwdDAxMCI6eyJ3aWR0aCI6MjMzLCJoZWlnaHQiOjM1MCwiZmlsZW5hbWUiOiIxX0lNR185NzI1LkpQRy1uZ2dpZDAyMjktbmdnMGR5bi00NTB4MzUwLTAwZjB3MDEwYzAxMHIxMTBmMTEwcjAxMHQwMTAuSlBHIiwiZ2VuZXJhdGVkIjoiMC41NTgxNDYwMCAxNjI4MTQzOTM1In19',866,1628143960),(30,'img_9700',0,3,'IMG_9700.JPG','','IMG_9700','2020-05-28 17:49:46',0,0,'eyJhcGVydHVyZSI6IkYgMy4yIiwiY3JlZGl0IjpmYWxzZSwiY2FtZXJhIjoiQ2Fub24gRU9TIFJFQkVMIFQ1IiwiY2FwdGlvbiI6ZmFsc2UsImNyZWF0ZWRfdGltZXN0YW1wIjoxNTkwNjg4MTg2LCJjb3B5cmlnaHQiOmZhbHNlLCJmb2NhbF9sZW5ndGgiOiI1MCBtbSIsImlzbyI6MTI1MCwic2h1dHRlcl9zcGVlZCI6IjFcLzY0MCBzZWMiLCJmbGFzaCI6Ik5vdCBmaXJlZCIsInRpdGxlIjpmYWxzZSwia2V5d29yZHMiOmZhbHNlLCJ3aWR0aCI6ODAwLCJoZWlnaHQiOjEyMDAsInNhdmVkIjp0cnVlLCJiYWNrdXAiOnsiZmlsZW5hbWUiOiJJTUdfOTcwMC5KUEciLCJ3aWR0aCI6NTE4NCwiaGVpZ2h0IjozNDU2LCJnZW5lcmF0ZWQiOiIwLjcyNzA3NzAwIDE2MjgxNDM1MTQifSwibWQ1IjoiNDY5NDdlNGNiYmMzZTUyM2VhNDc0Mzg4ZWQwMzVhMjgiLCJmdWxsIjp7IndpZHRoIjo4MDAsImhlaWdodCI6MTIwMCwibWQ1IjoiNDY5NDdlNGNiYmMzZTUyM2VhNDc0Mzg4ZWQwMzVhMjgifSwidGh1bWJuYWlsIjp7IndpZHRoIjoyNDAsImhlaWdodCI6MTYwLCJmaWxlbmFtZSI6InRodW1ic19JTUdfOTcwMC5KUEciLCJnZW5lcmF0ZWQiOiIwLjgwNjkwOTAwIDE2MjgxNDM5NTYiLCJjcm9wX2ZyYW1lIjp7IngiOjAsInkiOjEzNywid2lkdGgiOjc5OSwiaGVpZ2h0Ijo1MzIsImZpbmFsX3dpZHRoIjoyNDAsImZpbmFsX2hlaWdodCI6MTYwfX0sIm5nZzBkeW4tNDUweDM1MC0wMGYwdzAxMGMwMTByMTEwZjExMHIwMTB0MDEwIjp7IndpZHRoIjoyMzMsImhlaWdodCI6MzUwLCJmaWxlbmFtZSI6IklNR185NzAwLkpQRy1uZ2dpZDAyMzAtbmdnMGR5bi00NTB4MzUwLTAwZjB3MDEwYzAxMHIxMTBmMTEwcjAxMHQwMTAuSlBHIiwiZ2VuZXJhdGVkIjoiMC43NDQ0ODUwMCAxNjI4MTQzOTQ3In19',867,1628143961),(31,'img_9008',0,6,'IMG_9008.JPG','','IMG_9008','2020-05-20 10:50:27',0,0,'eyJhcGVydHVyZSI6IkYgMy41IiwiY3JlZGl0IjpmYWxzZSwiY2FtZXJhIjoiQ2Fub24gRU9TIFJFQkVMIFQ1IiwiY2FwdGlvbiI6ZmFsc2UsImNyZWF0ZWRfdGltZXN0YW1wIjoxNTg5OTcxODI3LCJjb3B5cmlnaHQiOmZhbHNlLCJmb2NhbF9sZW5ndGgiOiI1MCBtbSIsImlzbyI6MTI1LCJzaHV0dGVyX3NwZWVkIjoiMVwvODAwIHNlYyIsImZsYXNoIjoiTm90IGZpcmVkIiwidGl0bGUiOmZhbHNlLCJrZXl3b3JkcyI6ZmFsc2UsIndpZHRoIjo4MDAsImhlaWdodCI6MTIwMCwic2F2ZWQiOnRydWUsImJhY2t1cCI6eyJmaWxlbmFtZSI6IklNR185MDA4LkpQRyIsIndpZHRoIjo1MTg0LCJoZWlnaHQiOjM0NTYsImdlbmVyYXRlZCI6IjAuOTEzNzY2MDAgMTYyODE0NDQ2MyJ9LCJtZDUiOiI1MmZkNmU4MTNhZDkwZjRjZmU5NDE1OTg1YjFjNWMzMyIsImZ1bGwiOnsid2lkdGgiOjgwMCwiaGVpZ2h0IjoxMjAwLCJtZDUiOiI1MmZkNmU4MTNhZDkwZjRjZmU5NDE1OTg1YjFjNWMzMyJ9LCJ0aHVtYm5haWwiOnsid2lkdGgiOjI0MCwiaGVpZ2h0IjoxNjAsImZpbGVuYW1lIjoidGh1bWJzX0lNR185MDA4LkpQRyIsImdlbmVyYXRlZCI6IjAuNzgzNDUyMDAgMTYyODE0NDQ3MyJ9fQ==',873,1628144538),(32,'img_9016',0,6,'IMG_9016.JPG','','IMG_9016','2020-05-20 10:52:28',0,0,'eyJhcGVydHVyZSI6IkYgMy41IiwiY3JlZGl0IjpmYWxzZSwiY2FtZXJhIjoiQ2Fub24gRU9TIFJFQkVMIFQ1IiwiY2FwdGlvbiI6ZmFsc2UsImNyZWF0ZWRfdGltZXN0YW1wIjoxNTg5OTcxOTQ4LCJjb3B5cmlnaHQiOmZhbHNlLCJmb2NhbF9sZW5ndGgiOiI1MCBtbSIsImlzbyI6MTAwLCJzaHV0dGVyX3NwZWVkIjoiMVwvODAwIHNlYyIsImZsYXNoIjoiTm90IGZpcmVkIiwidGl0bGUiOmZhbHNlLCJrZXl3b3JkcyI6ZmFsc2UsIndpZHRoIjo4MDAsImhlaWdodCI6MTIwMCwic2F2ZWQiOnRydWUsImJhY2t1cCI6eyJmaWxlbmFtZSI6IklNR185MDE2LkpQRyIsIndpZHRoIjo1MTg0LCJoZWlnaHQiOjM0NTYsImdlbmVyYXRlZCI6IjAuMTg4NjExMDAgMTYyODE0NDQ2MyJ9LCJtZDUiOiIxNmFhYmVhNzA0OTExZGU1NTU4M2M3NjZjZmRkOTFhNyIsImZ1bGwiOnsid2lkdGgiOjgwMCwiaGVpZ2h0IjoxMjAwLCJtZDUiOiIxNmFhYmVhNzA0OTExZGU1NTU4M2M3NjZjZmRkOTFhNyJ9LCJ0aHVtYm5haWwiOnsid2lkdGgiOjI0MCwiaGVpZ2h0IjoxNjAsImZpbGVuYW1lIjoidGh1bWJzX0lNR185MDE2LkpQRyIsImdlbmVyYXRlZCI6IjAuNjI4MDY1MDAgMTYyODE0NDQ3MyJ9fQ==',874,1628144538),(33,'img_9048',0,6,'IMG_9048.JPG','','IMG_9048','2020-05-20 11:00:14',0,0,'eyJhcGVydHVyZSI6IkYgMy4yIiwiY3JlZGl0IjpmYWxzZSwiY2FtZXJhIjoiQ2Fub24gRU9TIFJFQkVMIFQ1IiwiY2FwdGlvbiI6ZmFsc2UsImNyZWF0ZWRfdGltZXN0YW1wIjoxNTg5OTcyNDE0LCJjb3B5cmlnaHQiOmZhbHNlLCJmb2NhbF9sZW5ndGgiOiI1MCBtbSIsImlzbyI6MjAwLCJzaHV0dGVyX3NwZWVkIjoiMVwvODAwIHNlYyIsImZsYXNoIjoiTm90IGZpcmVkIiwidGl0bGUiOmZhbHNlLCJrZXl3b3JkcyI6ZmFsc2UsIndpZHRoIjo4MDAsImhlaWdodCI6MTIwMCwic2F2ZWQiOnRydWUsImJhY2t1cCI6eyJmaWxlbmFtZSI6IklNR185MDQ4LkpQRyIsIndpZHRoIjo1MTg0LCJoZWlnaHQiOjM0NTYsImdlbmVyYXRlZCI6IjAuMDMzNDE3MDAgMTYyODE0NDQ2OSJ9LCJtZDUiOiIyZWI0ZWRkYzFiZDIwYmQwNWFiNjM3NDA0NTNmOTFhYyIsImZ1bGwiOnsid2lkdGgiOjgwMCwiaGVpZ2h0IjoxMjAwLCJtZDUiOiIyZWI0ZWRkYzFiZDIwYmQwNWFiNjM3NDA0NTNmOTFhYyJ9LCJ0aHVtYm5haWwiOnsid2lkdGgiOjI0MCwiaGVpZ2h0IjoxNjAsImZpbGVuYW1lIjoidGh1bWJzX0lNR185MDQ4LkpQRyIsImdlbmVyYXRlZCI6IjAuOTA5NTc3MDAgMTYyODE0NDUyMSIsImNyb3BfZnJhbWUiOnsieCI6MCwieSI6MjMzLCJ3aWR0aCI6Nzk5LCJoZWlnaHQiOjUzMiwiZmluYWxfd2lkdGgiOjI0MCwiZmluYWxfaGVpZ2h0IjoxNjB9fSwibmdnMGR5bi00NTB4MzUwLTAwZjB3MDEwYzAxMHIxMTBmMTEwcjAxMHQwMTAiOnsid2lkdGgiOjIzMywiaGVpZ2h0IjozNTAsImZpbGVuYW1lIjoiSU1HXzkwNDguSlBHLW5nZ2lkMDIzMy1uZ2cwZHluLTQ1MHgzNTAtMDBmMHcwMTBjMDEwcjExMGYxMTByMDEwdDAxMC5KUEciLCJnZW5lcmF0ZWQiOiIwLjAzMjQ2MTAwIDE2MjgxNDQ1MTMifX0=',875,1628144538),(34,'img_9111',0,6,'IMG_9111.JPG','','IMG_9111','2020-05-20 11:45:36',0,0,'eyJhcGVydHVyZSI6IkYgMy4yIiwiY3JlZGl0IjpmYWxzZSwiY2FtZXJhIjoiQ2Fub24gRU9TIFJFQkVMIFQ1IiwiY2FwdGlvbiI6ZmFsc2UsImNyZWF0ZWRfdGltZXN0YW1wIjoxNTg5OTc1MTM2LCJjb3B5cmlnaHQiOmZhbHNlLCJmb2NhbF9sZW5ndGgiOiI1MCBtbSIsImlzbyI6NjQwLCJzaHV0dGVyX3NwZWVkIjoiMVwvMTAwMCBzZWMiLCJmbGFzaCI6Ik5vdCBmaXJlZCIsInRpdGxlIjpmYWxzZSwia2V5d29yZHMiOmZhbHNlLCJ3aWR0aCI6MTgwMCwiaGVpZ2h0IjoxMjAwLCJzYXZlZCI6dHJ1ZSwiYmFja3VwIjp7ImZpbGVuYW1lIjoiSU1HXzkxMTEuSlBHIiwid2lkdGgiOjUxODQsImhlaWdodCI6MzQ1NiwiZ2VuZXJhdGVkIjoiMC43ODgxMjAwMCAxNjI4MTQ0NDk1In0sIm1kNSI6IjZmYjYwZDkyM2FmZmI1YmE4MzUwMDBkZGUyNzRmOWU2IiwiZnVsbCI6eyJ3aWR0aCI6MTgwMCwiaGVpZ2h0IjoxMjAwLCJtZDUiOiI2ZmI2MGQ5MjNhZmZiNWJhODM1MDAwZGRlMjc0ZjllNiJ9LCJ0aHVtYm5haWwiOnsid2lkdGgiOjI0MCwiaGVpZ2h0IjoxNjAsImZpbGVuYW1lIjoidGh1bWJzX0lNR185MTExLkpQRyIsImdlbmVyYXRlZCI6IjAuNDUzMjk5MDAgMTYyODE0NDUzNSIsImNyb3BfZnJhbWUiOnsieCI6Mzg4LCJ5IjoyMCwid2lkdGgiOjE0MTIsImhlaWdodCI6OTQwLCJmaW5hbF93aWR0aCI6MjQwLCJmaW5hbF9oZWlnaHQiOjE2MH19LCJuZ2cwZHluLTQ1MHgzNTAtMDBmMHcwMTBjMDEwcjExMGYxMTByMDEwdDAxMCI6eyJ3aWR0aCI6NDUwLCJoZWlnaHQiOjMwMCwiZmlsZW5hbWUiOiJJTUdfOTExMS5KUEctbmdnaWQwMjM0LW5nZzBkeW4tNDUweDM1MC0wMGYwdzAxMGMwMTByMTEwZjExMHIwMTB0MDEwLkpQRyIsImdlbmVyYXRlZCI6IjAuOTM3NDA1MDAgMTYyODE0NDUyOSJ9fQ==',876,1628144538),(35,'elena2',0,7,'Elena2.jpg','','Elena2','2021-08-05 19:59:43',0,5,'eyJhcGVydHVyZSI6ZmFsc2UsImNyZWRpdCI6ZmFsc2UsImNhbWVyYSI6ZmFsc2UsImNhcHRpb24iOmZhbHNlLCJjcmVhdGVkX3RpbWVzdGFtcCI6ZmFsc2UsImNvcHlyaWdodCI6ZmFsc2UsImZvY2FsX2xlbmd0aCI6ZmFsc2UsImlzbyI6ZmFsc2UsInNodXR0ZXJfc3BlZWQiOmZhbHNlLCJmbGFzaCI6ZmFsc2UsInRpdGxlIjpmYWxzZSwia2V5d29yZHMiOmZhbHNlLCJ3aWR0aCI6MTA0NywiaGVpZ2h0Ijo1NDMsInNhdmVkIjp0cnVlLCJiYWNrdXAiOnsiZmlsZW5hbWUiOiJFbGVuYTIuanBnIiwid2lkdGgiOjEwNDcsImhlaWdodCI6NTQzLCJnZW5lcmF0ZWQiOiIwLjE1NzE2MDAwIDE2MjgxOTM1ODMifSwibWQ1IjoiYWQzMmU5ZmQ2NTEyMmFkMWUwNTI5OTY4ZWZjODRhZjYiLCJmdWxsIjp7IndpZHRoIjoxMDQ3LCJoZWlnaHQiOjU0MywibWQ1IjoiYWQzMmU5ZmQ2NTEyMmFkMWUwNTI5OTY4ZWZjODRhZjYifSwidGh1bWJuYWlsIjp7IndpZHRoIjoyNDAsImhlaWdodCI6MTYwLCJmaWxlbmFtZSI6InRodW1ic19FbGVuYTIuanBnIiwiZ2VuZXJhdGVkIjoiMC45MDc1MTUwMCAxNjI4MTkzNjg3IiwiY3JvcF9mcmFtZSI6eyJ4Ijo0NTksInkiOjc1LCJ3aWR0aCI6NTY2LCJoZWlnaHQiOjM3NywiZmluYWxfd2lkdGgiOjI0MCwiZmluYWxfaGVpZ2h0IjoxNjB9fSwibmdnMGR5bi00NTB4MzUwLTAwZjB3MDEwYzAxMHIxMTBmMTEwcjAxMHQwMTAiOnsid2lkdGgiOjQ1MCwiaGVpZ2h0IjoyMzMsImZpbGVuYW1lIjoiRWxlbmEyLmpwZy1uZ2dpZDAyMzUtbmdnMGR5bi00NTB4MzUwLTAwZjB3MDEwYzAxMHIxMTBmMTEwcjAxMHQwMTAuanBnIiwiZ2VuZXJhdGVkIjoiMC4zMjE3NzgwMCAxNjI4MTkzNjc2In19',887,1628193820),(36,'janae-2',0,7,'Janae-2.jpg','','Janae-2','2021-08-05 19:59:43',0,6,'eyJhcGVydHVyZSI6ZmFsc2UsImNyZWRpdCI6ZmFsc2UsImNhbWVyYSI6ZmFsc2UsImNhcHRpb24iOmZhbHNlLCJjcmVhdGVkX3RpbWVzdGFtcCI6ZmFsc2UsImNvcHlyaWdodCI6ZmFsc2UsImZvY2FsX2xlbmd0aCI6ZmFsc2UsImlzbyI6ZmFsc2UsInNodXR0ZXJfc3BlZWQiOmZhbHNlLCJmbGFzaCI6ZmFsc2UsInRpdGxlIjpmYWxzZSwia2V5d29yZHMiOmZhbHNlLCJ3aWR0aCI6ODI3LCJoZWlnaHQiOjk2OCwic2F2ZWQiOnRydWUsImJhY2t1cCI6eyJmaWxlbmFtZSI6IkphbmFlLTIuanBnIiwid2lkdGgiOjgyNywiaGVpZ2h0Ijo5NjgsImdlbmVyYXRlZCI6IjAuNjc4Mjg0MDAgMTYyODE5MzU4MyJ9LCJtZDUiOiI5ZTgzMWE4OTU4MDYzZTFmNjQ4Y2UwZGUxYWQ4MjcxZCIsImZ1bGwiOnsid2lkdGgiOjgyNywiaGVpZ2h0Ijo5NjgsIm1kNSI6IjllODMxYTg5NTgwNjNlMWY2NDhjZTBkZTFhZDgyNzFkIn0sInRodW1ibmFpbCI6eyJ3aWR0aCI6MjQwLCJoZWlnaHQiOjE2MCwiZmlsZW5hbWUiOiJ0aHVtYnNfSmFuYWUtMi5qcGciLCJnZW5lcmF0ZWQiOiIwLjA3NTkzOTAwIDE2MjgxOTM4MTIiLCJjcm9wX2ZyYW1lIjp7IngiOjEwMCwieSI6MTksIndpZHRoIjo2NzksImhlaWdodCI6NDUyLCJmaW5hbF93aWR0aCI6MjQwLCJmaW5hbF9oZWlnaHQiOjE2MH19LCJuZ2cwZHluLTQ1MHgzNTAtMDBmMHcwMTBjMDEwcjExMGYxMTByMDEwdDAxMCI6eyJ3aWR0aCI6Mjk5LCJoZWlnaHQiOjM1MCwiZmlsZW5hbWUiOiJKYW5hZS0yLmpwZy1uZ2dpZDAyMzYtbmdnMGR5bi00NTB4MzUwLTAwZjB3MDEwYzAxMHIxMTBmMTEwcjAxMHQwMTAuanBnIiwiZ2VuZXJhdGVkIjoiMC4zMDMxODcwMCAxNjI4MTkzODAzIn19',888,1628193820),(37,'analee2-2',0,7,'Analee2-2.jpg','','Analee2-2','2021-08-05 19:59:44',0,7,'eyJhcGVydHVyZSI6ZmFsc2UsImNyZWRpdCI6ZmFsc2UsImNhbWVyYSI6ZmFsc2UsImNhcHRpb24iOmZhbHNlLCJjcmVhdGVkX3RpbWVzdGFtcCI6ZmFsc2UsImNvcHlyaWdodCI6ZmFsc2UsImZvY2FsX2xlbmd0aCI6ZmFsc2UsImlzbyI6ZmFsc2UsInNodXR0ZXJfc3BlZWQiOmZhbHNlLCJmbGFzaCI6ZmFsc2UsInRpdGxlIjpmYWxzZSwia2V5d29yZHMiOmZhbHNlLCJ3aWR0aCI6ODc3LCJoZWlnaHQiOjEyMDAsInNhdmVkIjp0cnVlLCJiYWNrdXAiOnsiZmlsZW5hbWUiOiJBbmFsZWUyLTIuanBnIiwid2lkdGgiOjE5MjgsImhlaWdodCI6MjYzOCwiZ2VuZXJhdGVkIjoiMC4zMDgzMDIwMCAxNjI4MTkzNTg0In0sIm1kNSI6ImYzMGUxZGM5ZGE5ZDk0MWQ5NmRjNGRhNmU0NzY5MTI1IiwiZnVsbCI6eyJ3aWR0aCI6ODc3LCJoZWlnaHQiOjEyMDAsIm1kNSI6ImYzMGUxZGM5ZGE5ZDk0MWQ5NmRjNGRhNmU0NzY5MTI1In0sInRodW1ibmFpbCI6eyJ3aWR0aCI6MjQwLCJoZWlnaHQiOjE2MCwiZmlsZW5hbWUiOiJ0aHVtYnNfQW5hbGVlMi0yLmpwZyIsImdlbmVyYXRlZCI6IjAuMTg2OTA4MDAgMTYyODE5Mzc5OCIsImNyb3BfZnJhbWUiOnsieCI6MTA3LCJ5Ijo2OSwid2lkdGgiOjY1NywiaGVpZ2h0Ijo0MzcsImZpbmFsX3dpZHRoIjoyNDAsImZpbmFsX2hlaWdodCI6MTYwfX0sIm5nZzBkeW4tNDUweDM1MC0wMGYwdzAxMGMwMTByMTEwZjExMHIwMTB0MDEwIjp7IndpZHRoIjoyNTYsImhlaWdodCI6MzUwLCJmaWxlbmFtZSI6IkFuYWxlZTItMi5qcGctbmdnaWQwMjM3LW5nZzBkeW4tNDUweDM1MC0wMGYwdzAxMGMwMTByMTEwZjExMHIwMTB0MDEwLmpwZyIsImdlbmVyYXRlZCI6IjAuNzQzMzI1MDAgMTYyODE5Mzc4NiJ9fQ==',890,1628193820),(38,'kassie',0,7,'Kassie.jpg','','Kassie','2021-08-05 19:59:44',0,9,'eyJhcGVydHVyZSI6ZmFsc2UsImNyZWRpdCI6ZmFsc2UsImNhbWVyYSI6ZmFsc2UsImNhcHRpb24iOmZhbHNlLCJjcmVhdGVkX3RpbWVzdGFtcCI6ZmFsc2UsImNvcHlyaWdodCI6ZmFsc2UsImZvY2FsX2xlbmd0aCI6ZmFsc2UsImlzbyI6ZmFsc2UsInNodXR0ZXJfc3BlZWQiOmZhbHNlLCJmbGFzaCI6ZmFsc2UsInRpdGxlIjpmYWxzZSwia2V5d29yZHMiOmZhbHNlLCJ3aWR0aCI6Nzg3LCJoZWlnaHQiOjEyMDAsInNhdmVkIjp0cnVlLCJiYWNrdXAiOnsiZmlsZW5hbWUiOiJLYXNzaWUuanBnIiwid2lkdGgiOjExMjUsImhlaWdodCI6MTcxNiwiZ2VuZXJhdGVkIjoiMC4zMjI3NjUwMCAxNjI4MTkzNTg0In0sIm1kNSI6IjFkODY3ZDJmZGE1MmI2Njk5ZTE0NTA1ZTJlNGYyNzNmIiwiZnVsbCI6eyJ3aWR0aCI6Nzg3LCJoZWlnaHQiOjEyMDAsIm1kNSI6IjFkODY3ZDJmZGE1MmI2Njk5ZTE0NTA1ZTJlNGYyNzNmIn0sInRodW1ibmFpbCI6eyJ3aWR0aCI6MjQwLCJoZWlnaHQiOjE2MCwiZmlsZW5hbWUiOiJ0aHVtYnNfS2Fzc2llLmpwZyIsImdlbmVyYXRlZCI6IjAuODYwMjUzMDAgMTYyODE5Mzc4MSIsImNyb3BfZnJhbWUiOnsieCI6MjgsInkiOjAsIndpZHRoIjo3NTAsImhlaWdodCI6NDk5LCJmaW5hbF93aWR0aCI6MjQwLCJmaW5hbF9oZWlnaHQiOjE2MH19LCJuZ2cwZHluLTQ1MHgzNTAtMDBmMHcwMTBjMDEwcjExMGYxMTByMDEwdDAxMCI6eyJ3aWR0aCI6MjMwLCJoZWlnaHQiOjM1MCwiZmlsZW5hbWUiOiJLYXNzaWUuanBnLW5nZ2lkMDIzOC1uZ2cwZHluLTQ1MHgzNTAtMDBmMHcwMTBjMDEwcjExMGYxMTByMDEwdDAxMC5qcGciLCJnZW5lcmF0ZWQiOiIwLjczNjk4NTAwIDE2MjgxOTM3NzQifX0=',889,1628193820),(39,'star_map-2',0,7,'Star_Map-2.jpg','','Star_Map-2','2021-08-05 19:59:44',0,3,'eyJhcGVydHVyZSI6ZmFsc2UsImNyZWRpdCI6ZmFsc2UsImNhbWVyYSI6ZmFsc2UsImNhcHRpb24iOmZhbHNlLCJjcmVhdGVkX3RpbWVzdGFtcCI6ZmFsc2UsImNvcHlyaWdodCI6ZmFsc2UsImZvY2FsX2xlbmd0aCI6ZmFsc2UsImlzbyI6ZmFsc2UsInNodXR0ZXJfc3BlZWQiOmZhbHNlLCJmbGFzaCI6ZmFsc2UsInRpdGxlIjpmYWxzZSwia2V5d29yZHMiOmZhbHNlLCJ3aWR0aCI6ODc0LCJoZWlnaHQiOjEyMDAsInNhdmVkIjp0cnVlLCJiYWNrdXAiOnsiZmlsZW5hbWUiOiJTdGFyX01hcC0yLmpwZyIsIndpZHRoIjoxOTIxLCJoZWlnaHQiOjI2MzgsImdlbmVyYXRlZCI6IjAuNDA5MjAyMDAgMTYyODE5MzU4NCJ9LCJtZDUiOiI4MjNkYzQ5ZDU5NWY2OGE3Y2YxNDM3Yzc2OGJhMGQ1YiIsImZ1bGwiOnsid2lkdGgiOjg3NCwiaGVpZ2h0IjoxMjAwLCJtZDUiOiI4MjNkYzQ5ZDU5NWY2OGE3Y2YxNDM3Yzc2OGJhMGQ1YiJ9LCJ0aHVtYm5haWwiOnsid2lkdGgiOjI0MCwiaGVpZ2h0IjoxNjAsImZpbGVuYW1lIjoidGh1bWJzX1N0YXJfTWFwLTIuanBnIiwiZ2VuZXJhdGVkIjoiMC4yMjY2NzAwMCAxNjI4MTk0MDI0IiwiY3JvcF9mcmFtZSI6eyJ4IjowLCJ5IjoxNTgsIndpZHRoIjo4NzcsImhlaWdodCI6NTg1LCJmaW5hbF93aWR0aCI6MjQwLCJmaW5hbF9oZWlnaHQiOjE2MH19LCJuZ2cwZHluLTQ1MHgzNTAtMDBmMHcwMTBjMDEwcjExMGYxMTByMDEwdDAxMCI6eyJ3aWR0aCI6MjU1LCJoZWlnaHQiOjM1MCwiZmlsZW5hbWUiOiJTdGFyX01hcC0yLmpwZy1uZ2dpZDAyMzktbmdnMGR5bi00NTB4MzUwLTAwZjB3MDEwYzAxMHIxMTBmMTEwcjAxMHQwMTAuanBnIiwiZ2VuZXJhdGVkIjoiMC40MzU5MjUwMCAxNjI4MTk0MDA3In19',891,1628194024),(40,'star_map_2',0,7,'Star_Map_2.jpg','','Star_Map_2','2021-08-05 19:59:44',0,1,'eyJhcGVydHVyZSI6ZmFsc2UsImNyZWRpdCI6ZmFsc2UsImNhbWVyYSI6ZmFsc2UsImNhcHRpb24iOmZhbHNlLCJjcmVhdGVkX3RpbWVzdGFtcCI6ZmFsc2UsImNvcHlyaWdodCI6ZmFsc2UsImZvY2FsX2xlbmd0aCI6ZmFsc2UsImlzbyI6ZmFsc2UsInNodXR0ZXJfc3BlZWQiOmZhbHNlLCJmbGFzaCI6ZmFsc2UsInRpdGxlIjpmYWxzZSwia2V5d29yZHMiOmZhbHNlLCJ3aWR0aCI6ODc0LCJoZWlnaHQiOjEyMDAsInNhdmVkIjp0cnVlLCJiYWNrdXAiOnsiZmlsZW5hbWUiOiJTdGFyX01hcF8yLmpwZyIsIndpZHRoIjoxOTIxLCJoZWlnaHQiOjI2MzgsImdlbmVyYXRlZCI6IjAuNDU4NTI1MDAgMTYyODE5MzU4NCJ9LCJtZDUiOiIyZjc5Yzk2MDAzOWZiMTIwMzEyYzcyZWEyMzFhMjQ0YyIsImZ1bGwiOnsid2lkdGgiOjg3NCwiaGVpZ2h0IjoxMjAwLCJtZDUiOiIyZjc5Yzk2MDAzOWZiMTIwMzEyYzcyZWEyMzFhMjQ0YyJ9LCJ0aHVtYm5haWwiOnsid2lkdGgiOjI0MCwiaGVpZ2h0IjoxNjAsImZpbGVuYW1lIjoidGh1bWJzX1N0YXJfTWFwXzIuanBnIiwiZ2VuZXJhdGVkIjoiMC43NDA5MzUwMCAxNjI4MTk0MDM1IiwiY3JvcF9mcmFtZSI6eyJ4IjowLCJ5Ijo1NDAsIndpZHRoIjo4NzcsImhlaWdodCI6NTg1LCJmaW5hbF93aWR0aCI6MjQwLCJmaW5hbF9oZWlnaHQiOjE2MH19LCJuZ2cwZHluLTQ1MHgzNTAtMDBmMHcwMTBjMDEwcjExMGYxMTByMDEwdDAxMCI6eyJ3aWR0aCI6MjU1LCJoZWlnaHQiOjM1MCwiZmlsZW5hbWUiOiJTdGFyX01hcF8yLmpwZy1uZ2dpZDAyNDAtbmdnMGR5bi00NTB4MzUwLTAwZjB3MDEwYzAxMHIxMTBmMTEwcjAxMHQwMTAuanBnIiwiZ2VuZXJhdGVkIjoiMC42MTc5MTgwMCAxNjI4MTk0MDI5In19',892,1628194035),(41,'untitled_artwork-4',0,7,'Untitled_Artwork-4.jpg','','Untitled_Artwork-4','2021-08-05 19:59:48',0,8,'eyJhcGVydHVyZSI6ZmFsc2UsImNyZWRpdCI6ZmFsc2UsImNhbWVyYSI6ZmFsc2UsImNhcHRpb24iOmZhbHNlLCJjcmVhdGVkX3RpbWVzdGFtcCI6ZmFsc2UsImNvcHlyaWdodCI6ZmFsc2UsImZvY2FsX2xlbmd0aCI6ZmFsc2UsImlzbyI6ZmFsc2UsInNodXR0ZXJfc3BlZWQiOmZhbHNlLCJmbGFzaCI6ZmFsc2UsInRpdGxlIjpmYWxzZSwia2V5d29yZHMiOmZhbHNlLCJ3aWR0aCI6MTEyNSwiaGVpZ2h0IjoxMTUwLCJzYXZlZCI6dHJ1ZSwiYmFja3VwIjp7ImZpbGVuYW1lIjoiVW50aXRsZWRfQXJ0d29yay00LmpwZyIsIndpZHRoIjoxMTI1LCJoZWlnaHQiOjExNTAsImdlbmVyYXRlZCI6IjAuNjg2MzY2MDAgMTYyODE5MzU4OCJ9LCJtZDUiOiJmYTkwNzAyNTliNzYzMjFhMDViN2ZiMjAxOGJlZGUwYSIsImZ1bGwiOnsid2lkdGgiOjExMjUsImhlaWdodCI6MTE1MCwibWQ1IjoiZmE5MDcwMjU5Yjc2MzIxYTA1YjdmYjIwMThiZWRlMGEifSwidGh1bWJuYWlsIjp7IndpZHRoIjoyNDAsImhlaWdodCI6MTYwLCJmaWxlbmFtZSI6InRodW1ic19VbnRpdGxlZF9BcnR3b3JrLTQuanBnIiwiZ2VuZXJhdGVkIjoiMC40MzE5OTQwMCAxNjI4MTkzNzY1IiwiY3JvcF9mcmFtZSI6eyJ4Ijo3NiwieSI6MTAyLCJ3aWR0aCI6MTAwNywiaGVpZ2h0Ijo2NzEsImZpbmFsX3dpZHRoIjoyNDAsImZpbmFsX2hlaWdodCI6MTYwfX0sIm5nZzBkeW4tNDUweDM1MC0wMGYwdzAxMGMwMTByMTEwZjExMHIwMTB0MDEwIjp7IndpZHRoIjozNDIsImhlaWdodCI6MzUwLCJmaWxlbmFtZSI6IlVudGl0bGVkX0FydHdvcmstNC5qcGctbmdnaWQwMjQxLW5nZzBkeW4tNDUweDM1MC0wMGYwdzAxMGMwMTByMTEwZjExMHIwMTB0MDEwLmpwZyIsImdlbmVyYXRlZCI6IjAuMzM3MzExMDAgMTYyODE5Mzc2MCJ9fQ==',893,1628193820),(42,'untitled_artwork-5',0,7,'Untitled_Artwork-5.jpg','','Untitled_Artwork-5','2021-08-05 19:59:49',0,4,'eyJhcGVydHVyZSI6ZmFsc2UsImNyZWRpdCI6ZmFsc2UsImNhbWVyYSI6ZmFsc2UsImNhcHRpb24iOmZhbHNlLCJjcmVhdGVkX3RpbWVzdGFtcCI6ZmFsc2UsImNvcHlyaWdodCI6ZmFsc2UsImZvY2FsX2xlbmd0aCI6ZmFsc2UsImlzbyI6ZmFsc2UsInNodXR0ZXJfc3BlZWQiOmZhbHNlLCJmbGFzaCI6ZmFsc2UsInRpdGxlIjpmYWxzZSwia2V5d29yZHMiOmZhbHNlLCJ3aWR0aCI6Njk0LCJoZWlnaHQiOjQyNiwic2F2ZWQiOnRydWUsImJhY2t1cCI6eyJmaWxlbmFtZSI6IlVudGl0bGVkX0FydHdvcmstNS5qcGciLCJ3aWR0aCI6Njk0LCJoZWlnaHQiOjQyNiwiZ2VuZXJhdGVkIjoiMC4xMDI3MzEwMCAxNjI4MTkzNTg5In0sIm1kNSI6IjM3Mzc0NjYxZDYyNmIzMzQ5MDVhODYyMDRjNTA0ZWM1IiwiZnVsbCI6eyJ3aWR0aCI6Njk0LCJoZWlnaHQiOjQyNiwibWQ1IjoiMzczNzQ2NjFkNjI2YjMzNDkwNWE4NjIwNGM1MDRlYzUifSwidGh1bWJuYWlsIjp7IndpZHRoIjoyNDAsImhlaWdodCI6MTYwLCJmaWxlbmFtZSI6InRodW1ic19VbnRpdGxlZF9BcnR3b3JrLTUuanBnIiwiZ2VuZXJhdGVkIjoiMC40NTE4NjcwMCAxNjI4MTkzNzEyIiwiY3JvcF9mcmFtZSI6eyJ4IjozMTAsInkiOjY1LCJ3aWR0aCI6MzY4LCJoZWlnaHQiOjI0NSwiZmluYWxfd2lkdGgiOjI0MCwiZmluYWxfaGVpZ2h0IjoxNjB9fSwibmdnMGR5bi00NTB4MzUwLTAwZjB3MDEwYzAxMHIxMTBmMTEwcjAxMHQwMTAiOnsid2lkdGgiOjQ1MCwiaGVpZ2h0IjoyNzYsImZpbGVuYW1lIjoiVW50aXRsZWRfQXJ0d29yay01LmpwZy1uZ2dpZDAyNDItbmdnMGR5bi00NTB4MzUwLTAwZjB3MDEwYzAxMHIxMTBmMTEwcjAxMHQwMTAuanBnIiwiZ2VuZXJhdGVkIjoiMC44NzcwNzUwMCAxNjI4MTkzNjk1In19',894,1628193820),(43,'zoe',0,7,'Zoe.jpg','','Zoe','2021-08-05 19:59:49',0,2,'eyJhcGVydHVyZSI6ZmFsc2UsImNyZWRpdCI6ZmFsc2UsImNhbWVyYSI6ZmFsc2UsImNhcHRpb24iOmZhbHNlLCJjcmVhdGVkX3RpbWVzdGFtcCI6ZmFsc2UsImNvcHlyaWdodCI6ZmFsc2UsImZvY2FsX2xlbmd0aCI6ZmFsc2UsImlzbyI6ZmFsc2UsInNodXR0ZXJfc3BlZWQiOmZhbHNlLCJmbGFzaCI6ZmFsc2UsInRpdGxlIjpmYWxzZSwia2V5d29yZHMiOmZhbHNlLCJ3aWR0aCI6OTI0LCJoZWlnaHQiOjEyMDAsInNhdmVkIjp0cnVlLCJiYWNrdXAiOnsiZmlsZW5hbWUiOiJab2UuanBnIiwid2lkdGgiOjE2NDYsImhlaWdodCI6MjEzNywiZ2VuZXJhdGVkIjoiMC4wMTY4MDMwMCAxNjI4MTkzNTkwIn0sIm1kNSI6IjM4YjI4ODYyOTEyYTc3NjFkYTljOWM0MzkyOWRjM2QxIiwiZnVsbCI6eyJ3aWR0aCI6OTI0LCJoZWlnaHQiOjEyMDAsIm1kNSI6IjM4YjI4ODYyOTEyYTc3NjFkYTljOWM0MzkyOWRjM2QxIn0sInRodW1ibmFpbCI6eyJ3aWR0aCI6MjQwLCJoZWlnaHQiOjE2MCwiZmlsZW5hbWUiOiJ0aHVtYnNfWm9lLmpwZyIsImdlbmVyYXRlZCI6IjAuMzc1MTkxMDAgMTYyODE5Mzc0MCIsImNyb3BfZnJhbWUiOnsieCI6NDEsInkiOjU0Miwid2lkdGgiOjg3MSwiaGVpZ2h0Ijo1ODAsImZpbmFsX3dpZHRoIjoyNDAsImZpbmFsX2hlaWdodCI6MTYwfX0sIm5nZzBkeW4tNDUweDM1MC0wMGYwdzAxMGMwMTByMTEwZjExMHIwMTB0MDEwIjp7IndpZHRoIjoyNzAsImhlaWdodCI6MzUwLCJmaWxlbmFtZSI6IlpvZS5qcGctbmdnaWQwMjQzLW5nZzBkeW4tNDUweDM1MC0wMGYwdzAxMGMwMTByMTEwZjExMHIwMTB0MDEwLmpwZyIsImdlbmVyYXRlZCI6IjAuNDYzOTQxMDAgMTYyODE5MzcxNyJ9fQ==',895,1628193820),(44,'untitled_artwork-6',0,7,'Untitled_Artwork-6.jpg','','Untitled_Artwork-6','2021-08-05 19:59:50',0,10,'eyJhcGVydHVyZSI6ZmFsc2UsImNyZWRpdCI6ZmFsc2UsImNhbWVyYSI6ZmFsc2UsImNhcHRpb24iOmZhbHNlLCJjcmVhdGVkX3RpbWVzdGFtcCI6ZmFsc2UsImNvcHlyaWdodCI6ZmFsc2UsImZvY2FsX2xlbmd0aCI6ZmFsc2UsImlzbyI6ZmFsc2UsInNodXR0ZXJfc3BlZWQiOmZhbHNlLCJmbGFzaCI6ZmFsc2UsInRpdGxlIjpmYWxzZSwia2V5d29yZHMiOmZhbHNlLCJ3aWR0aCI6NzUxLCJoZWlnaHQiOjEwNTMsInNhdmVkIjp0cnVlLCJiYWNrdXAiOnsiZmlsZW5hbWUiOiJVbnRpdGxlZF9BcnR3b3JrLTYuanBnIiwid2lkdGgiOjc1MSwiaGVpZ2h0IjoxMDUzLCJnZW5lcmF0ZWQiOiIwLjA2MjI5NTAwIDE2MjgxOTM1OTAifSwibWQ1IjoiMjZjNjU5MDAzYTBiNmE3YTI1NmMzNjkyMmY2YTJmYzAiLCJmdWxsIjp7IndpZHRoIjo3NTEsImhlaWdodCI6MTA1MywibWQ1IjoiMjZjNjU5MDAzYTBiNmE3YTI1NmMzNjkyMmY2YTJmYzAifSwidGh1bWJuYWlsIjp7IndpZHRoIjoyNDAsImhlaWdodCI6MTYwLCJmaWxlbmFtZSI6InRodW1ic19VbnRpdGxlZF9BcnR3b3JrLTYuanBnIiwiZ2VuZXJhdGVkIjoiMC4wODIzMDUwMCAxNjI4MTkzNzUzIiwiY3JvcF9mcmFtZSI6eyJ4IjozMywieSI6NTEsIndpZHRoIjo3MDcsImhlaWdodCI6NDcxLCJmaW5hbF93aWR0aCI6MjQwLCJmaW5hbF9oZWlnaHQiOjE2MH19LCJuZ2cwZHluLTQ1MHgzNTAtMDBmMHcwMTBjMDEwcjExMGYxMTByMDEwdDAxMCI6eyJ3aWR0aCI6MjUwLCJoZWlnaHQiOjM1MCwiZmlsZW5hbWUiOiJVbnRpdGxlZF9BcnR3b3JrLTYuanBnLW5nZ2lkMDI0NC1uZ2cwZHluLTQ1MHgzNTAtMDBmMHcwMTBjMDEwcjExMGYxMTByMDEwdDAxMC5qcGciLCJnZW5lcmF0ZWQiOiIwLjUzNjI5MTAwIDE2MjgxOTM3NDcifX0=',896,1628193820),(45,'lexi-2',0,7,'Lexi-2.jpg','','Lexi-2','2021-08-05 20:06:21',0,11,'eyJhcGVydHVyZSI6ZmFsc2UsImNyZWRpdCI6ZmFsc2UsImNhbWVyYSI6ZmFsc2UsImNhcHRpb24iOmZhbHNlLCJjcmVhdGVkX3RpbWVzdGFtcCI6ZmFsc2UsImNvcHlyaWdodCI6ZmFsc2UsImZvY2FsX2xlbmd0aCI6ZmFsc2UsImlzbyI6ZmFsc2UsInNodXR0ZXJfc3BlZWQiOmZhbHNlLCJmbGFzaCI6ZmFsc2UsInRpdGxlIjpmYWxzZSwia2V5d29yZHMiOmZhbHNlLCJ3aWR0aCI6ODY5LCJoZWlnaHQiOjEyMDAsInNhdmVkIjp0cnVlLCJiYWNrdXAiOnsiZmlsZW5hbWUiOiJMZXhpLTIuanBnIiwid2lkdGgiOjkwMSwiaGVpZ2h0IjoxMjQ0LCJnZW5lcmF0ZWQiOiIwLjUzMTczMDAwIDE2MjgxOTM5ODEifSwibWQ1IjoiNzMzOTZiYTdiYjc1MWY5YjcyOGJlNGMwYzMzNTkwODEiLCJmdWxsIjp7IndpZHRoIjo4NjksImhlaWdodCI6MTIwMCwibWQ1IjoiNzMzOTZiYTdiYjc1MWY5YjcyOGJlNGMwYzMzNTkwODEifSwidGh1bWJuYWlsIjp7IndpZHRoIjoyNDAsImhlaWdodCI6MTYwLCJmaWxlbmFtZSI6InRodW1ic19MZXhpLTIuanBnIiwiZ2VuZXJhdGVkIjoiMC41NDgyMDUwMCAxNjI4MTk0MDUyIiwiY3JvcF9mcmFtZSI6eyJ4Ijo2MiwieSI6MTQsIndpZHRoIjo4MDYsImhlaWdodCI6NTM5LCJmaW5hbF93aWR0aCI6MjQwLCJmaW5hbF9oZWlnaHQiOjE2MH19LCJuZ2cwZHluLTQ1MHgzNTAtMDBmMHcwMTBjMDEwcjExMGYxMTByMDEwdDAxMCI6eyJ3aWR0aCI6MjUzLCJoZWlnaHQiOjM1MCwiZmlsZW5hbWUiOiJMZXhpLTIuanBnLW5nZ2lkMDI0NS1uZ2cwZHluLTQ1MHgzNTAtMDBmMHcwMTBjMDEwcjExMGYxMTByMDEwdDAxMC5qcGciLCJnZW5lcmF0ZWQiOiIwLjEzOTU5MTAwIDE2MjgxOTQwNDcifX0=',898,1628194052),(47,'untitled_artwork-7',0,7,'Untitled_Artwork-7.jpg','','Untitled_Artwork-7','2021-08-05 20:11:35',0,12,'eyJhcGVydHVyZSI6ZmFsc2UsImNyZWRpdCI6ZmFsc2UsImNhbWVyYSI6ZmFsc2UsImNhcHRpb24iOmZhbHNlLCJjcmVhdGVkX3RpbWVzdGFtcCI6ZmFsc2UsImNvcHlyaWdodCI6ZmFsc2UsImZvY2FsX2xlbmd0aCI6ZmFsc2UsImlzbyI6ZmFsc2UsInNodXR0ZXJfc3BlZWQiOmZhbHNlLCJmbGFzaCI6ZmFsc2UsInRpdGxlIjpmYWxzZSwia2V5d29yZHMiOmZhbHNlLCJ3aWR0aCI6ODI4LCJoZWlnaHQiOjExMDQsInNhdmVkIjp0cnVlLCJiYWNrdXAiOnsiZmlsZW5hbWUiOiJVbnRpdGxlZF9BcnR3b3JrLTcuanBnIiwid2lkdGgiOjgyOCwiaGVpZ2h0IjoxMTA0LCJnZW5lcmF0ZWQiOiIwLjY1MDkxMTAwIDE2MjgxOTQyOTUifSwibWQ1IjoiMGVkNzI2Y2E3MDNjNGYxYjIxZDE3MjI2YzdhOTc4NjYiLCJmdWxsIjp7IndpZHRoIjo4MjgsImhlaWdodCI6MTEwNCwibWQ1IjoiMGVkNzI2Y2E3MDNjNGYxYjIxZDE3MjI2YzdhOTc4NjYifSwidGh1bWJuYWlsIjp7IndpZHRoIjoyNDAsImhlaWdodCI6MTYwLCJmaWxlbmFtZSI6InRodW1ic19VbnRpdGxlZF9BcnR3b3JrLTcuanBnIiwiZ2VuZXJhdGVkIjoiMC42MzUwNTQwMCAxNjI4MTk0Mjk3In19',900,1628194297),(48,'screen-shot-2021-08-05-at-1-34-01-pm',0,8,'Screen-Shot-2021-08-05-at-1.34.01-PM.png','','Screen-Shot-2021-08-05-at-1.34.01-PM','2021-08-05 20:41:22',0,0,'eyJhcGVydHVyZSI6ZmFsc2UsImNyZWRpdCI6ZmFsc2UsImNhbWVyYSI6ZmFsc2UsImNhcHRpb24iOmZhbHNlLCJjcmVhdGVkX3RpbWVzdGFtcCI6ZmFsc2UsImNvcHlyaWdodCI6ZmFsc2UsImZvY2FsX2xlbmd0aCI6ZmFsc2UsImlzbyI6ZmFsc2UsInNodXR0ZXJfc3BlZWQiOmZhbHNlLCJmbGFzaCI6ZmFsc2UsInRpdGxlIjpmYWxzZSwia2V5d29yZHMiOmZhbHNlLCJ3aWR0aCI6NDMyLCJoZWlnaHQiOjQyMiwic2F2ZWQiOnRydWUsImJhY2t1cCI6eyJmaWxlbmFtZSI6IlNjcmVlbi1TaG90LTIwMjEtMDgtMDUtYXQtMS4zNC4wMS1QTS5wbmciLCJ3aWR0aCI6NDMyLCJoZWlnaHQiOjQyMiwiZ2VuZXJhdGVkIjoiMC4wNjU4OTIwMCAxNjI4MTk2MDgyIn0sIm1kNSI6IjgxNmRhOTI3NjA1ZWZiOGY2OGIxYmY5NDRiNzIyYTg2IiwiZnVsbCI6eyJ3aWR0aCI6NDMyLCJoZWlnaHQiOjQyMiwibWQ1IjoiODE2ZGE5Mjc2MDVlZmI4ZjY4YjFiZjk0NGI3MjJhODYifSwidGh1bWJuYWlsIjp7IndpZHRoIjoyNDAsImhlaWdodCI6MTYwLCJmaWxlbmFtZSI6InRodW1ic19TY3JlZW4tU2hvdC0yMDIxLTA4LTA1LWF0LTEuMzQuMDEtUE0ucG5nIiwiZ2VuZXJhdGVkIjoiMC4zMjkwMjQwMCAxNjI4MTk2MDgyIn19',920,1628196082),(49,'screen-shot-2021-08-05-at-1-33-07-pm',0,8,'Screen-Shot-2021-08-05-at-1.33.07-PM.png','','Screen-Shot-2021-08-05-at-1.33.07-PM','2021-08-05 20:41:22',0,0,'eyJhcGVydHVyZSI6ZmFsc2UsImNyZWRpdCI6ZmFsc2UsImNhbWVyYSI6ZmFsc2UsImNhcHRpb24iOmZhbHNlLCJjcmVhdGVkX3RpbWVzdGFtcCI6ZmFsc2UsImNvcHlyaWdodCI6ZmFsc2UsImZvY2FsX2xlbmd0aCI6ZmFsc2UsImlzbyI6ZmFsc2UsInNodXR0ZXJfc3BlZWQiOmZhbHNlLCJmbGFzaCI6ZmFsc2UsInRpdGxlIjpmYWxzZSwia2V5d29yZHMiOmZhbHNlLCJ3aWR0aCI6Mjk0LCJoZWlnaHQiOjMyNCwic2F2ZWQiOnRydWUsImJhY2t1cCI6eyJmaWxlbmFtZSI6IlNjcmVlbi1TaG90LTIwMjEtMDgtMDUtYXQtMS4zMy4wNy1QTS5wbmciLCJ3aWR0aCI6Mjk0LCJoZWlnaHQiOjMyNCwiZ2VuZXJhdGVkIjoiMC4wNjgwOTAwMCAxNjI4MTk2MDgyIn0sIm1kNSI6ImUwNWU3YmZhYjgxMzNiNDA1YjZhMjNiMmVkNzRmNTFhIiwiZnVsbCI6eyJ3aWR0aCI6Mjk0LCJoZWlnaHQiOjMyNCwibWQ1IjoiZTA1ZTdiZmFiODEzM2I0MDViNmEyM2IyZWQ3NGY1MWEifSwidGh1bWJuYWlsIjp7IndpZHRoIjoyNDAsImhlaWdodCI6MTYwLCJmaWxlbmFtZSI6InRodW1ic19TY3JlZW4tU2hvdC0yMDIxLTA4LTA1LWF0LTEuMzMuMDctUE0ucG5nIiwiZ2VuZXJhdGVkIjoiMC4zODIyNjEwMCAxNjI4MTk2MDgyIn19',919,1628196082),(50,'img_0776',0,8,'IMG_0776.jpg','','IMG_0776','2021-08-05 20:41:22',0,0,'eyJhcGVydHVyZSI6ZmFsc2UsImNyZWRpdCI6ZmFsc2UsImNhbWVyYSI6ZmFsc2UsImNhcHRpb24iOmZhbHNlLCJjcmVhdGVkX3RpbWVzdGFtcCI6ZmFsc2UsImNvcHlyaWdodCI6ZmFsc2UsImZvY2FsX2xlbmd0aCI6ZmFsc2UsImlzbyI6ZmFsc2UsInNodXR0ZXJfc3BlZWQiOmZhbHNlLCJmbGFzaCI6ZmFsc2UsInRpdGxlIjpmYWxzZSwia2V5d29yZHMiOmZhbHNlLCJ3aWR0aCI6ODY1LCJoZWlnaHQiOjk2NSwic2F2ZWQiOnRydWUsImJhY2t1cCI6eyJmaWxlbmFtZSI6IklNR18wNzc2LmpwZyIsIndpZHRoIjo4NjUsImhlaWdodCI6OTY1LCJnZW5lcmF0ZWQiOiIwLjMwMzUxMjAwIDE2MjgxOTYwODIifSwibWQ1IjoiZGNhZWM5YmM2MzhkMGQ3NTcwMjU5MjM5OGQ4MTk5MWUiLCJmdWxsIjp7IndpZHRoIjo4NjUsImhlaWdodCI6OTY1LCJtZDUiOiJkY2FlYzliYzYzOGQwZDc1NzAyNTkyMzk4ZDgxOTkxZSJ9LCJ0aHVtYm5haWwiOnsid2lkdGgiOjI0MCwiaGVpZ2h0IjoxNjAsImZpbGVuYW1lIjoidGh1bWJzX0lNR18wNzc2LmpwZyIsImdlbmVyYXRlZCI6IjAuODg4OTI2MDAgMTYyODE5NjA4NyJ9fQ==',921,1628196087),(51,'img_0777',0,8,'IMG_0777.jpg','','IMG_0777','2021-08-05 20:41:22',0,0,'eyJhcGVydHVyZSI6ZmFsc2UsImNyZWRpdCI6ZmFsc2UsImNhbWVyYSI6ZmFsc2UsImNhcHRpb24iOmZhbHNlLCJjcmVhdGVkX3RpbWVzdGFtcCI6ZmFsc2UsImNvcHlyaWdodCI6ZmFsc2UsImZvY2FsX2xlbmd0aCI6ZmFsc2UsImlzbyI6ZmFsc2UsInNodXR0ZXJfc3BlZWQiOmZhbHNlLCJmbGFzaCI6ZmFsc2UsInRpdGxlIjpmYWxzZSwia2V5d29yZHMiOmZhbHNlLCJ3aWR0aCI6OTA4LCJoZWlnaHQiOjEyMDAsInNhdmVkIjp0cnVlLCJiYWNrdXAiOnsiZmlsZW5hbWUiOiJJTUdfMDc3Ny5qcGciLCJ3aWR0aCI6MTEzOCwiaGVpZ2h0IjoxNTA0LCJnZW5lcmF0ZWQiOiIwLjQ2OTQ2MzAwIDE2MjgxOTYwODIifSwibWQ1IjoiZjRkYjMwZTg1MWQxMzRkODcxZjAwNmVhZWM5MGEzNjkiLCJmdWxsIjp7IndpZHRoIjo5MDgsImhlaWdodCI6MTIwMCwibWQ1IjoiZjRkYjMwZTg1MWQxMzRkODcxZjAwNmVhZWM5MGEzNjkifSwidGh1bWJuYWlsIjp7IndpZHRoIjoyNDAsImhlaWdodCI6MTYwLCJmaWxlbmFtZSI6InRodW1ic19JTUdfMDc3Ny5qcGciLCJnZW5lcmF0ZWQiOiIwLjg5MjIxNTAwIDE2MjgxOTYwODYifX0=',922,1628196086),(52,'screen-shot-2021-08-05-at-1-28-45-pm',0,8,'Screen-Shot-2021-08-05-at-1.28.45-PM.png','','Screen-Shot-2021-08-05-at-1.28.45-PM','2021-08-05 20:41:27',0,0,'eyJhcGVydHVyZSI6ZmFsc2UsImNyZWRpdCI6ZmFsc2UsImNhbWVyYSI6ZmFsc2UsImNhcHRpb24iOmZhbHNlLCJjcmVhdGVkX3RpbWVzdGFtcCI6ZmFsc2UsImNvcHlyaWdodCI6ZmFsc2UsImZvY2FsX2xlbmd0aCI6ZmFsc2UsImlzbyI6ZmFsc2UsInNodXR0ZXJfc3BlZWQiOmZhbHNlLCJmbGFzaCI6ZmFsc2UsInRpdGxlIjpmYWxzZSwia2V5d29yZHMiOmZhbHNlLCJ3aWR0aCI6MTIyMSwiaGVpZ2h0IjoxMjAwLCJzYXZlZCI6dHJ1ZSwiYmFja3VwIjp7ImZpbGVuYW1lIjoiU2NyZWVuLVNob3QtMjAyMS0wOC0wNS1hdC0xLjI4LjQ1LVBNLnBuZyIsIndpZHRoIjoxMzY2LCJoZWlnaHQiOjEzNDIsImdlbmVyYXRlZCI6IjAuMDcwNzMxMDAgMTYyODE5NjA4NyJ9LCJtZDUiOiI1MzE3MGI5NTQyZmNiNjdiMDJiZTQzMTgxYTVhNTNmMSIsImZ1bGwiOnsid2lkdGgiOjEyMjEsImhlaWdodCI6MTIwMCwibWQ1IjoiNTMxNzBiOTU0MmZjYjY3YjAyYmU0MzE4MWE1YTUzZjEifSwidGh1bWJuYWlsIjp7IndpZHRoIjoyNDAsImhlaWdodCI6MTYwLCJmaWxlbmFtZSI6InRodW1ic19TY3JlZW4tU2hvdC0yMDIxLTA4LTA1LWF0LTEuMjguNDUtUE0ucG5nIiwiZ2VuZXJhdGVkIjoiMC41MzA3MDQwMCAxNjI4MTk2MDg5In19',923,1628196089),(53,'screen-shot-2021-08-05-at-1-34-37-pm',0,8,'Screen-Shot-2021-08-05-at-1.34.37-PM.png','','Screen-Shot-2021-08-05-at-1.34.37-PM','2021-08-05 20:41:27',0,0,'eyJhcGVydHVyZSI6ZmFsc2UsImNyZWRpdCI6ZmFsc2UsImNhbWVyYSI6ZmFsc2UsImNhcHRpb24iOmZhbHNlLCJjcmVhdGVkX3RpbWVzdGFtcCI6ZmFsc2UsImNvcHlyaWdodCI6ZmFsc2UsImZvY2FsX2xlbmd0aCI6ZmFsc2UsImlzbyI6ZmFsc2UsInNodXR0ZXJfc3BlZWQiOmZhbHNlLCJmbGFzaCI6ZmFsc2UsInRpdGxlIjpmYWxzZSwia2V5d29yZHMiOmZhbHNlLCJ3aWR0aCI6MTIwNSwiaGVpZ2h0IjoxMjAwLCJzYXZlZCI6dHJ1ZSwiYmFja3VwIjp7ImZpbGVuYW1lIjoiU2NyZWVuLVNob3QtMjAyMS0wOC0wNS1hdC0xLjM0LjM3LVBNLnBuZyIsIndpZHRoIjoxMzYwLCJoZWlnaHQiOjEzNTQsImdlbmVyYXRlZCI6IjAuODkxNTYzMDAgMTYyODE5NjA4NyJ9LCJtZDUiOiJkNzdhZmIxZTUyMmM2OTliYmUzZjQ2OThmYjlhZTkwZSIsImZ1bGwiOnsid2lkdGgiOjEyMDUsImhlaWdodCI6MTIwMCwibWQ1IjoiZDc3YWZiMWU1MjJjNjk5YmJlM2Y0Njk4ZmI5YWU5MGUifSwidGh1bWJuYWlsIjp7IndpZHRoIjoyNDAsImhlaWdodCI6MTYwLCJmaWxlbmFtZSI6InRodW1ic19TY3JlZW4tU2hvdC0yMDIxLTA4LTA1LWF0LTEuMzQuMzctUE0ucG5nIiwiZ2VuZXJhdGVkIjoiMC40NTYyNDYwMCAxNjI4MTk2MDkwIn19',924,1628196090),(54,'c3e050fb-ef77-44d3-a53b-d9fe70838414',0,9,'C3E050FB-EF77-44D3-A53B-D9FE70838414.JPG','','C3E050FB-EF77-44D3-A53B-D9FE70838414','2021-08-12 07:20:09',0,0,'eyJhcGVydHVyZSI6ZmFsc2UsImNyZWRpdCI6ZmFsc2UsImNhbWVyYSI6ZmFsc2UsImNhcHRpb24iOmZhbHNlLCJjcmVhdGVkX3RpbWVzdGFtcCI6ZmFsc2UsImNvcHlyaWdodCI6ZmFsc2UsImZvY2FsX2xlbmd0aCI6ZmFsc2UsImlzbyI6ZmFsc2UsInNodXR0ZXJfc3BlZWQiOmZhbHNlLCJmbGFzaCI6ZmFsc2UsInRpdGxlIjpmYWxzZSwia2V5d29yZHMiOmZhbHNlLCJ3aWR0aCI6Njc1LCJoZWlnaHQiOjEyMDAsInNhdmVkIjp0cnVlLCJiYWNrdXAiOnsiZmlsZW5hbWUiOiJDM0UwNTBGQi1FRjc3LTQ0RDMtQTUzQi1EOUZFNzA4Mzg0MTQuSlBHIiwid2lkdGgiOjgyOCwiaGVpZ2h0IjoxNDcyLCJnZW5lcmF0ZWQiOiIwLjE3NzA1NzAwIDE2Mjg3NTI4MDkifSwibWQ1IjoiZjBhOTZiOGQ5ODRjZDZlNGEwMGVlODA4YjhiM2Y1NTQiLCJmdWxsIjp7IndpZHRoIjo2NzUsImhlaWdodCI6MTIwMCwibWQ1IjoiZjBhOTZiOGQ5ODRjZDZlNGEwMGVlODA4YjhiM2Y1NTQifSwidGh1bWJuYWlsIjp7IndpZHRoIjoyNDAsImhlaWdodCI6MTYwLCJmaWxlbmFtZSI6InRodW1ic19DM0UwNTBGQi1FRjc3LTQ0RDMtQTUzQi1EOUZFNzA4Mzg0MTQuSlBHIiwiZ2VuZXJhdGVkIjoiMC4xNTM5MDIwMCAxNjI4NzUyODEwIn19',1004,1628757506),(55,'img_0519',0,9,'IMG_0519.JPG','','IMG_0519','2021-07-10 16:35:38',0,0,'eyJhcGVydHVyZSI6IkYgMi4yIiwiY3JlZGl0IjpmYWxzZSwiY2FtZXJhIjoiaVBob25lIDEyIiwiY2FwdGlvbiI6ZmFsc2UsImNyZWF0ZWRfdGltZXN0YW1wIjoxNjI1OTM0OTM4LCJjb3B5cmlnaHQiOmZhbHNlLCJmb2NhbF9sZW5ndGgiOiIyLjcxIG1tIiwiaXNvIjo2NDAsInNodXR0ZXJfc3BlZWQiOiIxXC8zMCBzZWMiLCJmbGFzaCI6Ik5vdCBmaXJlZCIsInRpdGxlIjpmYWxzZSwia2V5d29yZHMiOmZhbHNlLCJ3aWR0aCI6MTYwMCwiaGVpZ2h0IjoxMjAwLCJzYXZlZCI6dHJ1ZSwiYmFja3VwIjp7ImZpbGVuYW1lIjoiSU1HXzA1MTkuSlBHIiwid2lkdGgiOjQwMzIsImhlaWdodCI6MzAyNCwiZ2VuZXJhdGVkIjoiMC4xMDgxMTIwMCAxNjI4NzUyODk4In0sIm1kNSI6IjZlNDcxM2JhMDgyYWNmOWEwZjU4NmJjMWIzYmQzZGYzIiwiZnVsbCI6eyJ3aWR0aCI6MTYwMCwiaGVpZ2h0IjoxMjAwLCJtZDUiOiI2ZTQ3MTNiYTA4MmFjZjlhMGY1ODZiYzFiM2JkM2RmMyJ9LCJ0aHVtYm5haWwiOnsid2lkdGgiOjI0MCwiaGVpZ2h0IjoxNjAsImZpbGVuYW1lIjoidGh1bWJzX0lNR18wNTE5LkpQRyIsImdlbmVyYXRlZCI6IjAuOTQ1NjMzMDAgMTYyODc1MjkwMSJ9fQ==',1005,1628757506),(56,'img_0930',0,9,'IMG_0930.jpg','','IMG_0930','2021-07-07 23:01:20',0,0,'eyJhcGVydHVyZSI6IkYgMS44IiwiY3JlZGl0IjpmYWxzZSwiY2FtZXJhIjoiaVBob25lIDExIiwiY2FwdGlvbiI6ZmFsc2UsImNyZWF0ZWRfdGltZXN0YW1wIjoxNjI1Njk4ODgwLCJjb3B5cmlnaHQiOmZhbHNlLCJmb2NhbF9sZW5ndGgiOiI0LjI1IG1tIiwiaXNvIjoxMDAwLCJzaHV0dGVyX3NwZWVkIjoiMVwvMjAgc2VjIiwiZmxhc2giOiJOb3QgZmlyZWQiLCJ0aXRsZSI6ZmFsc2UsImtleXdvcmRzIjpmYWxzZSwid2lkdGgiOjEyMDAsImhlaWdodCI6MTYwMCwiYmFja3VwIjp7ImZpbGVuYW1lIjoiSU1HXzA5MzAuanBnIiwid2lkdGgiOjQwMzIsImhlaWdodCI6MzAyNCwiZ2VuZXJhdGVkIjoiMC43NTM0NzIwMCAxNjI4NzU0NTMxIn0sIm1kNSI6ImFmNTdhYjI0Yjk1YjdiZjlhNTZjOTAzYmE5NTY2ZGE1IiwiZnVsbCI6eyJ3aWR0aCI6MTIwMCwiaGVpZ2h0IjoxNjAwLCJtZDUiOiJhZjU3YWIyNGI5NWI3YmY5YTU2YzkwM2JhOTU2NmRhNSJ9LCJzYXZlZCI6dHJ1ZX0=',1006,1628757506),(57,'img_0577-1',0,9,'IMG_0577-1.jpg','','IMG_0577-1','2021-07-12 21:00:36',0,0,'eyJhcGVydHVyZSI6IkYgMS42IiwiY3JlZGl0IjpmYWxzZSwiY2FtZXJhIjoiaVBob25lIDEyIiwiY2FwdGlvbiI6ZmFsc2UsImNyZWF0ZWRfdGltZXN0YW1wIjoxNjI2MTIzNjM2LCJjb3B5cmlnaHQiOmZhbHNlLCJmb2NhbF9sZW5ndGgiOiI0LjIgbW0iLCJpc28iOjgwMCwic2h1dHRlcl9zcGVlZCI6IjFcLzIwIHNlYyIsImZsYXNoIjoiTm90IGZpcmVkIiwidGl0bGUiOmZhbHNlLCJrZXl3b3JkcyI6ZmFsc2UsIndpZHRoIjoxMjAwLCJoZWlnaHQiOjE2MDAsImJhY2t1cCI6eyJmaWxlbmFtZSI6IklNR18wNTc3LTEuanBnIiwid2lkdGgiOjQwMzIsImhlaWdodCI6MzAyNCwiZ2VuZXJhdGVkIjoiMC43NjUzMTEwMCAxNjI4NzU0NTMxIn0sIm1kNSI6IjcyYTZiZDlmNzJjODdkMzE1YjZhOWEyYjkwZjVmZjFjIiwiZnVsbCI6eyJ3aWR0aCI6MTIwMCwiaGVpZ2h0IjoxNjAwLCJtZDUiOiI3MmE2YmQ5ZjcyYzg3ZDMxNWI2YTlhMmI5MGY1ZmYxYyJ9LCJzYXZlZCI6dHJ1ZX0=',1007,1628757506),(58,'img_0563',0,9,'IMG_0563.jpg','','IMG_0563','2021-07-12 06:23:45',0,0,'eyJhcGVydHVyZSI6IkYgMS42IiwiY3JlZGl0IjpmYWxzZSwiY2FtZXJhIjoiaVBob25lIDEyIiwiY2FwdGlvbiI6ZmFsc2UsImNyZWF0ZWRfdGltZXN0YW1wIjoxNjI2MDcxMDI1LCJjb3B5cmlnaHQiOmZhbHNlLCJmb2NhbF9sZW5ndGgiOiI0LjIgbW0iLCJpc28iOjY0MCwic2h1dHRlcl9zcGVlZCI6IjFcLzQwIHNlYyIsImZsYXNoIjoiTm90IGZpcmVkIiwidGl0bGUiOmZhbHNlLCJrZXl3b3JkcyI6ZmFsc2UsIndpZHRoIjoxMjAwLCJoZWlnaHQiOjE2MDAsImJhY2t1cCI6eyJmaWxlbmFtZSI6IklNR18wNTYzLmpwZyIsIndpZHRoIjo0MDMyLCJoZWlnaHQiOjMwMjQsImdlbmVyYXRlZCI6IjAuNzUyNTAyMDAgMTYyODc1NDUzMSJ9LCJtZDUiOiI1MWJlY2E5MmQyM2Y3MTI3N2E2NGQ5MDljZWRlNWIxMyIsImZ1bGwiOnsid2lkdGgiOjEyMDAsImhlaWdodCI6MTYwMCwibWQ1IjoiNTFiZWNhOTJkMjNmNzEyNzdhNjRkOTA5Y2VkZTViMTMifSwic2F2ZWQiOnRydWV9',1008,1628757506),(59,'img_0582-1',0,9,'IMG_0582-1.jpg','','IMG_0582-1','2021-07-13 10:06:49',0,0,'eyJhcGVydHVyZSI6IkYgMS42IiwiY3JlZGl0IjpmYWxzZSwiY2FtZXJhIjoiaVBob25lIDEyIiwiY2FwdGlvbiI6ZmFsc2UsImNyZWF0ZWRfdGltZXN0YW1wIjoxNjI2MTcwODA5LCJjb3B5cmlnaHQiOmZhbHNlLCJmb2NhbF9sZW5ndGgiOiI0LjIgbW0iLCJpc28iOjMyLCJzaHV0dGVyX3NwZWVkIjoiMVwvNTgxMCBzZWMiLCJmbGFzaCI6Ik5vdCBmaXJlZCIsInRpdGxlIjpmYWxzZSwia2V5d29yZHMiOmZhbHNlLCJ3aWR0aCI6MTYwMCwiaGVpZ2h0IjoxMjAwLCJzYXZlZCI6dHJ1ZSwiYmFja3VwIjp7ImZpbGVuYW1lIjoiSU1HXzA1ODItMS5qcGciLCJ3aWR0aCI6NDAzMiwiaGVpZ2h0IjozMDI0LCJnZW5lcmF0ZWQiOiIwLjAyNTc0MDAwIDE2Mjg3NTQ1NDAifSwibWQ1IjoiNGNiN2FlODJhY2FiN2VkODMyNWQxZTI4ZTg1NzU1OTAiLCJmdWxsIjp7IndpZHRoIjoxNjAwLCJoZWlnaHQiOjEyMDAsIm1kNSI6IjRjYjdhZTgyYWNhYjdlZDgzMjVkMWUyOGU4NTc1NTkwIn0sInRodW1ibmFpbCI6eyJ3aWR0aCI6MjQwLCJoZWlnaHQiOjE2MCwiZmlsZW5hbWUiOiJ0aHVtYnNfSU1HXzA1ODItMS5qcGciLCJnZW5lcmF0ZWQiOiIwLjI1Mzc4NDAwIDE2Mjg3NTQ1OTAifX0=',1009,1628757506),(60,'img_0932',0,9,'IMG_0932.jpg','','IMG_0932','2021-07-07 23:04:07',0,0,'eyJhcGVydHVyZSI6IkYgMS44IiwiY3JlZGl0IjpmYWxzZSwiY2FtZXJhIjoiaVBob25lIDExIiwiY2FwdGlvbiI6ZmFsc2UsImNyZWF0ZWRfdGltZXN0YW1wIjoxNjI1Njk5MDQ3LCJjb3B5cmlnaHQiOmZhbHNlLCJmb2NhbF9sZW5ndGgiOiI0LjI1IG1tIiwiaXNvIjoxMjUwLCJzaHV0dGVyX3NwZWVkIjoiMVwvMjAgc2VjIiwiZmxhc2giOiJOb3QgZmlyZWQiLCJ0aXRsZSI6ZmFsc2UsImtleXdvcmRzIjpmYWxzZSwid2lkdGgiOjQwMzIsImhlaWdodCI6MzAyNCwiYmFja3VwIjp7ImZpbGVuYW1lIjoiSU1HXzA5MzIuanBnIiwid2lkdGgiOjQwMzIsImhlaWdodCI6MzAyNCwiZ2VuZXJhdGVkIjoiMC4wMDYxNzMwMCAxNjI4NzU0NTM1In0sIm1kNSI6IjEwZDMwZjhmYTg3OTQ4ODU5ZTM0ZTk4Mjc5YTRlYzVlIiwiZnVsbCI6eyJ3aWR0aCI6MTYwMCwiaGVpZ2h0IjoxMjAwLCJtZDUiOiIxMGQzMGY4ZmE4Nzk0ODg1OWUzNGU5ODI3OWE0ZWM1ZSJ9LCJzYXZlZCI6dHJ1ZX0=',1011,1628757506),(61,'img_0874',0,9,'IMG_0874.jpg','','IMG_0874','2021-07-07 14:39:09',0,0,'eyJhcGVydHVyZSI6IkYgMS44IiwiY3JlZGl0IjpmYWxzZSwiY2FtZXJhIjoiaVBob25lIDExIiwiY2FwdGlvbiI6ZmFsc2UsImNyZWF0ZWRfdGltZXN0YW1wIjoxNjI1NjY4NzQ5LCJjb3B5cmlnaHQiOmZhbHNlLCJmb2NhbF9sZW5ndGgiOiI0LjI1IG1tIiwiaXNvIjozMiwic2h1dHRlcl9zcGVlZCI6IjFcLzE2NTAgc2VjIiwiZmxhc2giOiJOb3QgZmlyZWQiLCJ0aXRsZSI6ZmFsc2UsImtleXdvcmRzIjpmYWxzZSwid2lkdGgiOjkwMCwiaGVpZ2h0IjoxMjAwLCJzYXZlZCI6dHJ1ZSwiYmFja3VwIjp7ImZpbGVuYW1lIjoiSU1HXzA4NzQuanBnIiwid2lkdGgiOjQwMzIsImhlaWdodCI6MzAyNCwiZ2VuZXJhdGVkIjoiMC4wMTQzMDgwMCAxNjI4NzU0NTM1In0sIm1kNSI6IjU2NjU5OTIyMjM0OWI1ZThhMTY2MjVkYWViMTQyMjE5IiwiZnVsbCI6eyJ3aWR0aCI6OTAwLCJoZWlnaHQiOjEyMDAsIm1kNSI6IjU2NjU5OTIyMjM0OWI1ZThhMTY2MjVkYWViMTQyMjE5In0sInRodW1ibmFpbCI6eyJ3aWR0aCI6MjQwLCJoZWlnaHQiOjE2MCwiZmlsZW5hbWUiOiJ0aHVtYnNfSU1HXzA4NzQuanBnIiwiZ2VuZXJhdGVkIjoiMC4yMjIyNjEwMCAxNjI4NzU0NjEwIn19',1010,1628757506),(62,'img_0567',0,9,'IMG_0567.jpg','','IMG_0567','2021-07-12 15:24:45',0,0,'eyJhcGVydHVyZSI6IkYgMS42IiwiY3JlZGl0IjpmYWxzZSwiY2FtZXJhIjoiaVBob25lIDEyIiwiY2FwdGlvbiI6ZmFsc2UsImNyZWF0ZWRfdGltZXN0YW1wIjoxNjI2MTAzNDg1LCJjb3B5cmlnaHQiOmZhbHNlLCJmb2NhbF9sZW5ndGgiOiI0LjIgbW0iLCJpc28iOjMyLCJzaHV0dGVyX3NwZWVkIjoiMVwvMjc1MCBzZWMiLCJmbGFzaCI6Ik5vdCBmaXJlZCIsInRpdGxlIjpmYWxzZSwia2V5d29yZHMiOmZhbHNlLCJ3aWR0aCI6NDAzMiwiaGVpZ2h0IjozMDI0LCJiYWNrdXAiOnsiZmlsZW5hbWUiOiJJTUdfMDU2Ny5qcGciLCJ3aWR0aCI6NDAzMiwiaGVpZ2h0IjozMDI0LCJnZW5lcmF0ZWQiOiIwLjE4NjQxODAwIDE2Mjg3NTQ2MDMifSwic2F2ZWQiOnRydWV9',1012,1628757506),(63,'img_0542',0,9,'IMG_0542.jpg','','IMG_0542','2021-07-11 18:27:19',0,0,'eyJhcGVydHVyZSI6IkYgMS42IiwiY3JlZGl0IjpmYWxzZSwiY2FtZXJhIjoiaVBob25lIDEyIiwiY2FwdGlvbiI6ZmFsc2UsImNyZWF0ZWRfdGltZXN0YW1wIjoxNjI2MDI4MDM5LCJjb3B5cmlnaHQiOmZhbHNlLCJmb2NhbF9sZW5ndGgiOiI0LjIgbW0iLCJpc28iOjMyLCJzaHV0dGVyX3NwZWVkIjoiMVwvODQwMCBzZWMiLCJmbGFzaCI6Ik5vdCBmaXJlZCIsInRpdGxlIjpmYWxzZSwia2V5d29yZHMiOmZhbHNlLCJ3aWR0aCI6MTIwMCwiaGVpZ2h0IjoxNjAwLCJiYWNrdXAiOnsiZmlsZW5hbWUiOiJJTUdfMDU0Mi5qcGciLCJ3aWR0aCI6NDAzMiwiaGVpZ2h0IjozMDI0LCJnZW5lcmF0ZWQiOiIwLjgxMjg2MzAwIDE2Mjg3NTQ1OTgifSwibWQ1IjoiOTcwYWM0OWU1YWQ1MTFiODZhMjFkODExNTNhY2Y5ZTciLCJmdWxsIjp7IndpZHRoIjoxMjAwLCJoZWlnaHQiOjE2MDAsIm1kNSI6Ijk3MGFjNDllNWFkNTExYjg2YTIxZDgxMTUzYWNmOWU3In0sInNhdmVkIjp0cnVlfQ==',1013,1628757506),(64,'img_0566',0,9,'IMG_0566.jpg','','IMG_0566','2021-07-12 13:25:44',0,0,'eyJhcGVydHVyZSI6IkYgMS42IiwiY3JlZGl0IjpmYWxzZSwiY2FtZXJhIjoiaVBob25lIDEyIiwiY2FwdGlvbiI6ZmFsc2UsImNyZWF0ZWRfdGltZXN0YW1wIjoxNjI2MDk2MzQ0LCJjb3B5cmlnaHQiOmZhbHNlLCJmb2NhbF9sZW5ndGgiOiI0LjIgbW0iLCJpc28iOjY0LCJzaHV0dGVyX3NwZWVkIjoiMVwvMTIwIHNlYyIsImZsYXNoIjoiTm90IGZpcmVkIiwidGl0bGUiOmZhbHNlLCJrZXl3b3JkcyI6ZmFsc2UsIndpZHRoIjo0MDMyLCJoZWlnaHQiOjMwMjQsImJhY2t1cCI6eyJmaWxlbmFtZSI6IklNR18wNTY2LmpwZyIsIndpZHRoIjo0MDMyLCJoZWlnaHQiOjMwMjQsImdlbmVyYXRlZCI6IjAuMTc3NzU3MDAgMTYyODc1NDYwMyJ9LCJzYXZlZCI6dHJ1ZX0=',1014,1628757506),(65,'img_0575-1',0,9,'IMG_0575-1.jpg','','IMG_0575-1','2021-07-12 19:07:23',0,0,'eyJhcGVydHVyZSI6IkYgMS42IiwiY3JlZGl0IjpmYWxzZSwiY2FtZXJhIjoiaVBob25lIDEyIiwiY2FwdGlvbiI6ZmFsc2UsImNyZWF0ZWRfdGltZXN0YW1wIjoxNjI2MTE2ODQzLCJjb3B5cmlnaHQiOmZhbHNlLCJmb2NhbF9sZW5ndGgiOiI0LjIgbW0iLCJpc28iOjgwLCJzaHV0dGVyX3NwZWVkIjoiMVwvMTIwIHNlYyIsImZsYXNoIjoiTm90IGZpcmVkIiwidGl0bGUiOmZhbHNlLCJrZXl3b3JkcyI6ZmFsc2UsIndpZHRoIjo5MDAsImhlaWdodCI6MTIwMCwic2F2ZWQiOnRydWUsImJhY2t1cCI6eyJmaWxlbmFtZSI6IklNR18wNTc1LTEuanBnIiwid2lkdGgiOjQwMzIsImhlaWdodCI6MzAyNCwiZ2VuZXJhdGVkIjoiMC4yNTY2MTgwMCAxNjI4NzU0NjA1In0sIm1kNSI6IjA0NzJmNjlmZjE3YmU2ZDQwOTIzNDM2YWQ1MjE1MDA2IiwiZnVsbCI6eyJ3aWR0aCI6OTAwLCJoZWlnaHQiOjEyMDAsIm1kNSI6IjA0NzJmNjlmZjE3YmU2ZDQwOTIzNDM2YWQ1MjE1MDA2In0sInRodW1ibmFpbCI6eyJ3aWR0aCI6MjQwLCJoZWlnaHQiOjE2MCwiZmlsZW5hbWUiOiJ0aHVtYnNfSU1HXzA1NzUtMS5qcGciLCJnZW5lcmF0ZWQiOiIwLjQ0Mjg3MDAwIDE2Mjg3NTQ2MzUifX0=',1015,1628757506),(66,'img_0576-1',0,9,'IMG_0576-1.jpg','','IMG_0576-1','2021-07-12 19:17:38',0,0,'eyJhcGVydHVyZSI6IkYgMS42IiwiY3JlZGl0IjpmYWxzZSwiY2FtZXJhIjoiaVBob25lIDEyIiwiY2FwdGlvbiI6ZmFsc2UsImNyZWF0ZWRfdGltZXN0YW1wIjoxNjI2MTE3NDU4LCJjb3B5cmlnaHQiOmZhbHNlLCJmb2NhbF9sZW5ndGgiOiI0LjIgbW0iLCJpc28iOjUwLCJzaHV0dGVyX3NwZWVkIjoiMVwvMTIwIHNlYyIsImZsYXNoIjoiTm90IGZpcmVkIiwidGl0bGUiOmZhbHNlLCJrZXl3b3JkcyI6ZmFsc2UsIndpZHRoIjoxMjAwLCJoZWlnaHQiOjE2MDAsImJhY2t1cCI6eyJmaWxlbmFtZSI6IklNR18wNTc2LTEuanBnIiwid2lkdGgiOjQwMzIsImhlaWdodCI6MzAyNCwiZ2VuZXJhdGVkIjoiMC4yMzM4NDkwMCAxNjI4NzU0NjAzIn0sIm1kNSI6IjcyMzRjZDUxMDEwYmMxMDAyYzU0YjYwZTczMDhkNTVhIiwiZnVsbCI6eyJ3aWR0aCI6MTIwMCwiaGVpZ2h0IjoxNjAwLCJtZDUiOiI3MjM0Y2Q1MTAxMGJjMTAwMmM1NGI2MGU3MzA4ZDU1YSJ9LCJzYXZlZCI6dHJ1ZX0=',1016,1628757506),(67,'img_0568',0,9,'IMG_0568.jpg','','IMG_0568','2021-07-12 15:25:55',0,0,'eyJhcGVydHVyZSI6IkYgMS42IiwiY3JlZGl0IjpmYWxzZSwiY2FtZXJhIjoiaVBob25lIDEyIiwiY2FwdGlvbiI6ZmFsc2UsImNyZWF0ZWRfdGltZXN0YW1wIjoxNjI2MTAzNTU1LCJjb3B5cmlnaHQiOmZhbHNlLCJmb2NhbF9sZW5ndGgiOiI0LjIgbW0iLCJpc28iOjMyLCJzaHV0dGVyX3NwZWVkIjoiMVwvMzIxMCBzZWMiLCJmbGFzaCI6Ik5vdCBmaXJlZCIsInRpdGxlIjpmYWxzZSwia2V5d29yZHMiOmZhbHNlLCJ3aWR0aCI6NDAzMiwiaGVpZ2h0IjozMDI0LCJiYWNrdXAiOnsiZmlsZW5hbWUiOiJJTUdfMDU2OC5qcGciLCJ3aWR0aCI6NDAzMiwiaGVpZ2h0IjozMDI0LCJnZW5lcmF0ZWQiOiIwLjI0MDQwNzAwIDE2Mjg3NTQ2MTAifSwic2F2ZWQiOnRydWV9',1017,1628757506),(68,'img_0573',0,9,'IMG_0573.jpg','','IMG_0573','2021-07-12 18:51:45',0,0,'eyJhcGVydHVyZSI6IkYgMS42IiwiY3JlZGl0IjpmYWxzZSwiY2FtZXJhIjoiaVBob25lIDEyIiwiY2FwdGlvbiI6ZmFsc2UsImNyZWF0ZWRfdGltZXN0YW1wIjoxNjI2MTE1OTA1LCJjb3B5cmlnaHQiOmZhbHNlLCJmb2NhbF9sZW5ndGgiOiI0LjIgbW0iLCJpc28iOjMyLCJzaHV0dGVyX3NwZWVkIjoiMVwvMTQ0MCBzZWMiLCJmbGFzaCI6Ik5vdCBmaXJlZCIsInRpdGxlIjpmYWxzZSwia2V5d29yZHMiOmZhbHNlLCJ3aWR0aCI6MTYwMCwiaGVpZ2h0IjoxMjAwLCJzYXZlZCI6dHJ1ZSwiYmFja3VwIjp7ImZpbGVuYW1lIjoiSU1HXzA1NzMuanBnIiwid2lkdGgiOjQwMzIsImhlaWdodCI6MzAyNCwiZ2VuZXJhdGVkIjoiMC44MjA0OTMwMCAxNjI4NzU0NjMyIn0sIm1kNSI6ImVhMmI4ZjEwYzUxY2QyZDI0MWYxNTQ2OTUyNThmZDVlIiwiZnVsbCI6eyJ3aWR0aCI6MTYwMCwiaGVpZ2h0IjoxMjAwLCJtZDUiOiJlYTJiOGYxMGM1MWNkMmQyNDFmMTU0Njk1MjU4ZmQ1ZSJ9LCJ0aHVtYm5haWwiOnsid2lkdGgiOjI0MCwiaGVpZ2h0IjoxNjAsImZpbGVuYW1lIjoidGh1bWJzX0lNR18wNTczLmpwZyIsImdlbmVyYXRlZCI6IjAuNzk5OTE4MDAgMTYyODc1NDYzNSJ9fQ==',1018,1628757506),(69,'img_0536',0,9,'IMG_0536.jpg','','IMG_0536','2021-07-11 13:16:18',0,0,'eyJhcGVydHVyZSI6IkYgMS42IiwiY3JlZGl0IjpmYWxzZSwiY2FtZXJhIjoiaVBob25lIDEyIiwiY2FwdGlvbiI6ZmFsc2UsImNyZWF0ZWRfdGltZXN0YW1wIjoxNjI2MDA5Mzc4LCJjb3B5cmlnaHQiOmZhbHNlLCJmb2NhbF9sZW5ndGgiOiI0LjIgbW0iLCJpc28iOjMyLCJzaHV0dGVyX3NwZWVkIjoiMVwvNDUwIHNlYyIsImZsYXNoIjoiTm90IGZpcmVkIiwidGl0bGUiOmZhbHNlLCJrZXl3b3JkcyI6ZmFsc2UsIndpZHRoIjo5MDAsImhlaWdodCI6MTIwMCwic2F2ZWQiOnRydWUsImJhY2t1cCI6eyJmaWxlbmFtZSI6IklNR18wNTM2LmpwZyIsIndpZHRoIjo0MDMyLCJoZWlnaHQiOjMwMjQsImdlbmVyYXRlZCI6IjAuMTg1NzQ5MDAgMTYyODc1NDY0MiJ9LCJtZDUiOiJlMjM5MGY4N2E4NTgzNmM0MDUxODYwM2M1NGM0YTc5ZSIsImZ1bGwiOnsid2lkdGgiOjkwMCwiaGVpZ2h0IjoxMjAwLCJtZDUiOiJlMjM5MGY4N2E4NTgzNmM0MDUxODYwM2M1NGM0YTc5ZSJ9LCJ0aHVtYm5haWwiOnsid2lkdGgiOjI0MCwiaGVpZ2h0IjoxNjAsImZpbGVuYW1lIjoidGh1bWJzX0lNR18wNTM2LmpwZyIsImdlbmVyYXRlZCI6IjAuOTE2NTU1MDAgMTYyODc1NDY3NSJ9fQ==',1019,1628757507),(70,'img_0561',0,9,'IMG_0561.jpg','','IMG_0561','2021-07-12 06:23:18',0,0,'eyJhcGVydHVyZSI6IkYgMS42IiwiY3JlZGl0IjpmYWxzZSwiY2FtZXJhIjoiaVBob25lIDEyIiwiY2FwdGlvbiI6ZmFsc2UsImNyZWF0ZWRfdGltZXN0YW1wIjoxNjI2MDcwOTk4LCJjb3B5cmlnaHQiOmZhbHNlLCJmb2NhbF9sZW5ndGgiOiI0LjIgbW0iLCJpc28iOjMyLCJzaHV0dGVyX3NwZWVkIjoiMVwvMjAwIHNlYyIsImZsYXNoIjoiTm90IGZpcmVkIiwidGl0bGUiOmZhbHNlLCJrZXl3b3JkcyI6ZmFsc2UsIndpZHRoIjo5MDAsImhlaWdodCI6MTIwMCwic2F2ZWQiOnRydWUsImJhY2t1cCI6eyJmaWxlbmFtZSI6IklNR18wNTYxLmpwZyIsIndpZHRoIjo0MDMyLCJoZWlnaHQiOjMwMjQsImdlbmVyYXRlZCI6IjAuMjg3NTg2MDAgMTYyODc1NDY1NyJ9LCJtZDUiOiI1OTRiMWVhMTFmOGIwNDc2MzliNjlhYjA4Y2NlMjA1YiIsImZ1bGwiOnsid2lkdGgiOjkwMCwiaGVpZ2h0IjoxMjAwLCJtZDUiOiI1OTRiMWVhMTFmOGIwNDc2MzliNjlhYjA4Y2NlMjA1YiJ9LCJ0aHVtYm5haWwiOnsid2lkdGgiOjI0MCwiaGVpZ2h0IjoxNjAsImZpbGVuYW1lIjoidGh1bWJzX0lNR18wNTYxLmpwZyIsImdlbmVyYXRlZCI6IjAuOTE0NDEwMDAgMTYyODc1NDY3NSJ9fQ==',1020,1628757507),(71,'img_0537',0,9,'IMG_0537.jpg','','IMG_0537','2021-07-11 17:14:36',0,0,'eyJhcGVydHVyZSI6IkYgMS42IiwiY3JlZGl0IjpmYWxzZSwiY2FtZXJhIjoiaVBob25lIDEyIiwiY2FwdGlvbiI6ZmFsc2UsImNyZWF0ZWRfdGltZXN0YW1wIjoxNjI2MDIzNjc2LCJjb3B5cmlnaHQiOmZhbHNlLCJmb2NhbF9sZW5ndGgiOiI0LjIgbW0iLCJpc28iOjMyLCJzaHV0dGVyX3NwZWVkIjoiMVwvMzMwMCBzZWMiLCJmbGFzaCI6Ik5vdCBmaXJlZCIsInRpdGxlIjpmYWxzZSwia2V5d29yZHMiOmZhbHNlLCJ3aWR0aCI6MTYwMCwiaGVpZ2h0IjoxMjAwLCJzYXZlZCI6dHJ1ZSwiYmFja3VwIjp7ImZpbGVuYW1lIjoiSU1HXzA1MzcuanBnIiwid2lkdGgiOjQwMzIsImhlaWdodCI6MzAyNCwiZ2VuZXJhdGVkIjoiMC4zMDc1MTEwMCAxNjI4NzU0NjYwIn0sIm1kNSI6IjM1MWZkNzc0ZjhkNzY4NjA2YjI1NzNlYjBkN2FmYjJkIiwiZnVsbCI6eyJ3aWR0aCI6MTYwMCwiaGVpZ2h0IjoxMjAwLCJtZDUiOiIzNTFmZDc3NGY4ZDc2ODYwNmIyNTczZWIwZDdhZmIyZCJ9LCJ0aHVtYm5haWwiOnsid2lkdGgiOjI0MCwiaGVpZ2h0IjoxNjAsImZpbGVuYW1lIjoidGh1bWJzX0lNR18wNTM3LmpwZyIsImdlbmVyYXRlZCI6IjAuNjI3NTMzMDAgMTYyODc1NDY3NCJ9fQ==',1021,1628757507),(72,'img_0572',0,9,'IMG_0572.jpg','','IMG_0572','2021-07-12 18:51:27',0,0,'eyJhcGVydHVyZSI6IkYgMS42IiwiY3JlZGl0IjpmYWxzZSwiY2FtZXJhIjoiaVBob25lIDEyIiwiY2FwdGlvbiI6ZmFsc2UsImNyZWF0ZWRfdGltZXN0YW1wIjoxNjI2MTE1ODg3LCJjb3B5cmlnaHQiOmZhbHNlLCJmb2NhbF9sZW5ndGgiOiI0LjIgbW0iLCJpc28iOjMyLCJzaHV0dGVyX3NwZWVkIjoiMVwvNTIwIHNlYyIsImZsYXNoIjoiTm90IGZpcmVkIiwidGl0bGUiOmZhbHNlLCJrZXl3b3JkcyI6ZmFsc2UsIndpZHRoIjo5MDAsImhlaWdodCI6MTIwMCwic2F2ZWQiOnRydWUsImJhY2t1cCI6eyJmaWxlbmFtZSI6IklNR18wNTcyLmpwZyIsIndpZHRoIjo0MDMyLCJoZWlnaHQiOjMwMjQsImdlbmVyYXRlZCI6IjAuMzA5ODMxMDAgMTYyODc1NDY2MCJ9LCJtZDUiOiI5MmFlNjJkN2FkNTczYzdjMDVmZTliZjI5MDgwY2RkNCIsImZ1bGwiOnsid2lkdGgiOjkwMCwiaGVpZ2h0IjoxMjAwLCJtZDUiOiI5MmFlNjJkN2FkNTczYzdjMDVmZTliZjI5MDgwY2RkNCJ9LCJ0aHVtYm5haWwiOnsid2lkdGgiOjI0MCwiaGVpZ2h0IjoxNjAsImZpbGVuYW1lIjoidGh1bWJzX0lNR18wNTcyLmpwZyIsImdlbmVyYXRlZCI6IjAuOTY4MjA0MDAgMTYyODc1NDY3NiJ9fQ==',1022,1628757507),(73,'img_0540',0,9,'IMG_0540.jpg','','IMG_0540','2021-07-11 18:16:40',0,0,'eyJhcGVydHVyZSI6IkYgMS42IiwiY3JlZGl0IjpmYWxzZSwiY2FtZXJhIjoiaVBob25lIDEyIiwiY2FwdGlvbiI6ZmFsc2UsImNyZWF0ZWRfdGltZXN0YW1wIjoxNjI2MDI3NDAwLCJjb3B5cmlnaHQiOmZhbHNlLCJmb2NhbF9sZW5ndGgiOiI0LjIgbW0iLCJpc28iOjMyLCJzaHV0dGVyX3NwZWVkIjoiMVwvMzczMCBzZWMiLCJmbGFzaCI6Ik5vdCBmaXJlZCIsInRpdGxlIjpmYWxzZSwia2V5d29yZHMiOmZhbHNlLCJ3aWR0aCI6MTYwMCwiaGVpZ2h0IjoxMjAwLCJzYXZlZCI6dHJ1ZSwiYmFja3VwIjp7ImZpbGVuYW1lIjoiSU1HXzA1NDAuanBnIiwid2lkdGgiOjQwMzIsImhlaWdodCI6MzAyNCwiZ2VuZXJhdGVkIjoiMC4zMzgxMzAwMCAxNjI4NzU0NjcwIn0sIm1kNSI6IjJiNDhhY2ZmMzA5OTViYTg5MDk4YzE4MDA5NDEzZGNlIiwiZnVsbCI6eyJ3aWR0aCI6MTYwMCwiaGVpZ2h0IjoxMjAwLCJtZDUiOiIyYjQ4YWNmZjMwOTk1YmE4OTA5OGMxODAwOTQxM2RjZSJ9LCJ0aHVtYm5haWwiOnsid2lkdGgiOjI0MCwiaGVpZ2h0IjoxNjAsImZpbGVuYW1lIjoidGh1bWJzX0lNR18wNTQwLmpwZyIsImdlbmVyYXRlZCI6IjAuNTMyOTYzMDAgMTYyODc1NDY3NyJ9fQ==',1023,1628757507),(74,'img_0565',0,9,'IMG_0565.jpg','','IMG_0565','2021-07-12 11:40:05',0,0,'eyJhcGVydHVyZSI6IkYgMS42IiwiY3JlZGl0IjpmYWxzZSwiY2FtZXJhIjoiaVBob25lIDEyIiwiY2FwdGlvbiI6ZmFsc2UsImNyZWF0ZWRfdGltZXN0YW1wIjoxNjI2MDkwMDA1LCJjb3B5cmlnaHQiOmZhbHNlLCJmb2NhbF9sZW5ndGgiOiI0LjIgbW0iLCJpc28iOjMyLCJzaHV0dGVyX3NwZWVkIjoiMVwvMzQwMCBzZWMiLCJmbGFzaCI6Ik5vdCBmaXJlZCIsInRpdGxlIjpmYWxzZSwia2V5d29yZHMiOmZhbHNlLCJ3aWR0aCI6MTYwMCwiaGVpZ2h0IjoxMjAwLCJzYXZlZCI6dHJ1ZSwiYmFja3VwIjp7ImZpbGVuYW1lIjoiSU1HXzA1NjUuanBnIiwid2lkdGgiOjQwMzIsImhlaWdodCI6MzAyNCwiZ2VuZXJhdGVkIjoiMC42MjY3NjUwMCAxNjI4NzU0NjczIn0sIm1kNSI6ImM1ODllNmYyZmZkNzM1Mjg3MzhmNjcyNzNjODAxYWI0IiwiZnVsbCI6eyJ3aWR0aCI6MTYwMCwiaGVpZ2h0IjoxMjAwLCJtZDUiOiJjNTg5ZTZmMmZmZDczNTI4NzM4ZjY3MjczYzgwMWFiNCJ9LCJ0aHVtYm5haWwiOnsid2lkdGgiOjI0MCwiaGVpZ2h0IjoxNjAsImZpbGVuYW1lIjoidGh1bWJzX0lNR18wNTY1LmpwZyIsImdlbmVyYXRlZCI6IjAuNTI4OTU2MDAgMTYyODc1NDY3NyJ9fQ==',1024,1628757507),(75,'img_0538',0,9,'IMG_0538.jpg','','IMG_0538','2021-07-11 17:14:38',0,0,'eyJhcGVydHVyZSI6IkYgMS42IiwiY3JlZGl0IjpmYWxzZSwiY2FtZXJhIjoiaVBob25lIDEyIiwiY2FwdGlvbiI6ZmFsc2UsImNyZWF0ZWRfdGltZXN0YW1wIjoxNjI2MDIzNjc4LCJjb3B5cmlnaHQiOmZhbHNlLCJmb2NhbF9sZW5ndGgiOiI0LjIgbW0iLCJpc28iOjMyLCJzaHV0dGVyX3NwZWVkIjoiMVwvMzIxMCBzZWMiLCJmbGFzaCI6Ik5vdCBmaXJlZCIsInRpdGxlIjpmYWxzZSwia2V5d29yZHMiOmZhbHNlLCJ3aWR0aCI6MTYwMCwiaGVpZ2h0IjoxMjAwLCJzYXZlZCI6dHJ1ZSwiYmFja3VwIjp7ImZpbGVuYW1lIjoiSU1HXzA1MzguanBnIiwid2lkdGgiOjQwMzIsImhlaWdodCI6MzAyNCwiZ2VuZXJhdGVkIjoiMC42NDE4ODgwMCAxNjI4NzU0NjkxIn0sIm1kNSI6ImRmMWY0NGUxYzk5ZWViMDdkYTRkYzM4YWI1MDJkMjgzIiwiZnVsbCI6eyJ3aWR0aCI6MTYwMCwiaGVpZ2h0IjoxMjAwLCJtZDUiOiJkZjFmNDRlMWM5OWVlYjA3ZGE0ZGMzOGFiNTAyZDI4MyJ9LCJ0aHVtYm5haWwiOnsid2lkdGgiOjI0MCwiaGVpZ2h0IjoxNjAsImZpbGVuYW1lIjoidGh1bWJzX0lNR18wNTM4LmpwZyIsImdlbmVyYXRlZCI6IjAuODIyOTMwMDAgMTYyODc1NDcxMiJ9fQ==',1025,1628757507),(76,'img_0562',0,9,'IMG_0562.jpg','','IMG_0562','2021-07-12 06:23:32',0,0,'eyJhcGVydHVyZSI6IkYgMS42IiwiY3JlZGl0IjpmYWxzZSwiY2FtZXJhIjoiaVBob25lIDEyIiwiY2FwdGlvbiI6ZmFsc2UsImNyZWF0ZWRfdGltZXN0YW1wIjoxNjI2MDcxMDEyLCJjb3B5cmlnaHQiOmZhbHNlLCJmb2NhbF9sZW5ndGgiOiI0LjIgbW0iLCJpc28iOjMyLCJzaHV0dGVyX3NwZWVkIjoiMVwvMTYwIHNlYyIsImZsYXNoIjoiTm90IGZpcmVkIiwidGl0bGUiOmZhbHNlLCJrZXl3b3JkcyI6ZmFsc2UsIndpZHRoIjoxNjAwLCJoZWlnaHQiOjEyMDAsInNhdmVkIjp0cnVlLCJiYWNrdXAiOnsiZmlsZW5hbWUiOiJJTUdfMDU2Mi5qcGciLCJ3aWR0aCI6NDAzMiwiaGVpZ2h0IjozMDI0LCJnZW5lcmF0ZWQiOiIwLjM4NzM0NTAwIDE2Mjg3NTQ2OTkifSwibWQ1IjoiYjBjOGYzZTZhOGE1NzczYzE2NzMyNjQ4MDA5ZDMxOWMiLCJmdWxsIjp7IndpZHRoIjoxNjAwLCJoZWlnaHQiOjEyMDAsIm1kNSI6ImIwYzhmM2U2YThhNTc3M2MxNjczMjY0ODAwOWQzMTljIn0sInRodW1ibmFpbCI6eyJ3aWR0aCI6MjQwLCJoZWlnaHQiOjE2MCwiZmlsZW5hbWUiOiJ0aHVtYnNfSU1HXzA1NjIuanBnIiwiZ2VuZXJhdGVkIjoiMC43OTkyODEwMCAxNjI4NzU0NzA3In19',1026,1628757507),(77,'img_0541',0,9,'IMG_0541.jpg','','IMG_0541','2021-07-11 18:22:33',0,0,'eyJhcGVydHVyZSI6IkYgMS42IiwiY3JlZGl0IjpmYWxzZSwiY2FtZXJhIjoiaVBob25lIDEyIiwiY2FwdGlvbiI6ZmFsc2UsImNyZWF0ZWRfdGltZXN0YW1wIjoxNjI2MDI3NzUzLCJjb3B5cmlnaHQiOmZhbHNlLCJmb2NhbF9sZW5ndGgiOiI0LjIgbW0iLCJpc28iOjMyLCJzaHV0dGVyX3NwZWVkIjoiMVwvNDgzMCBzZWMiLCJmbGFzaCI6Ik5vdCBmaXJlZCIsInRpdGxlIjpmYWxzZSwia2V5d29yZHMiOmZhbHNlLCJ3aWR0aCI6MTYwMCwiaGVpZ2h0IjoxMjAwLCJzYXZlZCI6dHJ1ZSwiYmFja3VwIjp7ImZpbGVuYW1lIjoiSU1HXzA1NDEuanBnIiwid2lkdGgiOjQwMzIsImhlaWdodCI6MzAyNCwiZ2VuZXJhdGVkIjoiMC4yMjM4NTEwMCAxNjI4NzU0NzA1In0sIm1kNSI6ImRiZWQ3M2IzOTc5ODI4YzY1YjMwMjE3OWJmZGViZTYyIiwiZnVsbCI6eyJ3aWR0aCI6MTYwMCwiaGVpZ2h0IjoxMjAwLCJtZDUiOiJkYmVkNzNiMzk3OTgyOGM2NWIzMDIxNzliZmRlYmU2MiJ9LCJ0aHVtYm5haWwiOnsid2lkdGgiOjI0MCwiaGVpZ2h0IjoxNjAsImZpbGVuYW1lIjoidGh1bWJzX0lNR18wNTQxLmpwZyIsImdlbmVyYXRlZCI6IjAuMzM0MDY1MDAgMTYyODc1NDcxNyJ9fQ==',1027,1628757507),(78,'img_0526',0,9,'IMG_0526.jpg','','IMG_0526','2021-07-11 10:32:13',0,0,'eyJhcGVydHVyZSI6IkYgMS42IiwiY3JlZGl0IjpmYWxzZSwiY2FtZXJhIjoiaVBob25lIDEyIiwiY2FwdGlvbiI6ZmFsc2UsImNyZWF0ZWRfdGltZXN0YW1wIjoxNjI1OTk5NTMzLCJjb3B5cmlnaHQiOmZhbHNlLCJmb2NhbF9sZW5ndGgiOiI0LjIgbW0iLCJpc28iOjMyLCJzaHV0dGVyX3NwZWVkIjoiMVwvMTMwIHNlYyIsImZsYXNoIjoiTm90IGZpcmVkIiwidGl0bGUiOmZhbHNlLCJrZXl3b3JkcyI6ZmFsc2UsIndpZHRoIjoxNjAwLCJoZWlnaHQiOjEyMDAsInNhdmVkIjp0cnVlLCJiYWNrdXAiOnsiZmlsZW5hbWUiOiJJTUdfMDUyNi5qcGciLCJ3aWR0aCI6NDAzMiwiaGVpZ2h0IjozMDI0LCJnZW5lcmF0ZWQiOiIwLjMzMjg4MzAwIDE2Mjg3NTQ3MDUifSwibWQ1IjoiNTJiYzgxMGQwOGRjMWQzMDc0NmZkZjNjZWE3MWExMjQiLCJmdWxsIjp7IndpZHRoIjoxNjAwLCJoZWlnaHQiOjEyMDAsIm1kNSI6IjUyYmM4MTBkMDhkYzFkMzA3NDZmZGYzY2VhNzFhMTI0In0sInRodW1ibmFpbCI6eyJ3aWR0aCI6MjQwLCJoZWlnaHQiOjE2MCwiZmlsZW5hbWUiOiJ0aHVtYnNfSU1HXzA1MjYuanBnIiwiZ2VuZXJhdGVkIjoiMC42Mzc4NjkwMCAxNjI4NzU0NzE3In19',1028,1628757507),(79,'img_0571',0,9,'IMG_0571.jpg','','IMG_0571','2021-07-12 18:50:28',0,0,'eyJhcGVydHVyZSI6IkYgMS42IiwiY3JlZGl0IjpmYWxzZSwiY2FtZXJhIjoiaVBob25lIDEyIiwiY2FwdGlvbiI6ZmFsc2UsImNyZWF0ZWRfdGltZXN0YW1wIjoxNjI2MTE1ODI4LCJjb3B5cmlnaHQiOmZhbHNlLCJmb2NhbF9sZW5ndGgiOiI0LjIgbW0iLCJpc28iOjMyLCJzaHV0dGVyX3NwZWVkIjoiMVwvMTY5MCBzZWMiLCJmbGFzaCI6Ik5vdCBmaXJlZCIsInRpdGxlIjpmYWxzZSwia2V5d29yZHMiOmZhbHNlLCJ3aWR0aCI6OTAwLCJoZWlnaHQiOjEyMDAsInNhdmVkIjp0cnVlLCJiYWNrdXAiOnsiZmlsZW5hbWUiOiJJTUdfMDU3MS5qcGciLCJ3aWR0aCI6NDAzMiwiaGVpZ2h0IjozMDI0LCJnZW5lcmF0ZWQiOiIwLjQyMzMzMjAwIDE2Mjg3NTQ3MDUifSwibWQ1IjoiOGNkOGM3OGU5ZmY5MmYwNTk5N2I3NmRhYjYwM2Y0OGUiLCJmdWxsIjp7IndpZHRoIjo5MDAsImhlaWdodCI6MTIwMCwibWQ1IjoiOGNkOGM3OGU5ZmY5MmYwNTk5N2I3NmRhYjYwM2Y0OGUifSwidGh1bWJuYWlsIjp7IndpZHRoIjoyNDAsImhlaWdodCI6MTYwLCJmaWxlbmFtZSI6InRodW1ic19JTUdfMDU3MS5qcGciLCJnZW5lcmF0ZWQiOiIwLjg3NTUxNzAwIDE2Mjg3NTQ3MTcifX0=',1029,1628757507),(81,'img_0535',0,9,'IMG_0535.jpg','','IMG_0535','2021-07-11 13:15:03',0,0,'eyJhcGVydHVyZSI6IkYgMS42IiwiY3JlZGl0IjpmYWxzZSwiY2FtZXJhIjoiaVBob25lIDEyIiwiY2FwdGlvbiI6ZmFsc2UsImNyZWF0ZWRfdGltZXN0YW1wIjoxNjI2MDA5MzAzLCJjb3B5cmlnaHQiOmZhbHNlLCJmb2NhbF9sZW5ndGgiOiI0LjIgbW0iLCJpc28iOjMyLCJzaHV0dGVyX3NwZWVkIjoiMVwvOTYwIHNlYyIsImZsYXNoIjoiTm90IGZpcmVkIiwidGl0bGUiOmZhbHNlLCJrZXl3b3JkcyI6ZmFsc2UsIndpZHRoIjo5MDAsImhlaWdodCI6MTIwMCwic2F2ZWQiOnRydWUsImJhY2t1cCI6eyJmaWxlbmFtZSI6IklNR18wNTM1LmpwZyIsIndpZHRoIjo0MDMyLCJoZWlnaHQiOjMwMjQsImdlbmVyYXRlZCI6IjAuOTIzMDI3MDAgMTYyODc1NDcxNiJ9LCJtZDUiOiI0NmMwNzdmZjQzZjI2YThmYWU5OGQ0M2U2YjA2YWY1ZSIsImZ1bGwiOnsid2lkdGgiOjkwMCwiaGVpZ2h0IjoxMjAwLCJtZDUiOiI0NmMwNzdmZjQzZjI2YThmYWU5OGQ0M2U2YjA2YWY1ZSJ9LCJ0aHVtYm5haWwiOnsid2lkdGgiOjI0MCwiaGVpZ2h0IjoxNjAsImZpbGVuYW1lIjoidGh1bWJzX0lNR18wNTM1LmpwZyIsImdlbmVyYXRlZCI6IjAuMjMyMDk5MDAgMTYyODc1NDc0MSJ9fQ==',1031,1628757507),(82,'img_0527',0,9,'IMG_0527.jpg','','IMG_0527','2021-07-11 10:32:40',0,0,'eyJhcGVydHVyZSI6IkYgMS42IiwiY3JlZGl0IjpmYWxzZSwiY2FtZXJhIjoiaVBob25lIDEyIiwiY2FwdGlvbiI6ZmFsc2UsImNyZWF0ZWRfdGltZXN0YW1wIjoxNjI1OTk5NTYwLCJjb3B5cmlnaHQiOmZhbHNlLCJmb2NhbF9sZW5ndGgiOiI0LjIgbW0iLCJpc28iOjMyLCJzaHV0dGVyX3NwZWVkIjoiMVwvMTc3MCBzZWMiLCJmbGFzaCI6Ik5vdCBmaXJlZCIsInRpdGxlIjpmYWxzZSwia2V5d29yZHMiOmZhbHNlLCJ3aWR0aCI6OTAwLCJoZWlnaHQiOjEyMDAsInNhdmVkIjp0cnVlLCJiYWNrdXAiOnsiZmlsZW5hbWUiOiJJTUdfMDUyNy5qcGciLCJ3aWR0aCI6NDAzMiwiaGVpZ2h0IjozMDI0LCJnZW5lcmF0ZWQiOiIwLjIxNzU1OTAwIDE2Mjg3NTQ3MjEifSwibWQ1IjoiNDIzN2ZmYWFiNzg0NjdhOGIzYzFkYzM4YWRhYmRkZGQiLCJmdWxsIjp7IndpZHRoIjo5MDAsImhlaWdodCI6MTIwMCwibWQ1IjoiNDIzN2ZmYWFiNzg0NjdhOGIzYzFkYzM4YWRhYmRkZGQifSwidGh1bWJuYWlsIjp7IndpZHRoIjoyNDAsImhlaWdodCI6MTYwLCJmaWxlbmFtZSI6InRodW1ic19JTUdfMDUyNy5qcGciLCJnZW5lcmF0ZWQiOiIwLjYyMjM5NjAwIDE2Mjg3NTQ3NDkifX0=',1032,1628757507),(83,'img_0574-1',0,9,'IMG_0574-1.jpg','','IMG_0574-1','2021-07-12 18:57:39',0,0,'eyJhcGVydHVyZSI6IkYgMS42IiwiY3JlZGl0IjpmYWxzZSwiY2FtZXJhIjoiaVBob25lIDEyIiwiY2FwdGlvbiI6ZmFsc2UsImNyZWF0ZWRfdGltZXN0YW1wIjoxNjI2MTE2MjU5LCJjb3B5cmlnaHQiOmZhbHNlLCJmb2NhbF9sZW5ndGgiOiI0LjIgbW0iLCJpc28iOjMyLCJzaHV0dGVyX3NwZWVkIjoiMVwvMTQ3MCBzZWMiLCJmbGFzaCI6Ik5vdCBmaXJlZCIsInRpdGxlIjpmYWxzZSwia2V5d29yZHMiOmZhbHNlLCJ3aWR0aCI6OTAwLCJoZWlnaHQiOjEyMDAsInNhdmVkIjp0cnVlLCJiYWNrdXAiOnsiZmlsZW5hbWUiOiJJTUdfMDU3NC0xLmpwZyIsIndpZHRoIjo0MDMyLCJoZWlnaHQiOjMwMjQsImdlbmVyYXRlZCI6IjAuMzQ5OTI1MDAgMTYyODc1NDc0MSJ9LCJtZDUiOiIwYzM1OGMwYzdmYWQ1NzUwNzY5MjM2ZDE3MzdjZjRjZCIsImZ1bGwiOnsid2lkdGgiOjkwMCwiaGVpZ2h0IjoxMjAwLCJtZDUiOiIwYzM1OGMwYzdmYWQ1NzUwNzY5MjM2ZDE3MzdjZjRjZCJ9LCJ0aHVtYm5haWwiOnsid2lkdGgiOjI0MCwiaGVpZ2h0IjoxNjAsImZpbGVuYW1lIjoidGh1bWJzX0lNR18wNTc0LTEuanBnIiwiZ2VuZXJhdGVkIjoiMC40Mzc5MzEwMCAxNjI4NzU0NzUxIn19',1033,1628757507),(84,'img_0564',0,9,'IMG_0564.jpg','','IMG_0564','2021-07-12 11:28:50',0,0,'eyJhcGVydHVyZSI6IkYgMS42IiwiY3JlZGl0IjpmYWxzZSwiY2FtZXJhIjoiaVBob25lIDEyIiwiY2FwdGlvbiI6ZmFsc2UsImNyZWF0ZWRfdGltZXN0YW1wIjoxNjI2MDg5MzMwLCJjb3B5cmlnaHQiOmZhbHNlLCJmb2NhbF9sZW5ndGgiOiI0LjIgbW0iLCJpc28iOjMyLCJzaHV0dGVyX3NwZWVkIjoiMVwvNzgxMCBzZWMiLCJmbGFzaCI6Ik5vdCBmaXJlZCIsInRpdGxlIjpmYWxzZSwia2V5d29yZHMiOmZhbHNlLCJ3aWR0aCI6MTYwMCwiaGVpZ2h0IjoxMjAwLCJzYXZlZCI6dHJ1ZSwiYmFja3VwIjp7ImZpbGVuYW1lIjoiSU1HXzA1NjQuanBnIiwid2lkdGgiOjQwMzIsImhlaWdodCI6MzAyNCwiZ2VuZXJhdGVkIjoiMC40MTU0NDIwMCAxNjI4NzU0NzQxIn0sIm1kNSI6IjcyZDc3ZjNhZDczMGVhNjk4NGFhZjdhMzQ4MDE2YTNlIiwiZnVsbCI6eyJ3aWR0aCI6MTYwMCwiaGVpZ2h0IjoxMjAwLCJtZDUiOiI3MmQ3N2YzYWQ3MzBlYTY5ODRhYWY3YTM0ODAxNmEzZSJ9LCJ0aHVtYm5haWwiOnsid2lkdGgiOjI0MCwiaGVpZ2h0IjoxNjAsImZpbGVuYW1lIjoidGh1bWJzX0lNR18wNTY0LmpwZyIsImdlbmVyYXRlZCI6IjAuMTM5NzM3MDAgMTYyODc1NDc1MSJ9fQ==',1034,1628757507),(85,'img_0539',0,9,'IMG_0539.jpg','','IMG_0539','2021-07-11 18:01:40',0,0,'eyJhcGVydHVyZSI6IkYgMS42IiwiY3JlZGl0IjpmYWxzZSwiY2FtZXJhIjoiaVBob25lIDEyIiwiY2FwdGlvbiI6ZmFsc2UsImNyZWF0ZWRfdGltZXN0YW1wIjoxNjI2MDI2NTAwLCJjb3B5cmlnaHQiOmZhbHNlLCJmb2NhbF9sZW5ndGgiOiI0LjIgbW0iLCJpc28iOjMyLCJzaHV0dGVyX3NwZWVkIjoiMVwvMTUwIHNlYyIsImZsYXNoIjoiTm90IGZpcmVkIiwidGl0bGUiOmZhbHNlLCJrZXl3b3JkcyI6ZmFsc2UsIndpZHRoIjo5MDAsImhlaWdodCI6MTIwMCwic2F2ZWQiOnRydWUsImJhY2t1cCI6eyJmaWxlbmFtZSI6IklNR18wNTM5LmpwZyIsIndpZHRoIjo0MDMyLCJoZWlnaHQiOjMwMjQsImdlbmVyYXRlZCI6IjAuNTM1Mzc5MDAgMTYyODc1NDc0MSJ9LCJtZDUiOiIyNTAxYzhmMjkzMWVlMjlhNDUzZDFlYWU2OTUwYWFjNiIsImZ1bGwiOnsid2lkdGgiOjkwMCwiaGVpZ2h0IjoxMjAwLCJtZDUiOiIyNTAxYzhmMjkzMWVlMjlhNDUzZDFlYWU2OTUwYWFjNiJ9LCJ0aHVtYm5haWwiOnsid2lkdGgiOjI0MCwiaGVpZ2h0IjoxNjAsImZpbGVuYW1lIjoidGh1bWJzX0lNR18wNTM5LmpwZyIsImdlbmVyYXRlZCI6IjAuMzczMDczMDAgMTYyODc1NDc1NSJ9fQ==',1035,1628757507),(86,'img_0418',0,9,'IMG_0418.jpg','','IMG_0418','2021-07-07 14:57:03',0,0,'eyJhcGVydHVyZSI6IkYgMS42IiwiY3JlZGl0IjpmYWxzZSwiY2FtZXJhIjoiaVBob25lIDEyIiwiY2FwdGlvbiI6ZmFsc2UsImNyZWF0ZWRfdGltZXN0YW1wIjoxNjI1NjY5ODIzLCJjb3B5cmlnaHQiOmZhbHNlLCJmb2NhbF9sZW5ndGgiOiI0LjIgbW0iLCJpc28iOjQwMCwic2h1dHRlcl9zcGVlZCI6IjFcLzYwIHNlYyIsImZsYXNoIjoiTm90IGZpcmVkIiwidGl0bGUiOmZhbHNlLCJrZXl3b3JkcyI6ZmFsc2UsIndpZHRoIjoxNjAwLCJoZWlnaHQiOjEyMDAsInNhdmVkIjp0cnVlLCJiYWNrdXAiOnsiZmlsZW5hbWUiOiJJTUdfMDQxOC5qcGciLCJ3aWR0aCI6NDAzMiwiaGVpZ2h0IjozMDI0LCJnZW5lcmF0ZWQiOiIwLjQ2MzcxMjAwIDE2Mjg3NTQ3NDEifSwibWQ1IjoiZGNjY2YzOGM0ZWNhYjBiMDliODdhNWVhN2YwYTdlZDciLCJmdWxsIjp7IndpZHRoIjoxNjAwLCJoZWlnaHQiOjEyMDAsIm1kNSI6ImRjY2NmMzhjNGVjYWIwYjA5Yjg3YTVlYTdmMGE3ZWQ3In0sInRodW1ibmFpbCI6eyJ3aWR0aCI6MjQwLCJoZWlnaHQiOjE2MCwiZmlsZW5hbWUiOiJ0aHVtYnNfSU1HXzA0MTguanBnIiwiZ2VuZXJhdGVkIjoiMC4wMzY3MzgwMCAxNjI4NzU0NzU1In19',1036,1628757507),(87,'img_0530',0,9,'IMG_0530.jpg','','IMG_0530','2021-07-11 10:41:35',0,0,'eyJhcGVydHVyZSI6IkYgMS42IiwiY3JlZGl0IjpmYWxzZSwiY2FtZXJhIjoiaVBob25lIDEyIiwiY2FwdGlvbiI6ZmFsc2UsImNyZWF0ZWRfdGltZXN0YW1wIjoxNjI2MDAwMDk1LCJjb3B5cmlnaHQiOmZhbHNlLCJmb2NhbF9sZW5ndGgiOiI0LjIgbW0iLCJpc28iOjMyLCJzaHV0dGVyX3NwZWVkIjoiMVwvNjE0MCBzZWMiLCJmbGFzaCI6Ik5vdCBmaXJlZCIsInRpdGxlIjpmYWxzZSwia2V5d29yZHMiOmZhbHNlLCJ3aWR0aCI6MTYwMCwiaGVpZ2h0IjoxMjAwLCJzYXZlZCI6dHJ1ZSwiYmFja3VwIjp7ImZpbGVuYW1lIjoiSU1HXzA1MzAuanBnIiwid2lkdGgiOjQwMzIsImhlaWdodCI6MzAyNCwiZ2VuZXJhdGVkIjoiMC42NDkzMjgwMCAxNjI4NzU0NzQ5In0sIm1kNSI6ImM3OGYyNTY1NGE1ZGRmZjIxNGE0MGVkMDA3NTUxNTQ2IiwiZnVsbCI6eyJ3aWR0aCI6MTYwMCwiaGVpZ2h0IjoxMjAwLCJtZDUiOiJjNzhmMjU2NTRhNWRkZmYyMTRhNDBlZDAwNzU1MTU0NiJ9LCJ0aHVtYm5haWwiOnsid2lkdGgiOjI0MCwiaGVpZ2h0IjoxNjAsImZpbGVuYW1lIjoidGh1bWJzX0lNR18wNTMwLmpwZyIsImdlbmVyYXRlZCI6IjAuMDUyOTgxMDAgMTYyODc1NDc1NSJ9fQ==',1037,1628757507),(88,'img_0493',0,9,'IMG_0493.jpg','','IMG_0493','2021-07-10 11:47:41',0,0,'eyJhcGVydHVyZSI6IkYgMS42IiwiY3JlZGl0IjpmYWxzZSwiY2FtZXJhIjoiaVBob25lIDEyIiwiY2FwdGlvbiI6ZmFsc2UsImNyZWF0ZWRfdGltZXN0YW1wIjoxNjI1OTE3NjYxLCJjb3B5cmlnaHQiOmZhbHNlLCJmb2NhbF9sZW5ndGgiOiI0LjIgbW0iLCJpc28iOjgwMCwic2h1dHRlcl9zcGVlZCI6IjFcLzMwIHNlYyIsImZsYXNoIjoiTm90IGZpcmVkIiwidGl0bGUiOmZhbHNlLCJrZXl3b3JkcyI6ZmFsc2UsIndpZHRoIjoxNjAwLCJoZWlnaHQiOjEyMDAsInNhdmVkIjp0cnVlLCJiYWNrdXAiOnsiZmlsZW5hbWUiOiJJTUdfMDQ5My5qcGciLCJ3aWR0aCI6NDAzMiwiaGVpZ2h0IjozMDI0LCJnZW5lcmF0ZWQiOiIwLjM3NzE5NDAwIDE2Mjg3NTQ3NjgifSwibWQ1IjoiZjEwYmRhOTRkNzMxMzAwM2E5MTUzYzUwNTViNTk3MjciLCJmdWxsIjp7IndpZHRoIjoxNjAwLCJoZWlnaHQiOjEyMDAsIm1kNSI6ImYxMGJkYTk0ZDczMTMwMDNhOTE1M2M1MDU1YjU5NzI3In0sInRodW1ibmFpbCI6eyJ3aWR0aCI6MjQwLCJoZWlnaHQiOjE2MCwiZmlsZW5hbWUiOiJ0aHVtYnNfSU1HXzA0OTMuanBnIiwiZ2VuZXJhdGVkIjoiMC42NDI1NjIwMCAxNjI4NzU0NzkwIn19',1038,1628757508),(89,'img_0529',0,9,'IMG_0529.jpg','','IMG_0529','2021-07-11 10:41:24',0,0,'eyJhcGVydHVyZSI6IkYgMS42IiwiY3JlZGl0IjpmYWxzZSwiY2FtZXJhIjoiaVBob25lIDEyIiwiY2FwdGlvbiI6ZmFsc2UsImNyZWF0ZWRfdGltZXN0YW1wIjoxNjI2MDAwMDg0LCJjb3B5cmlnaHQiOmZhbHNlLCJmb2NhbF9sZW5ndGgiOiI0LjIgbW0iLCJpc28iOjMyLCJzaHV0dGVyX3NwZWVkIjoiMVwvNjQ5MCBzZWMiLCJmbGFzaCI6Ik5vdCBmaXJlZCIsInRpdGxlIjpmYWxzZSwia2V5d29yZHMiOmZhbHNlLCJ3aWR0aCI6MTYwMCwiaGVpZ2h0IjoxMjAwLCJzYXZlZCI6dHJ1ZSwiYmFja3VwIjp7ImZpbGVuYW1lIjoiSU1HXzA1MjkuanBnIiwid2lkdGgiOjQwMzIsImhlaWdodCI6MzAyNCwiZ2VuZXJhdGVkIjoiMC4wMjc1NDIwMCAxNjI4NzU0NzgzIn0sIm1kNSI6IjU4ZGRlMzIyY2Q2ZWI2YjUwNGE3NGZlNzQwNzJjMmFkIiwiZnVsbCI6eyJ3aWR0aCI6MTYwMCwiaGVpZ2h0IjoxMjAwLCJtZDUiOiI1OGRkZTMyMmNkNmViNmI1MDRhNzRmZTc0MDcyYzJhZCJ9LCJ0aHVtYm5haWwiOnsid2lkdGgiOjI0MCwiaGVpZ2h0IjoxNjAsImZpbGVuYW1lIjoidGh1bWJzX0lNR18wNTI5LmpwZyIsImdlbmVyYXRlZCI6IjAuNTkwOTc3MDAgMTYyODc1NDc5OSJ9fQ==',1039,1628757508),(90,'img_0488',0,9,'IMG_0488.jpg','','IMG_0488','2021-07-09 19:58:44',0,0,'eyJhcGVydHVyZSI6IkYgMS42IiwiY3JlZGl0IjpmYWxzZSwiY2FtZXJhIjoiaVBob25lIDEyIiwiY2FwdGlvbiI6ZmFsc2UsImNyZWF0ZWRfdGltZXN0YW1wIjoxNjI1ODYwNzI0LCJjb3B5cmlnaHQiOmZhbHNlLCJmb2NhbF9sZW5ndGgiOiI0LjIgbW0iLCJpc28iOjMyLCJzaHV0dGVyX3NwZWVkIjoiMVwvMjMwIHNlYyIsImZsYXNoIjoiTm90IGZpcmVkIiwidGl0bGUiOmZhbHNlLCJrZXl3b3JkcyI6ZmFsc2UsIndpZHRoIjoxMjAwLCJoZWlnaHQiOjE2MDAsImJhY2t1cCI6eyJmaWxlbmFtZSI6IklNR18wNDg4LmpwZyIsIndpZHRoIjo0MDMyLCJoZWlnaHQiOjMwMjQsImdlbmVyYXRlZCI6IjAuMTcyMzgyMDAgMTYyODc1NDc4MyJ9LCJtZDUiOiI5ZjdmYTljMzYzYjMwMDZiODQyZjdhNDZmOTBjMWMwOCIsImZ1bGwiOnsid2lkdGgiOjEyMDAsImhlaWdodCI6MTYwMCwibWQ1IjoiOWY3ZmE5YzM2M2IzMDA2Yjg0MmY3YTQ2ZjkwYzFjMDgifSwic2F2ZWQiOnRydWV9',1040,1628757506),(91,'img_0525',0,9,'IMG_0525.jpg','','IMG_0525','2021-07-10 18:07:52',0,0,'eyJhcGVydHVyZSI6IkYgMS42IiwiY3JlZGl0IjpmYWxzZSwiY2FtZXJhIjoiaVBob25lIDEyIiwiY2FwdGlvbiI6ZmFsc2UsImNyZWF0ZWRfdGltZXN0YW1wIjoxNjI1OTQwNDcyLCJjb3B5cmlnaHQiOmZhbHNlLCJmb2NhbF9sZW5ndGgiOiI0LjIgbW0iLCJpc28iOjMyLCJzaHV0dGVyX3NwZWVkIjoiMVwvODIwIHNlYyIsImZsYXNoIjoiTm90IGZpcmVkIiwidGl0bGUiOmZhbHNlLCJrZXl3b3JkcyI6ZmFsc2UsIndpZHRoIjoxNjAwLCJoZWlnaHQiOjEyMDAsInNhdmVkIjp0cnVlLCJiYWNrdXAiOnsiZmlsZW5hbWUiOiJJTUdfMDUyNS5qcGciLCJ3aWR0aCI6NDAzMiwiaGVpZ2h0IjozMDI0LCJnZW5lcmF0ZWQiOiIwLjE1Nzc2NzAwIDE2Mjg3NTQ3ODMifSwibWQ1IjoiOGMwOWU0NGYxNWM4NmQyNjVkZmI4NjdjOTA0NGY1ZmUiLCJmdWxsIjp7IndpZHRoIjoxNjAwLCJoZWlnaHQiOjEyMDAsIm1kNSI6IjhjMDllNDRmMTVjODZkMjY1ZGZiODY3YzkwNDRmNWZlIn0sInRodW1ibmFpbCI6eyJ3aWR0aCI6MjQwLCJoZWlnaHQiOjE2MCwiZmlsZW5hbWUiOiJ0aHVtYnNfSU1HXzA1MjUuanBnIiwiZ2VuZXJhdGVkIjoiMC45NzUzOTcwMCAxNjI4NzU0ODAzIn19',1042,1628757508),(92,'img_0501',0,9,'IMG_0501.jpg','','IMG_0501','2021-07-10 14:40:32',0,0,'eyJhcGVydHVyZSI6IkYgMS42IiwiY3JlZGl0IjpmYWxzZSwiY2FtZXJhIjoiaVBob25lIDEyIiwiY2FwdGlvbiI6ZmFsc2UsImNyZWF0ZWRfdGltZXN0YW1wIjoxNjI1OTI4MDMyLCJjb3B5cmlnaHQiOmZhbHNlLCJmb2NhbF9sZW5ndGgiOiI0LjIgbW0iLCJpc28iOjMyLCJzaHV0dGVyX3NwZWVkIjoiMVwvNzgxMCBzZWMiLCJmbGFzaCI6Ik5vdCBmaXJlZCIsInRpdGxlIjpmYWxzZSwia2V5d29yZHMiOmZhbHNlLCJ3aWR0aCI6OTAwLCJoZWlnaHQiOjEyMDAsInNhdmVkIjp0cnVlLCJiYWNrdXAiOnsiZmlsZW5hbWUiOiJJTUdfMDUwMS5qcGciLCJ3aWR0aCI6NDAzMiwiaGVpZ2h0IjozMDI0LCJnZW5lcmF0ZWQiOiIwLjIyNTE0OTAwIDE2Mjg3NTQ3ODMifSwibWQ1IjoiOTcwOGMzYWEyZWU5MWQ2ZTNjOTFkOThjYTk1Mjk5MmYiLCJmdWxsIjp7IndpZHRoIjo5MDAsImhlaWdodCI6MTIwMCwibWQ1IjoiOTcwOGMzYWEyZWU5MWQ2ZTNjOTFkOThjYTk1Mjk5MmYifSwidGh1bWJuYWlsIjp7IndpZHRoIjoyNDAsImhlaWdodCI6MTYwLCJmaWxlbmFtZSI6InRodW1ic19JTUdfMDUwMS5qcGciLCJnZW5lcmF0ZWQiOiIwLjUwNDk5NzAwIDE2Mjg3NTQ4MTkifX0=',1041,1628757508),(93,'img_0492',0,9,'IMG_0492.jpg','','IMG_0492','2021-07-10 11:46:47',0,0,'eyJhcGVydHVyZSI6IkYgMS42IiwiY3JlZGl0IjpmYWxzZSwiY2FtZXJhIjoiaVBob25lIDEyIiwiY2FwdGlvbiI6ZmFsc2UsImNyZWF0ZWRfdGltZXN0YW1wIjoxNjI1OTE3NjA3LCJjb3B5cmlnaHQiOmZhbHNlLCJmb2NhbF9sZW5ndGgiOiI0LjIgbW0iLCJpc28iOjQwMCwic2h1dHRlcl9zcGVlZCI6IjFcLzQwIHNlYyIsImZsYXNoIjoiTm90IGZpcmVkIiwidGl0bGUiOmZhbHNlLCJrZXl3b3JkcyI6ZmFsc2UsIndpZHRoIjoxMjAwLCJoZWlnaHQiOjE2MDAsImJhY2t1cCI6eyJmaWxlbmFtZSI6IklNR18wNDkyLmpwZyIsIndpZHRoIjo0MDMyLCJoZWlnaHQiOjMwMjQsImdlbmVyYXRlZCI6IjAuNTQwMjA0MDAgMTYyODc1NDc4NiJ9LCJtZDUiOiJiOTk5YzcwN2YwZWUzZTUxNjIwMjQyMjk5YzI4MDAzMiIsImZ1bGwiOnsid2lkdGgiOjEyMDAsImhlaWdodCI6MTYwMCwibWQ1IjoiYjk5OWM3MDdmMGVlM2U1MTYyMDI0MjI5OWMyODAwMzIifSwic2F2ZWQiOnRydWV9',1043,1628757506),(94,'img_0496',0,9,'IMG_0496.jpg','','IMG_0496','2021-07-10 13:34:22',0,0,'eyJhcGVydHVyZSI6IkYgMS42IiwiY3JlZGl0IjpmYWxzZSwiY2FtZXJhIjoiaVBob25lIDEyIiwiY2FwdGlvbiI6ZmFsc2UsImNyZWF0ZWRfdGltZXN0YW1wIjoxNjI1OTI0MDYyLCJjb3B5cmlnaHQiOmZhbHNlLCJmb2NhbF9sZW5ndGgiOiI0LjIgbW0iLCJpc28iOjMyLCJzaHV0dGVyX3NwZWVkIjoiMVwvMjQwMCBzZWMiLCJmbGFzaCI6Ik5vdCBmaXJlZCIsInRpdGxlIjpmYWxzZSwia2V5d29yZHMiOmZhbHNlLCJ3aWR0aCI6OTAwLCJoZWlnaHQiOjEyMDAsInNhdmVkIjp0cnVlLCJiYWNrdXAiOnsiZmlsZW5hbWUiOiJJTUdfMDQ5Ni5qcGciLCJ3aWR0aCI6NDAzMiwiaGVpZ2h0IjozMDI0LCJnZW5lcmF0ZWQiOiIwLjkyNzE5MTAwIDE2Mjg3NTQ4MDUifSwibWQ1IjoiOGJmYWRjYTJjMzljZWU3ODk0MTE3NGI3OGFmNjM1ZTYiLCJmdWxsIjp7IndpZHRoIjo5MDAsImhlaWdodCI6MTIwMCwibWQ1IjoiOGJmYWRjYTJjMzljZWU3ODk0MTE3NGI3OGFmNjM1ZTYifSwidGh1bWJuYWlsIjp7IndpZHRoIjoyNDAsImhlaWdodCI6MTYwLCJmaWxlbmFtZSI6InRodW1ic19JTUdfMDQ5Ni5qcGciLCJnZW5lcmF0ZWQiOiIwLjIyNzI3MzAwIDE2Mjg3NTQ4MzMifX0=',1044,1628757508),(95,'img_0500',0,9,'IMG_0500.jpg','','IMG_0500','2021-07-10 13:49:00',0,0,'eyJhcGVydHVyZSI6IkYgMS42IiwiY3JlZGl0IjpmYWxzZSwiY2FtZXJhIjoiaVBob25lIDEyIiwiY2FwdGlvbiI6ZmFsc2UsImNyZWF0ZWRfdGltZXN0YW1wIjoxNjI1OTI0OTQwLCJjb3B5cmlnaHQiOmZhbHNlLCJmb2NhbF9sZW5ndGgiOiI0LjIgbW0iLCJpc28iOjMyLCJzaHV0dGVyX3NwZWVkIjoiMVwvMzQwMCBzZWMiLCJmbGFzaCI6Ik5vdCBmaXJlZCIsInRpdGxlIjpmYWxzZSwia2V5d29yZHMiOmZhbHNlLCJ3aWR0aCI6MTYwMCwiaGVpZ2h0IjoxMjAwLCJzYXZlZCI6dHJ1ZSwiYmFja3VwIjp7ImZpbGVuYW1lIjoiSU1HXzA1MDAuanBnIiwid2lkdGgiOjQwMzIsImhlaWdodCI6MzAyNCwiZ2VuZXJhdGVkIjoiMC43NjQ2MTAwMCAxNjI4NzU0ODExIn0sIm1kNSI6ImNjMWQ4NTljMzQ3MjRjYzE1YmRhNDM3MDc5YWNkMjdkIiwiZnVsbCI6eyJ3aWR0aCI6MTYwMCwiaGVpZ2h0IjoxMjAwLCJtZDUiOiJjYzFkODU5YzM0NzI0Y2MxNWJkYTQzNzA3OWFjZDI3ZCJ9LCJ0aHVtYm5haWwiOnsid2lkdGgiOjI0MCwiaGVpZ2h0IjoxNjAsImZpbGVuYW1lIjoidGh1bWJzX0lNR18wNTAwLmpwZyIsImdlbmVyYXRlZCI6IjAuMjQzMDkxMDAgMTYyODc1NDgyNCJ9fQ==',1045,1628754824),(96,'img_0439',0,9,'IMG_0439.jpg','','IMG_0439','2021-07-08 16:32:35',0,0,'eyJhcGVydHVyZSI6IkYgMS42IiwiY3JlZGl0IjpmYWxzZSwiY2FtZXJhIjoiaVBob25lIDEyIiwiY2FwdGlvbiI6ZmFsc2UsImNyZWF0ZWRfdGltZXN0YW1wIjoxNjI1NzYxOTU1LCJjb3B5cmlnaHQiOmZhbHNlLCJmb2NhbF9sZW5ndGgiOiI0LjIgbW0iLCJpc28iOjgwLCJzaHV0dGVyX3NwZWVkIjoiMVwvMTIwIHNlYyIsImZsYXNoIjoiTm90IGZpcmVkIiwidGl0bGUiOmZhbHNlLCJrZXl3b3JkcyI6ZmFsc2UsIndpZHRoIjo5MDAsImhlaWdodCI6MTIwMCwic2F2ZWQiOnRydWUsImJhY2t1cCI6eyJmaWxlbmFtZSI6IklNR18wNDM5LmpwZyIsIndpZHRoIjo0MDMyLCJoZWlnaHQiOjMwMjQsImdlbmVyYXRlZCI6IjAuNzExMDQyMDAgMTYyODc1NDgxOSJ9LCJtZDUiOiJjYzJmNjJkY2IxNjlhMjVlNWZmZmY0OGNlZjM3NGFmNCIsImZ1bGwiOnsid2lkdGgiOjkwMCwiaGVpZ2h0IjoxMjAwLCJtZDUiOiJjYzJmNjJkY2IxNjlhMjVlNWZmZmY0OGNlZjM3NGFmNCJ9LCJ0aHVtYm5haWwiOnsid2lkdGgiOjI0MCwiaGVpZ2h0IjoxNjAsImZpbGVuYW1lIjoidGh1bWJzX0lNR18wNDM5LmpwZyIsImdlbmVyYXRlZCI6IjAuMjg5MDQzMDAgMTYyODc1NDg0MSJ9fQ==',1046,1628754841),(97,'img_0469',0,9,'IMG_0469.jpg','','IMG_0469','2021-07-09 18:14:27',0,0,'eyJhcGVydHVyZSI6IkYgMS42IiwiY3JlZGl0IjpmYWxzZSwiY2FtZXJhIjoiaVBob25lIDEyIiwiY2FwdGlvbiI6ZmFsc2UsImNyZWF0ZWRfdGltZXN0YW1wIjoxNjI1ODU0NDY3LCJjb3B5cmlnaHQiOmZhbHNlLCJmb2NhbF9sZW5ndGgiOiI0LjIgbW0iLCJpc28iOjMyLCJzaHV0dGVyX3NwZWVkIjoiMVwvNDQ2MCBzZWMiLCJmbGFzaCI6Ik5vdCBmaXJlZCIsInRpdGxlIjpmYWxzZSwia2V5d29yZHMiOmZhbHNlLCJ3aWR0aCI6MTYwMCwiaGVpZ2h0IjoxMjAwLCJzYXZlZCI6dHJ1ZSwiYmFja3VwIjp7ImZpbGVuYW1lIjoiSU1HXzA0NjkuanBnIiwid2lkdGgiOjQwMzIsImhlaWdodCI6MzAyNCwiZ2VuZXJhdGVkIjoiMC4yMjE4NjQwMCAxNjI4NzU0ODI4In0sIm1kNSI6IjM3MDFjMjliMmI0MmRiN2RiOTRjNWU1OTAyNGU4ODAxIiwiZnVsbCI6eyJ3aWR0aCI6MTYwMCwiaGVpZ2h0IjoxMjAwLCJtZDUiOiIzNzAxYzI5YjJiNDJkYjdkYjk0YzVlNTkwMjRlODgwMSJ9LCJ0aHVtYm5haWwiOnsid2lkdGgiOjI0MCwiaGVpZ2h0IjoxNjAsImZpbGVuYW1lIjoidGh1bWJzX0lNR18wNDY5LmpwZyIsImdlbmVyYXRlZCI6IjAuNTMzNjk3MDAgMTYyODc1NDg1MiJ9fQ==',1047,1628754852),(98,'img_0498',0,9,'IMG_0498.jpg','','IMG_0498','2021-07-10 13:41:45',0,0,'eyJhcGVydHVyZSI6IkYgMS42IiwiY3JlZGl0IjpmYWxzZSwiY2FtZXJhIjoiaVBob25lIDEyIiwiY2FwdGlvbiI6ZmFsc2UsImNyZWF0ZWRfdGltZXN0YW1wIjoxNjI1OTI0NTA1LCJjb3B5cmlnaHQiOmZhbHNlLCJmb2NhbF9sZW5ndGgiOiI0LjIgbW0iLCJpc28iOjMyLCJzaHV0dGVyX3NwZWVkIjoiMVwvODUwIHNlYyIsImZsYXNoIjoiTm90IGZpcmVkIiwidGl0bGUiOmZhbHNlLCJrZXl3b3JkcyI6ZmFsc2UsIndpZHRoIjo5MDAsImhlaWdodCI6MTIwMCwic2F2ZWQiOnRydWUsImJhY2t1cCI6eyJmaWxlbmFtZSI6IklNR18wNDk4LmpwZyIsIndpZHRoIjo0MDMyLCJoZWlnaHQiOjMwMjQsImdlbmVyYXRlZCI6IjAuMjIzOTExMDAgMTYyODc1NDgyOCJ9LCJtZDUiOiI3NzI1M2Y0NjBmNmE4OWFhNDBiZTdiMzRhZDEzOGQzYyIsImZ1bGwiOnsid2lkdGgiOjkwMCwiaGVpZ2h0IjoxMjAwLCJtZDUiOiI3NzI1M2Y0NjBmNmE4OWFhNDBiZTdiMzRhZDEzOGQzYyJ9LCJ0aHVtYm5haWwiOnsid2lkdGgiOjI0MCwiaGVpZ2h0IjoxNjAsImZpbGVuYW1lIjoidGh1bWJzX0lNR18wNDk4LmpwZyIsImdlbmVyYXRlZCI6IjAuMDQxNTMyMDAgMTYyODc1NDg1MyJ9fQ==',1048,1628754853),(99,'img_0494',0,9,'IMG_0494.jpg','','IMG_0494','2021-07-10 12:11:41',0,0,'eyJhcGVydHVyZSI6IkYgMS42IiwiY3JlZGl0IjpmYWxzZSwiY2FtZXJhIjoiaVBob25lIDEyIiwiY2FwdGlvbiI6ZmFsc2UsImNyZWF0ZWRfdGltZXN0YW1wIjoxNjI1OTE5MTAxLCJjb3B5cmlnaHQiOmZhbHNlLCJmb2NhbF9sZW5ndGgiOiI0LjIgbW0iLCJpc28iOjMyLCJzaHV0dGVyX3NwZWVkIjoiMVwvMTMzMzAgc2VjIiwiZmxhc2giOiJOb3QgZmlyZWQiLCJ0aXRsZSI6ZmFsc2UsImtleXdvcmRzIjpmYWxzZSwid2lkdGgiOjE2MDAsImhlaWdodCI6MTIwMCwic2F2ZWQiOnRydWUsImJhY2t1cCI6eyJmaWxlbmFtZSI6IklNR18wNDk0LmpwZyIsIndpZHRoIjo0MDMyLCJoZWlnaHQiOjMwMjQsImdlbmVyYXRlZCI6IjAuMjI1MzU3MDAgMTYyODc1NDgyOCJ9LCJtZDUiOiIwYjRjNjE3NjZlNDQyNGE3MjAyOWUxZjk3ZGQ4ZDFlYyIsImZ1bGwiOnsid2lkdGgiOjE2MDAsImhlaWdodCI6MTIwMCwibWQ1IjoiMGI0YzYxNzY2ZTQ0MjRhNzIwMjllMWY5N2RkOGQxZWMifSwidGh1bWJuYWlsIjp7IndpZHRoIjoyNDAsImhlaWdodCI6MTYwLCJmaWxlbmFtZSI6InRodW1ic19JTUdfMDQ5NC5qcGciLCJnZW5lcmF0ZWQiOiIwLjUzODk2MjAwIDE2Mjg3NTQ4NTIifX0=',1049,1628754852),(100,'img_0528',0,9,'IMG_0528.jpg','','IMG_0528','2021-07-11 10:33:29',0,0,'eyJhcGVydHVyZSI6IkYgMS42IiwiY3JlZGl0IjpmYWxzZSwiY2FtZXJhIjoiaVBob25lIDEyIiwiY2FwdGlvbiI6ZmFsc2UsImNyZWF0ZWRfdGltZXN0YW1wIjoxNjI1OTk5NjA5LCJjb3B5cmlnaHQiOmZhbHNlLCJmb2NhbF9sZW5ndGgiOiI0LjIgbW0iLCJpc28iOjMyLCJzaHV0dGVyX3NwZWVkIjoiMVwvNzgxMCBzZWMiLCJmbGFzaCI6Ik5vdCBmaXJlZCIsInRpdGxlIjpmYWxzZSwia2V5d29yZHMiOmZhbHNlLCJ3aWR0aCI6OTAwLCJoZWlnaHQiOjEyMDAsInNhdmVkIjp0cnVlLCJiYWNrdXAiOnsiZmlsZW5hbWUiOiJJTUdfMDUyOC5qcGciLCJ3aWR0aCI6NDAzMiwiaGVpZ2h0IjozMDI0LCJnZW5lcmF0ZWQiOiIwLjM0MjcyODAwIDE2Mjg3NTQ4MzMifSwibWQ1IjoiNzYxNjZmYTRhOTRmODExZWQ1YjM0NTc2MjhiN2I2ZDciLCJmdWxsIjp7IndpZHRoIjo5MDAsImhlaWdodCI6MTIwMCwibWQ1IjoiNzYxNjZmYTRhOTRmODExZWQ1YjM0NTc2MjhiN2I2ZDcifSwidGh1bWJuYWlsIjp7IndpZHRoIjoyNDAsImhlaWdodCI6MTYwLCJmaWxlbmFtZSI6InRodW1ic19JTUdfMDUyOC5qcGciLCJnZW5lcmF0ZWQiOiIwLjgyNzA1NDAwIDE2Mjg3NTQ4NTIifX0=',1050,1628754852),(101,'img_0489',0,9,'IMG_0489.jpg','','IMG_0489','2021-07-10 08:45:49',0,0,'eyJhcGVydHVyZSI6IkYgMS42IiwiY3JlZGl0IjpmYWxzZSwiY2FtZXJhIjoiaVBob25lIDEyIiwiY2FwdGlvbiI6ZmFsc2UsImNyZWF0ZWRfdGltZXN0YW1wIjoxNjI1OTA2NzQ5LCJjb3B5cmlnaHQiOmZhbHNlLCJmb2NhbF9sZW5ndGgiOiI0LjIgbW0iLCJpc28iOjMyLCJzaHV0dGVyX3NwZWVkIjoiMVwvMTQ1MCBzZWMiLCJmbGFzaCI6Ik5vdCBmaXJlZCIsInRpdGxlIjpmYWxzZSwia2V5d29yZHMiOmZhbHNlLCJ3aWR0aCI6MTYwMCwiaGVpZ2h0IjoxMjAwLCJzYXZlZCI6dHJ1ZSwiYmFja3VwIjp7ImZpbGVuYW1lIjoiSU1HXzA0ODkuanBnIiwid2lkdGgiOjQwMzIsImhlaWdodCI6MzAyNCwiZ2VuZXJhdGVkIjoiMC4yOTc1MDQwMCAxNjI4NzU0ODQ4In0sIm1kNSI6IjY3MjM0ZTIyMzRlZTE5MmRiMzI0NmFmZDk2MDYyMTJjIiwiZnVsbCI6eyJ3aWR0aCI6MTYwMCwiaGVpZ2h0IjoxMjAwLCJtZDUiOiI2NzIzNGUyMjM0ZWUxOTJkYjMyNDZhZmQ5NjA2MjEyYyJ9LCJ0aHVtYm5haWwiOnsid2lkdGgiOjI0MCwiaGVpZ2h0IjoxNjAsImZpbGVuYW1lIjoidGh1bWJzX0lNR18wNDg5LmpwZyIsImdlbmVyYXRlZCI6IjAuMjYxMjc2MDAgMTYyODc1NDg1MyJ9fQ==',1051,1628754853),(102,'img_0476',0,9,'IMG_0476.jpg','','IMG_0476','2021-07-09 19:34:31',0,0,'eyJhcGVydHVyZSI6IkYgMS42IiwiY3JlZGl0IjpmYWxzZSwiY2FtZXJhIjoiaVBob25lIDEyIiwiY2FwdGlvbiI6ZmFsc2UsImNyZWF0ZWRfdGltZXN0YW1wIjoxNjI1ODU5MjcxLCJjb3B5cmlnaHQiOmZhbHNlLCJmb2NhbF9sZW5ndGgiOiI0LjIgbW0iLCJpc28iOjMyLCJzaHV0dGVyX3NwZWVkIjoiMVwvMzYxMCBzZWMiLCJmbGFzaCI6Ik5vdCBmaXJlZCIsInRpdGxlIjpmYWxzZSwia2V5d29yZHMiOmZhbHNlLCJ3aWR0aCI6MTYwMCwiaGVpZ2h0IjoxMjAwLCJzYXZlZCI6dHJ1ZSwiYmFja3VwIjp7ImZpbGVuYW1lIjoiSU1HXzA0NzYuanBnIiwid2lkdGgiOjQwMzIsImhlaWdodCI6MzAyNCwiZ2VuZXJhdGVkIjoiMC4xMjc3MzEwMCAxNjI4NzU0ODQ5In0sIm1kNSI6Ijc0ZmFmZGRhMGRiYmMxYTJkODU2ODdjNmE1MTNjZTU4IiwiZnVsbCI6eyJ3aWR0aCI6MTYwMCwiaGVpZ2h0IjoxMjAwLCJtZDUiOiI3NGZhZmRkYTBkYmJjMWEyZDg1Njg3YzZhNTEzY2U1OCJ9LCJ0aHVtYm5haWwiOnsid2lkdGgiOjI0MCwiaGVpZ2h0IjoxNjAsImZpbGVuYW1lIjoidGh1bWJzX0lNR18wNDc2LmpwZyIsImdlbmVyYXRlZCI6IjAuMzQ1OTkwMDAgMTYyODc1NDg1NCJ9fQ==',1052,1628754854),(103,'img_0487',0,9,'IMG_0487.jpg','','IMG_0487','2021-07-09 19:54:04',0,0,'eyJhcGVydHVyZSI6IkYgMS42IiwiY3JlZGl0IjpmYWxzZSwiY2FtZXJhIjoiaVBob25lIDEyIiwiY2FwdGlvbiI6ZmFsc2UsImNyZWF0ZWRfdGltZXN0YW1wIjoxNjI1ODYwNDQ0LCJjb3B5cmlnaHQiOmZhbHNlLCJmb2NhbF9sZW5ndGgiOiI0LjIgbW0iLCJpc28iOjMyLCJzaHV0dGVyX3NwZWVkIjoiMVwvMTA4MCBzZWMiLCJmbGFzaCI6Ik5vdCBmaXJlZCIsInRpdGxlIjpmYWxzZSwia2V5d29yZHMiOmZhbHNlLCJ3aWR0aCI6MTYwMCwiaGVpZ2h0IjoxMjAwLCJzYXZlZCI6dHJ1ZSwiYmFja3VwIjp7ImZpbGVuYW1lIjoiSU1HXzA0ODcuanBnIiwid2lkdGgiOjQwMzIsImhlaWdodCI6MzAyNCwiZ2VuZXJhdGVkIjoiMC43NDQ1MDcwMCAxNjI4NzU0ODY4In0sIm1kNSI6IjQyN2IzN2ZlMzY3ZmQ0NjJmNzU1ZTBkOTc3OTE0MDQ2IiwiZnVsbCI6eyJ3aWR0aCI6MTYwMCwiaGVpZ2h0IjoxMjAwLCJtZDUiOiI0MjdiMzdmZTM2N2ZkNDYyZjc1NWUwZDk3NzkxNDA0NiJ9LCJ0aHVtYm5haWwiOnsid2lkdGgiOjI0MCwiaGVpZ2h0IjoxNjAsImZpbGVuYW1lIjoidGh1bWJzX0lNR18wNDg3LmpwZyIsImdlbmVyYXRlZCI6IjAuMzI5NTM3MDAgMTYyODc1NDkwNSJ9fQ==',1053,1628754905),(104,'img_0419',0,9,'IMG_0419.jpg','','IMG_0419','2021-07-07 15:11:37',0,0,'eyJhcGVydHVyZSI6IkYgMS42IiwiY3JlZGl0IjpmYWxzZSwiY2FtZXJhIjoiaVBob25lIDEyIiwiY2FwdGlvbiI6ZmFsc2UsImNyZWF0ZWRfdGltZXN0YW1wIjoxNjI1NjcwNjk3LCJjb3B5cmlnaHQiOmZhbHNlLCJmb2NhbF9sZW5ndGgiOiI0LjIgbW0iLCJpc28iOjMyLCJzaHV0dGVyX3NwZWVkIjoiMVwvNjQ5MCBzZWMiLCJmbGFzaCI6Ik5vdCBmaXJlZCIsInRpdGxlIjpmYWxzZSwia2V5d29yZHMiOmZhbHNlLCJ3aWR0aCI6OTAwLCJoZWlnaHQiOjEyMDAsInNhdmVkIjp0cnVlLCJiYWNrdXAiOnsiZmlsZW5hbWUiOiJJTUdfMDQxOS5qcGciLCJ3aWR0aCI6NDAzMiwiaGVpZ2h0IjozMDI0LCJnZW5lcmF0ZWQiOiIwLjU5NTk3NTAwIDE2Mjg3NTQ4ODgifSwibWQ1IjoiYWNkZDA4NTU5NTY4MjkzMWMwNTlkMTgwZjAyNDU0N2YiLCJmdWxsIjp7IndpZHRoIjo5MDAsImhlaWdodCI6MTIwMCwibWQ1IjoiYWNkZDA4NTU5NTY4MjkzMWMwNTlkMTgwZjAyNDU0N2YifSwidGh1bWJuYWlsIjp7IndpZHRoIjoyNDAsImhlaWdodCI6MTYwLCJmaWxlbmFtZSI6InRodW1ic19JTUdfMDQxOS5qcGciLCJnZW5lcmF0ZWQiOiIwLjQ5NDMwMDAwIDE2Mjg3NTQ5MTEifX0=',1054,1628754911),(105,'img_0486',0,9,'IMG_0486.jpg','','IMG_0486','2021-07-09 19:50:49',0,0,'eyJhcGVydHVyZSI6IkYgMS42IiwiY3JlZGl0IjpmYWxzZSwiY2FtZXJhIjoiaVBob25lIDEyIiwiY2FwdGlvbiI6ZmFsc2UsImNyZWF0ZWRfdGltZXN0YW1wIjoxNjI1ODYwMjQ5LCJjb3B5cmlnaHQiOmZhbHNlLCJmb2NhbF9sZW5ndGgiOiI0LjIgbW0iLCJpc28iOjMyLCJzaHV0dGVyX3NwZWVkIjoiMVwvODcwIHNlYyIsImZsYXNoIjoiTm90IGZpcmVkIiwidGl0bGUiOmZhbHNlLCJrZXl3b3JkcyI6ZmFsc2UsIndpZHRoIjoxMjAwLCJoZWlnaHQiOjE2MDAsImJhY2t1cCI6eyJmaWxlbmFtZSI6IklNR18wNDg2LmpwZyIsIndpZHRoIjo0MDMyLCJoZWlnaHQiOjMwMjQsImdlbmVyYXRlZCI6IjAuNTg4NTYyMDAgMTYyODc1NDg4OCJ9LCJtZDUiOiJjMDk4ZmVkNzJjNWFkMDY1OGNkMzgyNmUwNDIxNzNjOSIsImZ1bGwiOnsid2lkdGgiOjEyMDAsImhlaWdodCI6MTYwMCwibWQ1IjoiYzA5OGZlZDcyYzVhZDA2NThjZDM4MjZlMDQyMTczYzkifSwic2F2ZWQiOnRydWV9',1055,1628757506),(106,'img_0504',0,9,'IMG_0504.jpg','','IMG_0504','2021-07-10 14:42:05',0,0,'eyJhcGVydHVyZSI6IkYgMS42IiwiY3JlZGl0IjpmYWxzZSwiY2FtZXJhIjoiaVBob25lIDEyIiwiY2FwdGlvbiI6ZmFsc2UsImNyZWF0ZWRfdGltZXN0YW1wIjoxNjI1OTI4MTI1LCJjb3B5cmlnaHQiOmZhbHNlLCJmb2NhbF9sZW5ndGgiOiI0LjIgbW0iLCJpc28iOjMyLCJzaHV0dGVyX3NwZWVkIjoiMVwvNTgxMCBzZWMiLCJmbGFzaCI6Ik5vdCBmaXJlZCIsInRpdGxlIjpmYWxzZSwia2V5d29yZHMiOmZhbHNlLCJ3aWR0aCI6OTAwLCJoZWlnaHQiOjEyMDAsInNhdmVkIjp0cnVlLCJiYWNrdXAiOnsiZmlsZW5hbWUiOiJJTUdfMDUwNC5qcGciLCJ3aWR0aCI6NDAzMiwiaGVpZ2h0IjozMDI0LCJnZW5lcmF0ZWQiOiIwLjc4OTY5NzAwIDE2Mjg3NTQ4OTcifSwibWQ1IjoiNjVjMTJjMTFiMmMwYjY5MTA4N2E1YjZjMTNjNmE5MWMiLCJmdWxsIjp7IndpZHRoIjo5MDAsImhlaWdodCI6MTIwMCwibWQ1IjoiNjVjMTJjMTFiMmMwYjY5MTA4N2E1YjZjMTNjNmE5MWMifSwidGh1bWJuYWlsIjp7IndpZHRoIjoyNDAsImhlaWdodCI6MTYwLCJmaWxlbmFtZSI6InRodW1ic19JTUdfMDUwNC5qcGciLCJnZW5lcmF0ZWQiOiIwLjYzMTMyMTAwIDE2Mjg3NTQ5NTEifX0=',1056,1628754951),(107,'img_0441',0,9,'IMG_0441.jpg','','IMG_0441','2021-07-08 16:34:20',0,0,'eyJhcGVydHVyZSI6IkYgMS42IiwiY3JlZGl0IjpmYWxzZSwiY2FtZXJhIjoiaVBob25lIDEyIiwiY2FwdGlvbiI6ZmFsc2UsImNyZWF0ZWRfdGltZXN0YW1wIjoxNjI1NzYyMDYwLCJjb3B5cmlnaHQiOmZhbHNlLCJmb2NhbF9sZW5ndGgiOiI0LjIgbW0iLCJpc28iOjgwLCJzaHV0dGVyX3NwZWVkIjoiMVwvNjAgc2VjIiwiZmxhc2giOiJOb3QgZmlyZWQiLCJ0aXRsZSI6ZmFsc2UsImtleXdvcmRzIjpmYWxzZSwid2lkdGgiOjkwMCwiaGVpZ2h0IjoxMjAwLCJzYXZlZCI6dHJ1ZSwiYmFja3VwIjp7ImZpbGVuYW1lIjoiSU1HXzA0NDEuanBnIiwid2lkdGgiOjQwMzIsImhlaWdodCI6MzAyNCwiZ2VuZXJhdGVkIjoiMC42MTE5MDMwMCAxNjI4NzU0ODkzIn0sIm1kNSI6ImFmZDI3ZjBkODZlZDM3MzRiYjhjODE3MWNmNGEyNGY3IiwiZnVsbCI6eyJ3aWR0aCI6OTAwLCJoZWlnaHQiOjEyMDAsIm1kNSI6ImFmZDI3ZjBkODZlZDM3MzRiYjhjODE3MWNmNGEyNGY3In0sInRodW1ibmFpbCI6eyJ3aWR0aCI6MjQwLCJoZWlnaHQiOjE2MCwiZmlsZW5hbWUiOiJ0aHVtYnNfSU1HXzA0NDEuanBnIiwiZ2VuZXJhdGVkIjoiMC4wMDA5NzEwMCAxNjI4NzU0OTYwIn19',1057,1628754960),(108,'img_0437',0,9,'IMG_0437.jpg','','IMG_0437','2021-07-08 16:30:33',0,0,'eyJhcGVydHVyZSI6IkYgMS42IiwiY3JlZGl0IjpmYWxzZSwiY2FtZXJhIjoiaVBob25lIDEyIiwiY2FwdGlvbiI6ZmFsc2UsImNyZWF0ZWRfdGltZXN0YW1wIjoxNjI1NzYxODMzLCJjb3B5cmlnaHQiOmZhbHNlLCJmb2NhbF9sZW5ndGgiOiI0LjIgbW0iLCJpc28iOjgwLCJzaHV0dGVyX3NwZWVkIjoiMVwvMTIwIHNlYyIsImZsYXNoIjoiTm90IGZpcmVkIiwidGl0bGUiOmZhbHNlLCJrZXl3b3JkcyI6ZmFsc2UsIndpZHRoIjo5MDAsImhlaWdodCI6MTIwMCwic2F2ZWQiOnRydWUsImJhY2t1cCI6eyJmaWxlbmFtZSI6IklNR18wNDM3LmpwZyIsIndpZHRoIjo0MDMyLCJoZWlnaHQiOjMwMjQsImdlbmVyYXRlZCI6IjAuNzk0OTY0MDAgMTYyODc1NDg5NyJ9LCJtZDUiOiJkMjE4MTE2ZTQ2MjUyZTdkMGI1ZTUxNDU1ZTQxZjRiNyIsImZ1bGwiOnsid2lkdGgiOjkwMCwiaGVpZ2h0IjoxMjAwLCJtZDUiOiJkMjE4MTE2ZTQ2MjUyZTdkMGI1ZTUxNDU1ZTQxZjRiNyJ9LCJ0aHVtYm5haWwiOnsid2lkdGgiOjI0MCwiaGVpZ2h0IjoxNjAsImZpbGVuYW1lIjoidGh1bWJzX0lNR18wNDM3LmpwZyIsImdlbmVyYXRlZCI6IjAuNjI5MTg0MDAgMTYyODc1NDk1MSJ9fQ==',1058,1628754951),(109,'img_0473',0,9,'IMG_0473.jpg','','IMG_0473','2021-07-09 18:18:09',0,0,'eyJhcGVydHVyZSI6IkYgMi40IiwiY3JlZGl0IjpmYWxzZSwiY2FtZXJhIjoiaVBob25lIDEyIiwiY2FwdGlvbiI6ZmFsc2UsImNyZWF0ZWRfdGltZXN0YW1wIjoxNjI1ODU0Njg5LCJjb3B5cmlnaHQiOmZhbHNlLCJmb2NhbF9sZW5ndGgiOiIxLjU1IG1tIiwiaXNvIjoyNSwic2h1dHRlcl9zcGVlZCI6IjFcLzE0MTAgc2VjIiwiZmxhc2giOiJOb3QgZmlyZWQiLCJ0aXRsZSI6ZmFsc2UsImtleXdvcmRzIjpmYWxzZSwid2lkdGgiOjEyMDAsImhlaWdodCI6MTYwMCwiYmFja3VwIjp7ImZpbGVuYW1lIjoiSU1HXzA0NzMuanBnIiwid2lkdGgiOjQwMzIsImhlaWdodCI6MzAyNCwiZ2VuZXJhdGVkIjoiMC42MjQ5ODUwMCAxNjI4NzU0OTQ2In0sIm1kNSI6IjY5MDI0MDlkM2NhMzY4NTE1ZjdmYTcyOTE1ZTRlMGMzIiwiZnVsbCI6eyJ3aWR0aCI6MTIwMCwiaGVpZ2h0IjoxNjAwLCJtZDUiOiI2OTAyNDA5ZDNjYTM2ODUxNWY3ZmE3MjkxNWU0ZTBjMyJ9LCJzYXZlZCI6dHJ1ZX0=',1059,1628757507),(110,'img_0481',0,9,'IMG_0481.jpg','','IMG_0481','2021-07-09 19:46:01',0,0,'eyJhcGVydHVyZSI6IkYgMi40IiwiY3JlZGl0IjpmYWxzZSwiY2FtZXJhIjoiaVBob25lIDEyIiwiY2FwdGlvbiI6ZmFsc2UsImNyZWF0ZWRfdGltZXN0YW1wIjoxNjI1ODU5OTYxLCJjb3B5cmlnaHQiOmZhbHNlLCJmb2NhbF9sZW5ndGgiOiIxLjU1IG1tIiwiaXNvIjoyNSwic2h1dHRlcl9zcGVlZCI6IjFcLzQzMCBzZWMiLCJmbGFzaCI6Ik5vdCBmaXJlZCIsInRpdGxlIjpmYWxzZSwia2V5d29yZHMiOmZhbHNlLCJ3aWR0aCI6MTIwMCwiaGVpZ2h0IjoxNjAwLCJiYWNrdXAiOnsiZmlsZW5hbWUiOiJJTUdfMDQ4MS5qcGciLCJ3aWR0aCI6NDAzMiwiaGVpZ2h0IjozMDI0LCJnZW5lcmF0ZWQiOiIwLjYyMDE5NDAwIDE2Mjg3NTQ5NDYifSwibWQ1IjoiMTgxNGMxMzhkMTlhNTQwMGY3NjRiOTVhM2M2ZDBhZDAiLCJmdWxsIjp7IndpZHRoIjoxMjAwLCJoZWlnaHQiOjE2MDAsIm1kNSI6IjE4MTRjMTM4ZDE5YTU0MDBmNzY0Yjk1YTNjNmQwYWQwIn0sInNhdmVkIjp0cnVlfQ==',1060,1628757507),(111,'img_0415',0,9,'IMG_0415.jpg','','IMG_0415','2021-07-07 14:34:53',0,0,'eyJhcGVydHVyZSI6IkYgMS42IiwiY3JlZGl0IjpmYWxzZSwiY2FtZXJhIjoiaVBob25lIDEyIiwiY2FwdGlvbiI6ZmFsc2UsImNyZWF0ZWRfdGltZXN0YW1wIjoxNjI1NjY4NDkzLCJjb3B5cmlnaHQiOmZhbHNlLCJmb2NhbF9sZW5ndGgiOiI0LjIgbW0iLCJpc28iOjMyLCJzaHV0dGVyX3NwZWVkIjoiMVwvMTY5MCBzZWMiLCJmbGFzaCI6Ik5vdCBmaXJlZCIsInRpdGxlIjpmYWxzZSwia2V5d29yZHMiOmZhbHNlLCJ3aWR0aCI6OTAwLCJoZWlnaHQiOjEyMDAsInNhdmVkIjp0cnVlLCJiYWNrdXAiOnsiZmlsZW5hbWUiOiJJTUdfMDQxNS5qcGciLCJ3aWR0aCI6NDAzMiwiaGVpZ2h0IjozMDI0LCJnZW5lcmF0ZWQiOiIwLjAwNDk3NjAwIDE2Mjg3NTQ5NTUifSwibWQ1IjoiODFhNDlmZDlkMzA2YTNmNzlkNjcyNmEyMzY5ZTA4YzYiLCJmdWxsIjp7IndpZHRoIjo5MDAsImhlaWdodCI6MTIwMCwibWQ1IjoiODFhNDlmZDlkMzA2YTNmNzlkNjcyNmEyMzY5ZTA4YzYifSwidGh1bWJuYWlsIjp7IndpZHRoIjoyNDAsImhlaWdodCI6MTYwLCJmaWxlbmFtZSI6InRodW1ic19JTUdfMDQxNS5qcGciLCJnZW5lcmF0ZWQiOiIwLjA0NDcyMjAwIDE2Mjg3NTUwMjAifX0=',1061,1628755020),(112,'img_0466',0,9,'IMG_0466.jpg','','IMG_0466','2021-07-09 16:32:13',0,0,'eyJhcGVydHVyZSI6IkYgMS42IiwiY3JlZGl0IjpmYWxzZSwiY2FtZXJhIjoiaVBob25lIDEyIiwiY2FwdGlvbiI6ZmFsc2UsImNyZWF0ZWRfdGltZXN0YW1wIjoxNjI1ODQ4MzMzLCJjb3B5cmlnaHQiOmZhbHNlLCJmb2NhbF9sZW5ndGgiOiI0LjIgbW0iLCJpc28iOjMyLCJzaHV0dGVyX3NwZWVkIjoiMVwvMjYyMCBzZWMiLCJmbGFzaCI6Ik5vdCBmaXJlZCIsInRpdGxlIjpmYWxzZSwia2V5d29yZHMiOmZhbHNlLCJ3aWR0aCI6MTIwMCwiaGVpZ2h0IjoxNjAwLCJiYWNrdXAiOnsiZmlsZW5hbWUiOiJJTUdfMDQ2Ni5qcGciLCJ3aWR0aCI6NDAzMiwiaGVpZ2h0IjozMDI0LCJnZW5lcmF0ZWQiOiIwLjk5ODc3MDAwIDE2Mjg3NTQ5NTQifSwibWQ1IjoiN2VjODUyZTYyN2RkZjVkNDY5OTg3ZDUwY2ExMDc3NTEiLCJmdWxsIjp7IndpZHRoIjoxMjAwLCJoZWlnaHQiOjE2MDAsIm1kNSI6IjdlYzg1MmU2MjdkZGY1ZDQ2OTk4N2Q1MGNhMTA3NzUxIn0sInNhdmVkIjp0cnVlfQ==',1063,1628757507),(113,'img_0467',0,9,'IMG_0467.jpg','','IMG_0467','2021-07-09 17:55:14',0,0,'eyJhcGVydHVyZSI6IkYgMS42IiwiY3JlZGl0IjpmYWxzZSwiY2FtZXJhIjoiaVBob25lIDEyIiwiY2FwdGlvbiI6ZmFsc2UsImNyZWF0ZWRfdGltZXN0YW1wIjoxNjI1ODUzMzE0LCJjb3B5cmlnaHQiOmZhbHNlLCJmb2NhbF9sZW5ndGgiOiI0LjIgbW0iLCJpc28iOjMyLCJzaHV0dGVyX3NwZWVkIjoiMVwvMjUwMDAgc2VjIiwiZmxhc2giOiJOb3QgZmlyZWQiLCJ0aXRsZSI6ZmFsc2UsImtleXdvcmRzIjpmYWxzZSwid2lkdGgiOjQwMzIsImhlaWdodCI6MzAyNCwiYmFja3VwIjp7ImZpbGVuYW1lIjoiSU1HXzA0NjcuanBnIiwid2lkdGgiOjQwMzIsImhlaWdodCI6MzAyNCwiZ2VuZXJhdGVkIjoiMC45OTQwMDcwMCAxNjI4NzU0OTU0In0sInNhdmVkIjp0cnVlfQ==',1062,1628757507),(114,'img_0386',0,9,'IMG_0386.jpg','','IMG_0386','2021-07-06 21:58:34',0,0,'eyJhcGVydHVyZSI6IkYgMS42IiwiY3JlZGl0IjpmYWxzZSwiY2FtZXJhIjoiaVBob25lIDEyIiwiY2FwdGlvbiI6ZmFsc2UsImNyZWF0ZWRfdGltZXN0YW1wIjoxNjI1NjA4NzE0LCJjb3B5cmlnaHQiOmZhbHNlLCJmb2NhbF9sZW5ndGgiOiI0LjIgbW0iLCJpc28iOjgwMCwic2h1dHRlcl9zcGVlZCI6IjFcLzMwIHNlYyIsImZsYXNoIjoiTm90IGZpcmVkIiwidGl0bGUiOmZhbHNlLCJrZXl3b3JkcyI6ZmFsc2UsIndpZHRoIjoxMjAwLCJoZWlnaHQiOjE2MDAsImJhY2t1cCI6eyJmaWxlbmFtZSI6IklNR18wMzg2LmpwZyIsIndpZHRoIjo0MDMyLCJoZWlnaHQiOjMwMjQsImdlbmVyYXRlZCI6IjAuNzAwMzA3MDAgMTYyODc1NDk2MyJ9LCJtZDUiOiJjYmZmNzBmNjczODFiYmI4ZjY2OTk4MjQ0ZjBiYjdmNyIsImZ1bGwiOnsid2lkdGgiOjEyMDAsImhlaWdodCI6MTYwMCwibWQ1IjoiY2JmZjcwZjY3MzgxYmJiOGY2Njk5ODI0NGYwYmI3ZjcifSwic2F2ZWQiOnRydWV9',1064,1628757507),(115,'img_0387',0,9,'IMG_0387.jpg','','IMG_0387','2021-07-06 21:59:05',0,0,'eyJhcGVydHVyZSI6IkYgMS42IiwiY3JlZGl0IjpmYWxzZSwiY2FtZXJhIjoiaVBob25lIDEyIiwiY2FwdGlvbiI6ZmFsc2UsImNyZWF0ZWRfdGltZXN0YW1wIjoxNjI1NjA4NzQ1LCJjb3B5cmlnaHQiOmZhbHNlLCJmb2NhbF9sZW5ndGgiOiI0LjIgbW0iLCJpc28iOjEwMDAsInNodXR0ZXJfc3BlZWQiOiIxXC8yMCBzZWMiLCJmbGFzaCI6Ik5vdCBmaXJlZCIsInRpdGxlIjpmYWxzZSwia2V5d29yZHMiOmZhbHNlLCJ3aWR0aCI6OTAwLCJoZWlnaHQiOjEyMDAsInNhdmVkIjp0cnVlLCJiYWNrdXAiOnsiZmlsZW5hbWUiOiJJTUdfMDM4Ny5qcGciLCJ3aWR0aCI6NDAzMiwiaGVpZ2h0IjozMDI0LCJnZW5lcmF0ZWQiOiIwLjM0ODQwNzAwIDE2Mjg3NTUwMDMifSwibWQ1IjoiMDQ1ZDlhNGNjYmMzNmM4MmQxOWExNTFhMjI3MjA1MTMiLCJmdWxsIjp7IndpZHRoIjo5MDAsImhlaWdodCI6MTIwMCwibWQ1IjoiMDQ1ZDlhNGNjYmMzNmM4MmQxOWExNTFhMjI3MjA1MTMifSwidGh1bWJuYWlsIjp7IndpZHRoIjoyNDAsImhlaWdodCI6MTYwLCJmaWxlbmFtZSI6InRodW1ic19JTUdfMDM4Ny5qcGciLCJnZW5lcmF0ZWQiOiIwLjU0OTE3NzAwIDE2Mjg3NTUwNjAifX0=',1065,1628755060),(116,'img_0411',0,9,'IMG_0411.jpg','','IMG_0411','2021-07-07 14:18:57',0,0,'eyJhcGVydHVyZSI6IkYgMS42IiwiY3JlZGl0IjpmYWxzZSwiY2FtZXJhIjoiaVBob25lIDEyIiwiY2FwdGlvbiI6ZmFsc2UsImNyZWF0ZWRfdGltZXN0YW1wIjoxNjI1NjY3NTM3LCJjb3B5cmlnaHQiOmZhbHNlLCJmb2NhbF9sZW5ndGgiOiI0LjIgbW0iLCJpc28iOjMyLCJzaHV0dGVyX3NwZWVkIjoiMVwvMTMzMzAgc2VjIiwiZmxhc2giOiJOb3QgZmlyZWQiLCJ0aXRsZSI6ZmFsc2UsImtleXdvcmRzIjpmYWxzZSwid2lkdGgiOjkwMCwiaGVpZ2h0IjoxMjAwLCJzYXZlZCI6dHJ1ZSwiYmFja3VwIjp7ImZpbGVuYW1lIjoiSU1HXzA0MTEuanBnIiwid2lkdGgiOjQwMzIsImhlaWdodCI6MzAyNCwiZ2VuZXJhdGVkIjoiMC4zNDg3MDMwMCAxNjI4NzU1MDAzIn0sIm1kNSI6IjE2NzA5ZGQ0ZTE2NjZkNjBjMmUwZjMyZjRhMzFlYThkIiwiZnVsbCI6eyJ3aWR0aCI6OTAwLCJoZWlnaHQiOjEyMDAsIm1kNSI6IjE2NzA5ZGQ0ZTE2NjZkNjBjMmUwZjMyZjRhMzFlYThkIn0sInRodW1ibmFpbCI6eyJ3aWR0aCI6MjQwLCJoZWlnaHQiOjE2MCwiZmlsZW5hbWUiOiJ0aHVtYnNfSU1HXzA0MTEuanBnIiwiZ2VuZXJhdGVkIjoiMC4zMTYwNjEwMCAxNjI4NzU1MDY5In19',1067,1628755069),(117,'img_0417',0,9,'IMG_0417.jpg','','IMG_0417','2021-07-07 14:46:46',0,0,'eyJhcGVydHVyZSI6IkYgMS42IiwiY3JlZGl0IjpmYWxzZSwiY2FtZXJhIjoiaVBob25lIDEyIiwiY2FwdGlvbiI6ZmFsc2UsImNyZWF0ZWRfdGltZXN0YW1wIjoxNjI1NjY5MjA2LCJjb3B5cmlnaHQiOmZhbHNlLCJmb2NhbF9sZW5ndGgiOiI0LjIgbW0iLCJpc28iOjMyLCJzaHV0dGVyX3NwZWVkIjoiMVwvMzIxMCBzZWMiLCJmbGFzaCI6Ik5vdCBmaXJlZCIsInRpdGxlIjpmYWxzZSwia2V5d29yZHMiOmZhbHNlLCJ3aWR0aCI6OTAwLCJoZWlnaHQiOjEyMDAsInNhdmVkIjp0cnVlLCJiYWNrdXAiOnsiZmlsZW5hbWUiOiJJTUdfMDQxNy5qcGciLCJ3aWR0aCI6NDAzMiwiaGVpZ2h0IjozMDI0LCJnZW5lcmF0ZWQiOiIwLjM0ODI2NzAwIDE2Mjg3NTUwMDMifSwibWQ1IjoiMTdiZDQ5MTcyYmQ5ZWQ3ZmMyMDYwMzY5ZjVlYzA2YWMiLCJmdWxsIjp7IndpZHRoIjo5MDAsImhlaWdodCI6MTIwMCwibWQ1IjoiMTdiZDQ5MTcyYmQ5ZWQ3ZmMyMDYwMzY5ZjVlYzA2YWMifSwidGh1bWJuYWlsIjp7IndpZHRoIjoyNDAsImhlaWdodCI6MTYwLCJmaWxlbmFtZSI6InRodW1ic19JTUdfMDQxNy5qcGciLCJnZW5lcmF0ZWQiOiIwLjI5NDI5NjAwIDE2Mjg3NTUwNjQifX0=',1066,1628755064),(118,'img_0383',0,9,'IMG_0383.jpg','','IMG_0383','2021-07-06 21:45:43',0,0,'eyJhcGVydHVyZSI6IkYgMS42IiwiY3JlZGl0IjpmYWxzZSwiY2FtZXJhIjoiaVBob25lIDEyIiwiY2FwdGlvbiI6ZmFsc2UsImNyZWF0ZWRfdGltZXN0YW1wIjoxNjI1NjA3OTQzLCJjb3B5cmlnaHQiOmZhbHNlLCJmb2NhbF9sZW5ndGgiOiI0LjIgbW0iLCJpc28iOjY0MCwic2h1dHRlcl9zcGVlZCI6IjFcLzMwIHNlYyIsImZsYXNoIjoiTm90IGZpcmVkIiwidGl0bGUiOmZhbHNlLCJrZXl3b3JkcyI6ZmFsc2UsIndpZHRoIjo0MDMyLCJoZWlnaHQiOjMwMjQsImJhY2t1cCI6eyJmaWxlbmFtZSI6IklNR18wMzgzLmpwZyIsIndpZHRoIjo0MDMyLCJoZWlnaHQiOjMwMjQsImdlbmVyYXRlZCI6IjAuMzgyOTUzMDAgMTYyODc1NTAwOCJ9LCJzYXZlZCI6dHJ1ZX0=',1068,1628757507),(119,'img_0365',0,9,'IMG_0365.jpg','','IMG_0365','2021-07-06 14:58:50',0,0,'eyJhcGVydHVyZSI6IkYgMS42IiwiY3JlZGl0IjpmYWxzZSwiY2FtZXJhIjoiaVBob25lIDEyIiwiY2FwdGlvbiI6ZmFsc2UsImNyZWF0ZWRfdGltZXN0YW1wIjoxNjI1NTgzNTMwLCJjb3B5cmlnaHQiOmZhbHNlLCJmb2NhbF9sZW5ndGgiOiI0LjIgbW0iLCJpc28iOjEyNSwic2h1dHRlcl9zcGVlZCI6IjFcLzYwIHNlYyIsImZsYXNoIjoiTm90IGZpcmVkIiwidGl0bGUiOmZhbHNlLCJrZXl3b3JkcyI6ZmFsc2UsIndpZHRoIjoxMjAwLCJoZWlnaHQiOjE2MDAsImJhY2t1cCI6eyJmaWxlbmFtZSI6IklNR18wMzY1LmpwZyIsIndpZHRoIjo0MDMyLCJoZWlnaHQiOjMwMjQsImdlbmVyYXRlZCI6IjAuMDQ1MTk3MDAgMTYyODc1NTAxNSJ9LCJtZDUiOiI1ZjhlYThkODM0YzZlMmI2YjUwYjY0N2U5YzQ5NzQ2MCIsImZ1bGwiOnsid2lkdGgiOjEyMDAsImhlaWdodCI6MTYwMCwibWQ1IjoiNWY4ZWE4ZDgzNGM2ZTJiNmI1MGI2NDdlOWM0OTc0NjAifSwic2F2ZWQiOnRydWV9',1069,1628757508),(120,'img_0370',0,9,'IMG_0370.jpg','','IMG_0370','2021-07-06 15:44:22',0,0,'eyJhcGVydHVyZSI6IkYgMS42IiwiY3JlZGl0IjpmYWxzZSwiY2FtZXJhIjoiaVBob25lIDEyIiwiY2FwdGlvbiI6ZmFsc2UsImNyZWF0ZWRfdGltZXN0YW1wIjoxNjI1NTg2MjYyLCJjb3B5cmlnaHQiOmZhbHNlLCJmb2NhbF9sZW5ndGgiOiI0LjIgbW0iLCJpc28iOjMyLCJzaHV0dGVyX3NwZWVkIjoiMVwvNjQ5MCBzZWMiLCJmbGFzaCI6Ik5vdCBmaXJlZCIsInRpdGxlIjpmYWxzZSwia2V5d29yZHMiOmZhbHNlLCJ3aWR0aCI6NDAzMiwiaGVpZ2h0IjozMDI0LCJiYWNrdXAiOnsiZmlsZW5hbWUiOiJJTUdfMDM3MC5qcGciLCJ3aWR0aCI6NDAzMiwiaGVpZ2h0IjozMDI0LCJnZW5lcmF0ZWQiOiIwLjQzNTMyNTAwIDE2Mjg3NTUwMTMifSwic2F2ZWQiOnRydWV9',1070,1628757508),(121,'img_0363',0,9,'IMG_0363.jpg','','IMG_0363','2021-07-05 15:14:06',0,0,'eyJhcGVydHVyZSI6IkYgMS42IiwiY3JlZGl0IjpmYWxzZSwiY2FtZXJhIjoiaVBob25lIDEyIiwiY2FwdGlvbiI6ZmFsc2UsImNyZWF0ZWRfdGltZXN0YW1wIjoxNjI1NDk4MDQ2LCJjb3B5cmlnaHQiOmZhbHNlLCJmb2NhbF9sZW5ndGgiOiI0LjIgbW0iLCJpc28iOjQwMCwic2h1dHRlcl9zcGVlZCI6IjFcLzYwIHNlYyIsImZsYXNoIjoiTm90IGZpcmVkIiwidGl0bGUiOmZhbHNlLCJrZXl3b3JkcyI6ZmFsc2UsIndpZHRoIjoxMjAwLCJoZWlnaHQiOjE2MDAsImJhY2t1cCI6eyJmaWxlbmFtZSI6IklNR18wMzYzLmpwZyIsIndpZHRoIjo0MDMyLCJoZWlnaHQiOjMwMjQsImdlbmVyYXRlZCI6IjAuMzA5Mzk5MDAgMTYyODc1NTA2NCJ9LCJtZDUiOiI2M2M4ZDNhMGFmZjc2ZDExNzIwM2EyZDJkNmYwMDdjYiIsImZ1bGwiOnsid2lkdGgiOjEyMDAsImhlaWdodCI6MTYwMCwibWQ1IjoiNjNjOGQzYTBhZmY3NmQxMTcyMDNhMmQyZDZmMDA3Y2IifSwic2F2ZWQiOnRydWV9',1072,1628757508),(122,'img_0381',0,9,'IMG_0381.jpg','','IMG_0381','2021-07-06 16:55:44',0,0,'eyJhcGVydHVyZSI6IkYgMS42IiwiY3JlZGl0IjpmYWxzZSwiY2FtZXJhIjoiaVBob25lIDEyIiwiY2FwdGlvbiI6ZmFsc2UsImNyZWF0ZWRfdGltZXN0YW1wIjoxNjI1NTkwNTQ0LCJjb3B5cmlnaHQiOmZhbHNlLCJmb2NhbF9sZW5ndGgiOiI0LjIgbW0iLCJpc28iOjMyMCwic2h1dHRlcl9zcGVlZCI6IjFcLzYwIHNlYyIsImZsYXNoIjoiTm90IGZpcmVkIiwidGl0bGUiOmZhbHNlLCJrZXl3b3JkcyI6ZmFsc2UsIndpZHRoIjo5MDAsImhlaWdodCI6MTIwMCwic2F2ZWQiOnRydWUsImJhY2t1cCI6eyJmaWxlbmFtZSI6IklNR18wMzgxLmpwZyIsIndpZHRoIjo0MDMyLCJoZWlnaHQiOjMwMjQsImdlbmVyYXRlZCI6IjAuMzM2NDI1MDAgMTYyODc1NTA2OSJ9LCJtZDUiOiI2NDRkYWQ2MTA0YmI4NzIyNmNkNjY5OTgyMjUxMTgzZiIsImZ1bGwiOnsid2lkdGgiOjkwMCwiaGVpZ2h0IjoxMjAwLCJtZDUiOiI2NDRkYWQ2MTA0YmI4NzIyNmNkNjY5OTgyMjUxMTgzZiJ9LCJ0aHVtYm5haWwiOnsid2lkdGgiOjI0MCwiaGVpZ2h0IjoxNjAsImZpbGVuYW1lIjoidGh1bWJzX0lNR18wMzgxLmpwZyIsImdlbmVyYXRlZCI6IjAuOTEwMjI4MDAgMTYyODc1NTE0MCJ9fQ==',1073,1628755140),(123,'img_0388',0,9,'IMG_0388.jpg','','IMG_0388','2021-07-06 22:13:00',0,0,'eyJhcGVydHVyZSI6IkYgMS42IiwiY3JlZGl0IjpmYWxzZSwiY2FtZXJhIjoiaVBob25lIDEyIiwiY2FwdGlvbiI6ZmFsc2UsImNyZWF0ZWRfdGltZXN0YW1wIjoxNjI1NjA5NTgwLCJjb3B5cmlnaHQiOmZhbHNlLCJmb2NhbF9sZW5ndGgiOiI0LjIgbW0iLCJpc28iOjgwMCwic2h1dHRlcl9zcGVlZCI6IjFcLzIwIHNlYyIsImZsYXNoIjoiTm90IGZpcmVkIiwidGl0bGUiOmZhbHNlLCJrZXl3b3JkcyI6ZmFsc2UsIndpZHRoIjoxMjAwLCJoZWlnaHQiOjE2MDAsImJhY2t1cCI6eyJmaWxlbmFtZSI6IklNR18wMzg4LmpwZyIsIndpZHRoIjo0MDMyLCJoZWlnaHQiOjMwMjQsImdlbmVyYXRlZCI6IjAuMzI3MzI5MDAgMTYyODc1NTA2OSJ9LCJtZDUiOiI1ODcyZTI5YzQ2NjcxMDA4Yjk0YTE1Y2M3NjExZTJjMiIsImZ1bGwiOnsid2lkdGgiOjEyMDAsImhlaWdodCI6MTYwMCwibWQ1IjoiNTg3MmUyOWM0NjY3MTAwOGI5NGExNWNjNzYxMWUyYzIifSwic2F2ZWQiOnRydWV9',1071,1628756144),(124,'img_0413',0,9,'IMG_0413.jpg','','IMG_0413','2021-07-07 14:26:26',0,0,'eyJhcGVydHVyZSI6IkYgMS42IiwiY3JlZGl0IjpmYWxzZSwiY2FtZXJhIjoiaVBob25lIDEyIiwiY2FwdGlvbiI6ZmFsc2UsImNyZWF0ZWRfdGltZXN0YW1wIjoxNjI1NjY3OTg2LCJjb3B5cmlnaHQiOmZhbHNlLCJmb2NhbF9sZW5ndGgiOiI0LjIgbW0iLCJpc28iOjMyLCJzaHV0dGVyX3NwZWVkIjoiMVwvMzUxMCBzZWMiLCJmbGFzaCI6Ik5vdCBmaXJlZCIsInRpdGxlIjpmYWxzZSwia2V5d29yZHMiOmZhbHNlLCJ3aWR0aCI6NDAzMiwiaGVpZ2h0IjozMDI0LCJiYWNrdXAiOnsiZmlsZW5hbWUiOiJJTUdfMDQxMy5qcGciLCJ3aWR0aCI6NDAzMiwiaGVpZ2h0IjozMDI0LCJnZW5lcmF0ZWQiOiIwLjMxODEyMTAwIDE2Mjg3NTUwNjQifSwic2F2ZWQiOnRydWV9',1074,1628756191),(125,'img_0364',0,9,'IMG_0364.jpg','','IMG_0364','2021-07-05 15:14:14',0,0,'eyJhcGVydHVyZSI6IkYgMS42IiwiY3JlZGl0IjpmYWxzZSwiY2FtZXJhIjoiaVBob25lIDEyIiwiY2FwdGlvbiI6ZmFsc2UsImNyZWF0ZWRfdGltZXN0YW1wIjoxNjI1NDk4MDU0LCJjb3B5cmlnaHQiOmZhbHNlLCJmb2NhbF9sZW5ndGgiOiI0LjIgbW0iLCJpc28iOjY0MCwic2h1dHRlcl9zcGVlZCI6IjFcLzQwIHNlYyIsImZsYXNoIjoiTm90IGZpcmVkIiwidGl0bGUiOmZhbHNlLCJrZXl3b3JkcyI6ZmFsc2UsIndpZHRoIjoxMjAwLCJoZWlnaHQiOjE2MDAsImJhY2t1cCI6eyJmaWxlbmFtZSI6IklNR18wMzY0LmpwZyIsIndpZHRoIjo0MDMyLCJoZWlnaHQiOjMwMjQsImdlbmVyYXRlZCI6IjAuMzI5NjMxMDAgMTYyODc1NTA2OSJ9LCJtZDUiOiJhYTU1ZTc4MTM4MTMyY2VkZGFiMGM3ZTY4OTM5OTU1OSIsImZ1bGwiOnsid2lkdGgiOjEyMDAsImhlaWdodCI6MTYwMCwibWQ1IjoiYWE1NWU3ODEzODEzMmNlZGRhYjBjN2U2ODkzOTk1NTkifSwic2F2ZWQiOnRydWV9',1075,1628756252),(126,'img_0360',0,9,'IMG_0360.jpg','','IMG_0360','2021-07-03 16:24:10',0,0,'eyJhcGVydHVyZSI6IkYgMS42IiwiY3JlZGl0IjpmYWxzZSwiY2FtZXJhIjoiaVBob25lIDEyIiwiY2FwdGlvbiI6ZmFsc2UsImNyZWF0ZWRfdGltZXN0YW1wIjoxNjI1MzI5NDUwLCJjb3B5cmlnaHQiOmZhbHNlLCJmb2NhbF9sZW5ndGgiOiI0LjIgbW0iLCJpc28iOjMyLCJzaHV0dGVyX3NwZWVkIjoiMVwvMjgwIHNlYyIsImZsYXNoIjoiTm90IGZpcmVkIiwidGl0bGUiOmZhbHNlLCJrZXl3b3JkcyI6ZmFsc2UsIndpZHRoIjoxMjAwLCJoZWlnaHQiOjE2MDAsImJhY2t1cCI6eyJmaWxlbmFtZSI6IklNR18wMzYwLmpwZyIsIndpZHRoIjo0MDMyLCJoZWlnaHQiOjMwMjQsImdlbmVyYXRlZCI6IjAuMDI4NTg0MDAgMTYyODc1NTA4MiJ9LCJtZDUiOiI0NzA0NmE1ZjY5NzZjNjM1ZWUwYTNiMmE4ZTZjMzgyMiIsImZ1bGwiOnsid2lkdGgiOjEyMDAsImhlaWdodCI6MTYwMCwibWQ1IjoiNDcwNDZhNWY2OTc2YzYzNWVlMGEzYjJhOGU2YzM4MjIifSwic2F2ZWQiOnRydWV9',1076,1628756329),(127,'img_0412',0,9,'IMG_0412.jpg','','IMG_0412','2021-07-07 14:26:23',0,0,'eyJhcGVydHVyZSI6IkYgMS42IiwiY3JlZGl0IjpmYWxzZSwiY2FtZXJhIjoiaVBob25lIDEyIiwiY2FwdGlvbiI6ZmFsc2UsImNyZWF0ZWRfdGltZXN0YW1wIjoxNjI1NjY3OTgzLCJjb3B5cmlnaHQiOmZhbHNlLCJmb2NhbF9sZW5ndGgiOiI0LjIgbW0iLCJpc28iOjMyLCJzaHV0dGVyX3NwZWVkIjoiMVwvNDI5MCBzZWMiLCJmbGFzaCI6Ik5vdCBmaXJlZCIsInRpdGxlIjpmYWxzZSwia2V5d29yZHMiOmZhbHNlLCJ3aWR0aCI6MTYwMCwiaGVpZ2h0IjoxMjAwLCJzYXZlZCI6dHJ1ZSwiYmFja3VwIjp7ImZpbGVuYW1lIjoiSU1HXzA0MTIuanBnIiwid2lkdGgiOjQwMzIsImhlaWdodCI6MzAyNCwiZ2VuZXJhdGVkIjoiMC4zMzYwODAwMCAxNjI4NzU1MTI1In0sIm1kNSI6ImNjYmQyMmE0MDU5MDQwNWVmYzc4OTJkNTRiMzBkMGIzIiwiZnVsbCI6eyJ3aWR0aCI6MTYwMCwiaGVpZ2h0IjoxMjAwLCJtZDUiOiJjY2JkMjJhNDA1OTA0MDVlZmM3ODkyZDU0YjMwZDBiMyJ9LCJ0aHVtYm5haWwiOnsid2lkdGgiOjI0MCwiaGVpZ2h0IjoxNjAsImZpbGVuYW1lIjoidGh1bWJzX0lNR18wNDEyLmpwZyIsImdlbmVyYXRlZCI6IjAuMjM2NTgxMDAgMTYyODc1NTE2MiJ9fQ==',1077,1628755162),(128,'img_0367',0,9,'IMG_0367.jpg','','IMG_0367','2021-07-06 15:14:37',0,0,'eyJhcGVydHVyZSI6IkYgMS42IiwiY3JlZGl0IjpmYWxzZSwiY2FtZXJhIjoiaVBob25lIDEyIiwiY2FwdGlvbiI6ZmFsc2UsImNyZWF0ZWRfdGltZXN0YW1wIjoxNjI1NTg0NDc3LCJjb3B5cmlnaHQiOmZhbHNlLCJmb2NhbF9sZW5ndGgiOiI0LjIgbW0iLCJpc28iOjY0LCJzaHV0dGVyX3NwZWVkIjoiMVwvNjAgc2VjIiwiZmxhc2giOiJOb3QgZmlyZWQiLCJ0aXRsZSI6ZmFsc2UsImtleXdvcmRzIjpmYWxzZSwid2lkdGgiOjEyMDAsImhlaWdodCI6MTYwMCwiYmFja3VwIjp7ImZpbGVuYW1lIjoiSU1HXzAzNjcuanBnIiwid2lkdGgiOjQwMzIsImhlaWdodCI6MzAyNCwiZ2VuZXJhdGVkIjoiMC4zNTY3ODgwMCAxNjI4NzU1MTMwIn0sIm1kNSI6IjU0MDRjMDMyZDg0MzJhZWY4NTdjMmUyNzA2YjkyYWZkIiwiZnVsbCI6eyJ3aWR0aCI6MTIwMCwiaGVpZ2h0IjoxNjAwLCJtZDUiOiI1NDA0YzAzMmQ4NDMyYWVmODU3YzJlMjcwNmI5MmFmZCJ9LCJzYXZlZCI6dHJ1ZX0=',1078,1628756364),(130,'img_0384',0,9,'IMG_0384.jpg','','IMG_0384','2021-07-06 21:50:56',0,0,'eyJhcGVydHVyZSI6IkYgMS42IiwiY3JlZGl0IjpmYWxzZSwiY2FtZXJhIjoiaVBob25lIDEyIiwiY2FwdGlvbiI6ZmFsc2UsImNyZWF0ZWRfdGltZXN0YW1wIjoxNjI1NjA4MjU2LCJjb3B5cmlnaHQiOmZhbHNlLCJmb2NhbF9sZW5ndGgiOiI0LjIgbW0iLCJpc28iOjgwMCwic2h1dHRlcl9zcGVlZCI6IjFcLzMwIHNlYyIsImZsYXNoIjoiTm90IGZpcmVkIiwidGl0bGUiOmZhbHNlLCJrZXl3b3JkcyI6ZmFsc2UsIndpZHRoIjoxMjAwLCJoZWlnaHQiOjE2MDAsImJhY2t1cCI6eyJmaWxlbmFtZSI6IklNR18wMzg0LmpwZyIsIndpZHRoIjo0MDMyLCJoZWlnaHQiOjMwMjQsImdlbmVyYXRlZCI6IjAuMzI4NzA3MDAgMTYyODc1NTEzNCJ9LCJtZDUiOiI1Mzc3N2RhMmE0NjFiOWFmMzFhNTUyMDhiOTRlYjM0OSIsImZ1bGwiOnsid2lkdGgiOjEyMDAsImhlaWdodCI6MTYwMCwibWQ1IjoiNTM3NzdkYTJhNDYxYjlhZjMxYTU1MjA4Yjk0ZWIzNDkifSwic2F2ZWQiOnRydWV9',1080,1628756409),(131,'img_0366',0,9,'IMG_0366.jpg','','IMG_0366','2021-07-06 15:04:19',0,0,'eyJhcGVydHVyZSI6IkYgMS42IiwiY3JlZGl0IjpmYWxzZSwiY2FtZXJhIjoiaVBob25lIDEyIiwiY2FwdGlvbiI6ZmFsc2UsImNyZWF0ZWRfdGltZXN0YW1wIjoxNjI1NTgzODU5LCJjb3B5cmlnaHQiOmZhbHNlLCJmb2NhbF9sZW5ndGgiOiI0LjIgbW0iLCJpc28iOjEwMCwic2h1dHRlcl9zcGVlZCI6IjFcLzEyMCBzZWMiLCJmbGFzaCI6Ik5vdCBmaXJlZCIsInRpdGxlIjpmYWxzZSwia2V5d29yZHMiOmZhbHNlLCJ3aWR0aCI6MTIwMCwiaGVpZ2h0IjoxNjAwLCJiYWNrdXAiOnsiZmlsZW5hbWUiOiJJTUdfMDM2Ni5qcGciLCJ3aWR0aCI6NDAzMiwiaGVpZ2h0IjozMDI0LCJnZW5lcmF0ZWQiOiIwLjMzOTk1MTAwIDE2Mjg3NTUxMzQifSwibWQ1IjoiYjU5NzM3NWI5NzVjMmNiMmQ5MjQ0OTkzMDNmODVlNzAiLCJmdWxsIjp7IndpZHRoIjoxMjAwLCJoZWlnaHQiOjE2MDAsIm1kNSI6ImI1OTczNzViOTc1YzJjYjJkOTI0NDk5MzAzZjg1ZTcwIn0sInNhdmVkIjp0cnVlfQ==',1081,1628756573),(133,'img_0371',0,9,'IMG_0371.jpg','','IMG_0371','2021-07-06 15:44:59',0,0,'eyJhcGVydHVyZSI6IkYgMS42IiwiY3JlZGl0IjpmYWxzZSwiY2FtZXJhIjoiaVBob25lIDEyIiwiY2FwdGlvbiI6ZmFsc2UsImNyZWF0ZWRfdGltZXN0YW1wIjoxNjI1NTg2Mjk5LCJjb3B5cmlnaHQiOmZhbHNlLCJmb2NhbF9sZW5ndGgiOiI0LjIgbW0iLCJpc28iOjMyLCJzaHV0dGVyX3NwZWVkIjoiMVwvNjkwIHNlYyIsImZsYXNoIjoiTm90IGZpcmVkIiwidGl0bGUiOmZhbHNlLCJrZXl3b3JkcyI6ZmFsc2UsIndpZHRoIjo0MDMyLCJoZWlnaHQiOjMwMjQsImJhY2t1cCI6eyJmaWxlbmFtZSI6IklNR18wMzcxLmpwZyIsIndpZHRoIjo0MDMyLCJoZWlnaHQiOjMwMjQsImdlbmVyYXRlZCI6IjAuODIwODc5MDAgMTYyODc1NTE2NCJ9LCJtZDUiOiI3NGU2ZDEyZWY2NTVjZjMyMTVjMzU2NTQwZDFmNjEzNiIsImZ1bGwiOnsid2lkdGgiOjE2MDAsImhlaWdodCI6MTIwMCwibWQ1IjoiNzRlNmQxMmVmNjU1Y2YzMjE1YzM1NjU0MGQxZjYxMzYifSwic2F2ZWQiOnRydWV9',1083,1628756616),(135,'img_0349',0,9,'IMG_0349.jpg','','IMG_0349','2021-07-03 14:29:43',0,0,'eyJhcGVydHVyZSI6IkYgMS42IiwiY3JlZGl0IjpmYWxzZSwiY2FtZXJhIjoiaVBob25lIDEyIiwiY2FwdGlvbiI6ZmFsc2UsImNyZWF0ZWRfdGltZXN0YW1wIjoxNjI1MzIyNTgzLCJjb3B5cmlnaHQiOmZhbHNlLCJmb2NhbF9sZW5ndGgiOiI0LjIgbW0iLCJpc28iOjMyLCJzaHV0dGVyX3NwZWVkIjoiMVwvMTMzMzAgc2VjIiwiZmxhc2giOiJOb3QgZmlyZWQiLCJ0aXRsZSI6ZmFsc2UsImtleXdvcmRzIjpmYWxzZSwid2lkdGgiOjQwMzIsImhlaWdodCI6MzAyNCwiYmFja3VwIjp7ImZpbGVuYW1lIjoiSU1HXzAzNDkuanBnIiwid2lkdGgiOjQwMzIsImhlaWdodCI6MzAyNCwiZ2VuZXJhdGVkIjoiMC43MTMyOTgwMCAxNjI4NzU1MTY2In0sInNhdmVkIjp0cnVlfQ==',1086,1628756689),(136,'img_0385',0,9,'IMG_0385.jpg','','IMG_0385','2021-07-06 21:51:17',0,0,'eyJhcGVydHVyZSI6IkYgMS42IiwiY3JlZGl0IjpmYWxzZSwiY2FtZXJhIjoiaVBob25lIDEyIiwiY2FwdGlvbiI6ZmFsc2UsImNyZWF0ZWRfdGltZXN0YW1wIjoxNjI1NjA4Mjc3LCJjb3B5cmlnaHQiOmZhbHNlLCJmb2NhbF9sZW5ndGgiOiI0LjIgbW0iLCJpc28iOjEwMDAsInNodXR0ZXJfc3BlZWQiOiIxXC8zMCBzZWMiLCJmbGFzaCI6Ik5vdCBmaXJlZCIsInRpdGxlIjpmYWxzZSwia2V5d29yZHMiOmZhbHNlLCJ3aWR0aCI6NDAzMiwiaGVpZ2h0IjozMDI0LCJiYWNrdXAiOnsiZmlsZW5hbWUiOiJJTUdfMDM4NS5qcGciLCJ3aWR0aCI6NDAzMiwiaGVpZ2h0IjozMDI0LCJnZW5lcmF0ZWQiOiIwLjcxMTYyNTAwIDE2Mjg3NTUxNjYifSwibWQ1IjoiZDdmOGVjODJhNWZjNTI0ZDUyZWE0NmIyMTVmYmQyMzQiLCJmdWxsIjp7IndpZHRoIjoxNjAwLCJoZWlnaHQiOjEyMDAsIm1kNSI6ImQ3ZjhlYzgyYTVmYzUyNGQ1MmVhNDZiMjE1ZmJkMjM0In0sInNhdmVkIjp0cnVlfQ==',1085,1628756749),(137,'img_0353',0,9,'IMG_0353.jpg','','IMG_0353','2021-07-03 14:30:30',0,0,'eyJhcGVydHVyZSI6IkYgMS42IiwiY3JlZGl0IjpmYWxzZSwiY2FtZXJhIjoiaVBob25lIDEyIiwiY2FwdGlvbiI6ZmFsc2UsImNyZWF0ZWRfdGltZXN0YW1wIjoxNjI1MzIyNjMwLCJjb3B5cmlnaHQiOmZhbHNlLCJmb2NhbF9sZW5ndGgiOiI0LjIgbW0iLCJpc28iOjMyLCJzaHV0dGVyX3NwZWVkIjoiMVwvNDI5MCBzZWMiLCJmbGFzaCI6Ik5vdCBmaXJlZCIsInRpdGxlIjpmYWxzZSwia2V5d29yZHMiOmZhbHNlLCJ3aWR0aCI6MTIwMCwiaGVpZ2h0IjoxNjAwLCJiYWNrdXAiOnsiZmlsZW5hbWUiOiJJTUdfMDM1My5qcGciLCJ3aWR0aCI6NDAzMiwiaGVpZ2h0IjozMDI0LCJnZW5lcmF0ZWQiOiIwLjcyNTkwOTAwIDE2Mjg3NTUxNzEifSwibWQ1IjoiNDc4YzI2OGNkNjZjY2RmNDM1N2ZlNzk1ZTE0OTY5NWIiLCJmdWxsIjp7IndpZHRoIjoxMjAwLCJoZWlnaHQiOjE2MDAsIm1kNSI6IjQ3OGMyNjhjZDY2Y2NkZjQzNTdmZTc5NWUxNDk2OTViIn0sInNhdmVkIjp0cnVlfQ==',1087,1628756803),(138,'img_0374',0,9,'IMG_0374.jpg','','IMG_0374','2021-07-06 15:50:29',0,0,'eyJhcGVydHVyZSI6IkYgMS42IiwiY3JlZGl0IjpmYWxzZSwiY2FtZXJhIjoiaVBob25lIDEyIiwiY2FwdGlvbiI6ZmFsc2UsImNyZWF0ZWRfdGltZXN0YW1wIjoxNjI1NTg2NjI5LCJjb3B5cmlnaHQiOmZhbHNlLCJmb2NhbF9sZW5ndGgiOiI0LjIgbW0iLCJpc28iOjMyLCJzaHV0dGVyX3NwZWVkIjoiMVwvNjE0MCBzZWMiLCJmbGFzaCI6Ik5vdCBmaXJlZCIsInRpdGxlIjpmYWxzZSwia2V5d29yZHMiOmZhbHNlLCJ3aWR0aCI6MTIwMCwiaGVpZ2h0IjoxNjAwLCJiYWNrdXAiOnsiZmlsZW5hbWUiOiJJTUdfMDM3NC5qcGciLCJ3aWR0aCI6NDAzMiwiaGVpZ2h0IjozMDI0LCJnZW5lcmF0ZWQiOiIwLjcyOTYzNjAwIDE2Mjg3NTUxNzEifSwibWQ1IjoiNWNjZTE0Njg4YWZlZDVjZTJhODliMjA5ZDY2OWI0YjAiLCJmdWxsIjp7IndpZHRoIjoxMjAwLCJoZWlnaHQiOjE2MDAsIm1kNSI6IjVjY2UxNDY4OGFmZWQ1Y2UyYTg5YjIwOWQ2NjliNGIwIn0sInNhdmVkIjp0cnVlfQ==',1088,1628756837),(139,'img_0368',0,9,'IMG_0368.jpg','','IMG_0368','2021-07-06 15:40:10',0,0,'eyJhcGVydHVyZSI6IkYgMS42IiwiY3JlZGl0IjpmYWxzZSwiY2FtZXJhIjoiaVBob25lIDEyIiwiY2FwdGlvbiI6ZmFsc2UsImNyZWF0ZWRfdGltZXN0YW1wIjoxNjI1NTg2MDEwLCJjb3B5cmlnaHQiOmZhbHNlLCJmb2NhbF9sZW5ndGgiOiI0LjIgbW0iLCJpc28iOjMyLCJzaHV0dGVyX3NwZWVkIjoiMVwvNjkwMCBzZWMiLCJmbGFzaCI6Ik5vdCBmaXJlZCIsInRpdGxlIjpmYWxzZSwia2V5d29yZHMiOmZhbHNlLCJ3aWR0aCI6MTYwMCwiaGVpZ2h0IjoxMjAwLCJzYXZlZCI6dHJ1ZSwiYmFja3VwIjp7ImZpbGVuYW1lIjoiSU1HXzAzNjguanBnIiwid2lkdGgiOjQwMzIsImhlaWdodCI6MzAyNCwiZ2VuZXJhdGVkIjoiMC4yNjQ1NjEwMCAxNjI4NzU1MTg4In0sIm1kNSI6ImUzODFhZmM1YWQ3OTBmMmQ0MThmNTM2MTgxNDlmYzhiIiwiZnVsbCI6eyJ3aWR0aCI6MTYwMCwiaGVpZ2h0IjoxMjAwLCJtZDUiOiJlMzgxYWZjNWFkNzkwZjJkNDE4ZjUzNjE4MTQ5ZmM4YiJ9LCJ0aHVtYm5haWwiOnsid2lkdGgiOjI0MCwiaGVpZ2h0IjoxNjAsImZpbGVuYW1lIjoidGh1bWJzX0lNR18wMzY4LmpwZyIsImdlbmVyYXRlZCI6IjAuMTY5NzQ0MDAgMTYyODc1NTIzMCJ9fQ==',1089,1628755230),(140,'img_0346',0,9,'IMG_0346.jpg','','IMG_0346','2021-07-03 14:22:14',0,0,'eyJhcGVydHVyZSI6IkYgMS42IiwiY3JlZGl0IjpmYWxzZSwiY2FtZXJhIjoiaVBob25lIDEyIiwiY2FwdGlvbiI6ZmFsc2UsImNyZWF0ZWRfdGltZXN0YW1wIjoxNjI1MzIyMTM0LCJjb3B5cmlnaHQiOmZhbHNlLCJmb2NhbF9sZW5ndGgiOiI0LjIgbW0iLCJpc28iOjMyLCJzaHV0dGVyX3NwZWVkIjoiMVwvNDY1MCBzZWMiLCJmbGFzaCI6Ik5vdCBmaXJlZCIsInRpdGxlIjpmYWxzZSwia2V5d29yZHMiOmZhbHNlLCJ3aWR0aCI6MTIwMCwiaGVpZ2h0IjoxNjAwLCJiYWNrdXAiOnsiZmlsZW5hbWUiOiJJTUdfMDM0Ni5qcGciLCJ3aWR0aCI6NDAzMiwiaGVpZ2h0IjozMDI0LCJnZW5lcmF0ZWQiOiIwLjYxMzU1OTAwIDE2Mjg3NTUyMTAifSwibWQ1IjoiMGUwZWFkNmM0OGZlMDQ0ZTIzYzUyNTQ1NGZjNDMxNzAiLCJmdWxsIjp7IndpZHRoIjoxMjAwLCJoZWlnaHQiOjE2MDAsIm1kNSI6IjBlMGVhZDZjNDhmZTA0NGUyM2M1MjU0NTRmYzQzMTcwIn0sInNhdmVkIjp0cnVlfQ==',1090,1628756897),(141,'img_0347',0,9,'IMG_0347.jpg','','IMG_0347','2021-07-03 14:24:09',0,0,'eyJhcGVydHVyZSI6IkYgMS42IiwiY3JlZGl0IjpmYWxzZSwiY2FtZXJhIjoiaVBob25lIDEyIiwiY2FwdGlvbiI6ZmFsc2UsImNyZWF0ZWRfdGltZXN0YW1wIjoxNjI1MzIyMjQ5LCJjb3B5cmlnaHQiOmZhbHNlLCJmb2NhbF9sZW5ndGgiOiI0LjIgbW0iLCJpc28iOjMyLCJzaHV0dGVyX3NwZWVkIjoiMVwvMTA3NTAgc2VjIiwiZmxhc2giOiJOb3QgZmlyZWQiLCJ0aXRsZSI6ZmFsc2UsImtleXdvcmRzIjpmYWxzZSwid2lkdGgiOjEyMDAsImhlaWdodCI6MTYwMCwiYmFja3VwIjp7ImZpbGVuYW1lIjoiSU1HXzAzNDcuanBnIiwid2lkdGgiOjQwMzIsImhlaWdodCI6MzAyNCwiZ2VuZXJhdGVkIjoiMC42MDU2MTEwMCAxNjI4NzU1MjEwIn0sIm1kNSI6IjMwZDllZjY4M2ExNTE2NzljMjVlZWY0NjI2ZmY0MjIwIiwiZnVsbCI6eyJ3aWR0aCI6MTIwMCwiaGVpZ2h0IjoxNjAwLCJtZDUiOiIzMGQ5ZWY2ODNhMTUxNjc5YzI1ZWVmNDYyNmZmNDIyMCJ9LCJzYXZlZCI6dHJ1ZX0=',1091,1628756925),(142,'img_0325',0,9,'IMG_0325.jpg','','IMG_0325','2021-07-02 19:19:01',0,0,'eyJhcGVydHVyZSI6IkYgMS42IiwiY3JlZGl0IjpmYWxzZSwiY2FtZXJhIjoiaVBob25lIDEyIiwiY2FwdGlvbiI6ZmFsc2UsImNyZWF0ZWRfdGltZXN0YW1wIjoxNjI1MjUzNTQxLCJjb3B5cmlnaHQiOmZhbHNlLCJmb2NhbF9sZW5ndGgiOiI0LjIgbW0iLCJpc28iOjEwMCwic2h1dHRlcl9zcGVlZCI6IjFcLzEyMCBzZWMiLCJmbGFzaCI6Ik5vdCBmaXJlZCIsInRpdGxlIjpmYWxzZSwia2V5d29yZHMiOmZhbHNlLCJ3aWR0aCI6NDAzMiwiaGVpZ2h0IjozMDI0LCJiYWNrdXAiOnsiZmlsZW5hbWUiOiJJTUdfMDMyNS5qcGciLCJ3aWR0aCI6NDAzMiwiaGVpZ2h0IjozMDI0LCJnZW5lcmF0ZWQiOiIwLjE2ODU4MTAwIDE2Mjg3NTUyMjUifSwibWQ1IjoiYzBiMTc3YjY3MDAwYTYxZjc0M2U1MGE3OTE3M2ViMmUiLCJmdWxsIjp7IndpZHRoIjoxNjAwLCJoZWlnaHQiOjEyMDAsIm1kNSI6ImMwYjE3N2I2NzAwMGE2MWY3NDNlNTBhNzkxNzNlYjJlIn0sInNhdmVkIjp0cnVlfQ==',1094,1628756961),(143,'img_0300',0,9,'IMG_0300.jpg','','IMG_0300','2021-07-02 14:45:37',0,0,'eyJhcGVydHVyZSI6IkYgMS42IiwiY3JlZGl0IjpmYWxzZSwiY2FtZXJhIjoiaVBob25lIDEyIiwiY2FwdGlvbiI6ZmFsc2UsImNyZWF0ZWRfdGltZXN0YW1wIjoxNjI1MjM3MTM3LCJjb3B5cmlnaHQiOmZhbHNlLCJmb2NhbF9sZW5ndGgiOiI0LjIgbW0iLCJpc28iOjMyLCJzaHV0dGVyX3NwZWVkIjoiMVwvMjE3MCBzZWMiLCJmbGFzaCI6Ik5vdCBmaXJlZCIsInRpdGxlIjpmYWxzZSwia2V5d29yZHMiOmZhbHNlLCJ3aWR0aCI6MTIwMCwiaGVpZ2h0IjoxNjAwLCJiYWNrdXAiOnsiZmlsZW5hbWUiOiJJTUdfMDMwMC5qcGciLCJ3aWR0aCI6NDAzMiwiaGVpZ2h0IjozMDI0LCJnZW5lcmF0ZWQiOiIwLjE1OTU0NjAwIDE2Mjg3NTUyMjUifSwibWQ1IjoiNTllYTkzOTZjMTFmNjdjOTU0MDc0OTMzOGI4NDRlOTEiLCJmdWxsIjp7IndpZHRoIjoxMjAwLCJoZWlnaHQiOjE2MDAsIm1kNSI6IjU5ZWE5Mzk2YzExZjY3Yzk1NDA3NDkzMzhiODQ0ZTkxIn0sInNhdmVkIjp0cnVlfQ==',1093,1628757013),(144,'img_0350',0,9,'IMG_0350.jpg','','IMG_0350','2021-07-03 14:29:59',0,0,'eyJhcGVydHVyZSI6IkYgMS42IiwiY3JlZGl0IjpmYWxzZSwiY2FtZXJhIjoiaVBob25lIDEyIiwiY2FwdGlvbiI6ZmFsc2UsImNyZWF0ZWRfdGltZXN0YW1wIjoxNjI1MzIyNTk5LCJjb3B5cmlnaHQiOmZhbHNlLCJmb2NhbF9sZW5ndGgiOiI0LjIgbW0iLCJpc28iOjMyLCJzaHV0dGVyX3NwZWVkIjoiMVwvNjQ5MCBzZWMiLCJmbGFzaCI6Ik5vdCBmaXJlZCIsInRpdGxlIjpmYWxzZSwia2V5d29yZHMiOmZhbHNlLCJ3aWR0aCI6NDAzMiwiaGVpZ2h0IjozMDI0LCJiYWNrdXAiOnsiZmlsZW5hbWUiOiJJTUdfMDM1MC5qcGciLCJ3aWR0aCI6NDAzMiwiaGVpZ2h0IjozMDI0LCJnZW5lcmF0ZWQiOiIwLjE0NjI1MzAwIDE2Mjg3NTUyMjUifSwic2F2ZWQiOnRydWV9',1092,1628757072),(145,'img_0341',0,9,'IMG_0341.jpg','','IMG_0341','2021-07-02 20:31:23',0,0,'eyJhcGVydHVyZSI6IkYgMS42IiwiY3JlZGl0IjpmYWxzZSwiY2FtZXJhIjoiaVBob25lIDEyIiwiY2FwdGlvbiI6ZmFsc2UsImNyZWF0ZWRfdGltZXN0YW1wIjoxNjI1MjU3ODgzLCJjb3B5cmlnaHQiOmZhbHNlLCJmb2NhbF9sZW5ndGgiOiI0LjIgbW0iLCJpc28iOjEwMCwic2h1dHRlcl9zcGVlZCI6IjFcLzEyMCBzZWMiLCJmbGFzaCI6Ik5vdCBmaXJlZCIsInRpdGxlIjpmYWxzZSwia2V5d29yZHMiOmZhbHNlLCJ3aWR0aCI6NDAzMiwiaGVpZ2h0IjozMDI0LCJiYWNrdXAiOnsiZmlsZW5hbWUiOiJJTUdfMDM0MS5qcGciLCJ3aWR0aCI6NDAzMiwiaGVpZ2h0IjozMDI0LCJnZW5lcmF0ZWQiOiIwLjE4MjAyMjAwIDE2Mjg3NTUyMzAifSwibWQ1IjoiNDdhZjZmMjZkYzgwY2I3NzljZDFmODE5NjlhZGI0ZWUiLCJmdWxsIjp7IndpZHRoIjoxNjAwLCJoZWlnaHQiOjEyMDAsIm1kNSI6IjQ3YWY2ZjI2ZGM4MGNiNzc5Y2QxZjgxOTY5YWRiNGVlIn0sInNhdmVkIjp0cnVlfQ==',1095,1628757142),(146,'img_0319',0,9,'IMG_0319.jpg','','IMG_0319','2021-07-02 19:12:02',0,0,'eyJhcGVydHVyZSI6IkYgMS42IiwiY3JlZGl0IjpmYWxzZSwiY2FtZXJhIjoiaVBob25lIDEyIiwiY2FwdGlvbiI6ZmFsc2UsImNyZWF0ZWRfdGltZXN0YW1wIjoxNjI1MjUzMTIyLCJjb3B5cmlnaHQiOmZhbHNlLCJmb2NhbF9sZW5ndGgiOiI0LjIgbW0iLCJpc28iOjMyLCJzaHV0dGVyX3NwZWVkIjoiMVwvMzg2MCBzZWMiLCJmbGFzaCI6Ik5vdCBmaXJlZCIsInRpdGxlIjpmYWxzZSwia2V5d29yZHMiOmZhbHNlLCJ3aWR0aCI6OTAwLCJoZWlnaHQiOjEyMDAsInNhdmVkIjp0cnVlLCJiYWNrdXAiOnsiZmlsZW5hbWUiOiJJTUdfMDMxOS5qcGciLCJ3aWR0aCI6NDAzMiwiaGVpZ2h0IjozMDI0LCJnZW5lcmF0ZWQiOiIwLjE0ODU1NTAwIDE2Mjg3NTUyNDEifSwibWQ1IjoiZjBiZDVmZWU4M2U2NzQ1NDUzM2Q2ZGM5ZDllZGI4NzIiLCJmdWxsIjp7IndpZHRoIjo5MDAsImhlaWdodCI6MTIwMCwibWQ1IjoiZjBiZDVmZWU4M2U2NzQ1NDUzM2Q2ZGM5ZDllZGI4NzIifSwidGh1bWJuYWlsIjp7IndpZHRoIjoyNDAsImhlaWdodCI6MTYwLCJmaWxlbmFtZSI6InRodW1ic19JTUdfMDMxOS5qcGciLCJnZW5lcmF0ZWQiOiIwLjM0MDI3OTAwIDE2Mjg3NTUyNTYifX0=',1096,1628755256),(147,'img_0330',0,9,'IMG_0330.jpg','','IMG_0330','2021-07-02 19:58:50',0,0,'eyJhcGVydHVyZSI6IkYgMS42IiwiY3JlZGl0IjpmYWxzZSwiY2FtZXJhIjoiaVBob25lIDEyIiwiY2FwdGlvbiI6ZmFsc2UsImNyZWF0ZWRfdGltZXN0YW1wIjoxNjI1MjU1OTMwLCJjb3B5cmlnaHQiOmZhbHNlLCJmb2NhbF9sZW5ndGgiOiI0LjIgbW0iLCJpc28iOjY0LCJzaHV0dGVyX3NwZWVkIjoiMVwvMTIwIHNlYyIsImZsYXNoIjoiTm90IGZpcmVkIiwidGl0bGUiOmZhbHNlLCJrZXl3b3JkcyI6ZmFsc2UsIndpZHRoIjoxNjAwLCJoZWlnaHQiOjEyMDAsInNhdmVkIjp0cnVlLCJiYWNrdXAiOnsiZmlsZW5hbWUiOiJJTUdfMDMzMC5qcGciLCJ3aWR0aCI6NDAzMiwiaGVpZ2h0IjozMDI0LCJnZW5lcmF0ZWQiOiIwLjM0MTAyNTAwIDE2Mjg3NTUyNDIifSwibWQ1IjoiNDRmNWQyOWNiMDE2ZTM1ZGE5YWEzYmYzZTQ2ZGRlMDYiLCJmdWxsIjp7IndpZHRoIjoxNjAwLCJoZWlnaHQiOjEyMDAsIm1kNSI6IjQ0ZjVkMjljYjAxNmUzNWRhOWFhM2JmM2U0NmRkZTA2In0sInRodW1ibmFpbCI6eyJ3aWR0aCI6MjQwLCJoZWlnaHQiOjE2MCwiZmlsZW5hbWUiOiJ0aHVtYnNfSU1HXzAzMzAuanBnIiwiZ2VuZXJhdGVkIjoiMC4yNTQ1NDgwMCAxNjI4NzU1MjU0In19',1097,1628755254),(148,'img_0293',0,9,'IMG_0293.jpg','','IMG_0293','2021-07-02 10:19:04',0,0,'eyJhcGVydHVyZSI6IkYgMS42IiwiY3JlZGl0IjpmYWxzZSwiY2FtZXJhIjoiaVBob25lIDEyIiwiY2FwdGlvbiI6ZmFsc2UsImNyZWF0ZWRfdGltZXN0YW1wIjoxNjI1MjIxMTQ0LCJjb3B5cmlnaHQiOmZhbHNlLCJmb2NhbF9sZW5ndGgiOiI0LjIgbW0iLCJpc28iOjMyLCJzaHV0dGVyX3NwZWVkIjoiMVwvMzg2MCBzZWMiLCJmbGFzaCI6Ik5vdCBmaXJlZCIsInRpdGxlIjpmYWxzZSwia2V5d29yZHMiOmZhbHNlLCJ3aWR0aCI6OTAwLCJoZWlnaHQiOjEyMDAsInNhdmVkIjp0cnVlLCJiYWNrdXAiOnsiZmlsZW5hbWUiOiJJTUdfMDI5My5qcGciLCJ3aWR0aCI6NDAzMiwiaGVpZ2h0IjozMDI0LCJnZW5lcmF0ZWQiOiIwLjMyNzAxODAwIDE2Mjg3NTUyNDIifSwibWQ1IjoiYjFjNDEwYTA4MDRmYjg0M2IyMjJjODFlNTI2YjY3NDMiLCJmdWxsIjp7IndpZHRoIjo5MDAsImhlaWdodCI6MTIwMCwibWQ1IjoiYjFjNDEwYTA4MDRmYjg0M2IyMjJjODFlNTI2YjY3NDMifSwidGh1bWJuYWlsIjp7IndpZHRoIjoyNDAsImhlaWdodCI6MTYwLCJmaWxlbmFtZSI6InRodW1ic19JTUdfMDI5My5qcGciLCJnZW5lcmF0ZWQiOiIwLjQyMjI5NzAwIDE2Mjg3NTUyNTYifX0=',1098,1628755256),(149,'img_0340',0,9,'IMG_0340.jpg','','IMG_0340','2021-07-02 20:23:19',0,0,'eyJhcGVydHVyZSI6IkYgMS42IiwiY3JlZGl0IjpmYWxzZSwiY2FtZXJhIjoiaVBob25lIDEyIiwiY2FwdGlvbiI6ZmFsc2UsImNyZWF0ZWRfdGltZXN0YW1wIjoxNjI1MjU3Mzk5LCJjb3B5cmlnaHQiOmZhbHNlLCJmb2NhbF9sZW5ndGgiOiI0LjIgbW0iLCJpc28iOjUwLCJzaHV0dGVyX3NwZWVkIjoiMVwvMTIwIHNlYyIsImZsYXNoIjoiTm90IGZpcmVkIiwidGl0bGUiOmZhbHNlLCJrZXl3b3JkcyI6ZmFsc2UsIndpZHRoIjoxNjAwLCJoZWlnaHQiOjEyMDAsInNhdmVkIjp0cnVlLCJiYWNrdXAiOnsiZmlsZW5hbWUiOiJJTUdfMDM0MC5qcGciLCJ3aWR0aCI6NDAzMiwiaGVpZ2h0IjozMDI0LCJnZW5lcmF0ZWQiOiIwLjA1Mjg5NTAwIDE2Mjg3NTUyNTMifSwibWQ1IjoiMzg0NDllN2U4MTA1NTYwNGUyZmQ0NTM1YmJjYTFkZWIiLCJmdWxsIjp7IndpZHRoIjoxNjAwLCJoZWlnaHQiOjEyMDAsIm1kNSI6IjM4NDQ5ZTdlODEwNTU2MDRlMmZkNDUzNWJiY2ExZGViIn0sInRodW1ibmFpbCI6eyJ3aWR0aCI6MjQwLCJoZWlnaHQiOjE2MCwiZmlsZW5hbWUiOiJ0aHVtYnNfSU1HXzAzNDAuanBnIiwiZ2VuZXJhdGVkIjoiMC43NTQ3NTgwMCAxNjI4NzU1MjU2In19',1099,1628755256),(150,'img_0294',0,9,'IMG_0294.jpg','','IMG_0294','2021-07-02 14:00:12',0,0,'eyJhcGVydHVyZSI6IkYgMS42IiwiY3JlZGl0IjpmYWxzZSwiY2FtZXJhIjoiaVBob25lIDEyIiwiY2FwdGlvbiI6ZmFsc2UsImNyZWF0ZWRfdGltZXN0YW1wIjoxNjI1MjM0NDEyLCJjb3B5cmlnaHQiOmZhbHNlLCJmb2NhbF9sZW5ndGgiOiI0LjIgbW0iLCJpc28iOjMyLCJzaHV0dGVyX3NwZWVkIjoiMVwvNDYwIHNlYyIsImZsYXNoIjoiTm90IGZpcmVkIiwidGl0bGUiOmZhbHNlLCJrZXl3b3JkcyI6ZmFsc2UsIndpZHRoIjo5MDAsImhlaWdodCI6MTIwMCwic2F2ZWQiOnRydWUsImJhY2t1cCI6eyJmaWxlbmFtZSI6IklNR18wMjk0LmpwZyIsIndpZHRoIjo0MDMyLCJoZWlnaHQiOjMwMjQsImdlbmVyYXRlZCI6IjAuMTEzMjU3MDAgMTYyODc1NTI1MyJ9LCJtZDUiOiIyMWE0ODE3MDMzZDkwZDRmODE3MDY4ZWE3ZTlkNGE1NSIsImZ1bGwiOnsid2lkdGgiOjkwMCwiaGVpZ2h0IjoxMjAwLCJtZDUiOiIyMWE0ODE3MDMzZDkwZDRmODE3MDY4ZWE3ZTlkNGE1NSJ9LCJ0aHVtYm5haWwiOnsid2lkdGgiOjI0MCwiaGVpZ2h0IjoxNjAsImZpbGVuYW1lIjoidGh1bWJzX0lNR18wMjk0LmpwZyIsImdlbmVyYXRlZCI6IjAuMTU5ODI2MDAgMTYyODc1NTI1NyJ9fQ==',1100,1628755257),(151,'img_0328',0,9,'IMG_0328.jpg','','IMG_0328','2021-07-02 19:57:12',0,0,'eyJhcGVydHVyZSI6IkYgMS42IiwiY3JlZGl0IjpmYWxzZSwiY2FtZXJhIjoiaVBob25lIDEyIiwiY2FwdGlvbiI6ZmFsc2UsImNyZWF0ZWRfdGltZXN0YW1wIjoxNjI1MjU1ODMyLCJjb3B5cmlnaHQiOmZhbHNlLCJmb2NhbF9sZW5ndGgiOiI0LjIgbW0iLCJpc28iOjMyLCJzaHV0dGVyX3NwZWVkIjoiMVwvNTMwIHNlYyIsImZsYXNoIjoiTm90IGZpcmVkIiwidGl0bGUiOmZhbHNlLCJrZXl3b3JkcyI6ZmFsc2UsIndpZHRoIjoxNjAwLCJoZWlnaHQiOjEyMDAsInNhdmVkIjp0cnVlLCJiYWNrdXAiOnsiZmlsZW5hbWUiOiJJTUdfMDMyOC5qcGciLCJ3aWR0aCI6NDAzMiwiaGVpZ2h0IjozMDI0LCJnZW5lcmF0ZWQiOiIwLjMxNjAwMDAwIDE2Mjg3NTUyNTMifSwibWQ1IjoiYjI5MjIzMmNmZTFmNDFlZmU3Yjk2OTI5MDk5MDhkMjEiLCJmdWxsIjp7IndpZHRoIjoxNjAwLCJoZWlnaHQiOjEyMDAsIm1kNSI6ImIyOTIyMzJjZmUxZjQxZWZlN2I5NjkyOTA5OTA4ZDIxIn0sInRodW1ibmFpbCI6eyJ3aWR0aCI6MjQwLCJoZWlnaHQiOjE2MCwiZmlsZW5hbWUiOiJ0aHVtYnNfSU1HXzAzMjguanBnIiwiZ2VuZXJhdGVkIjoiMC4yMzMzOTkwMCAxNjI4NzU1MjU3In19',1101,1628755257),(152,'img_0318',0,9,'IMG_0318.jpg','','IMG_0318','2021-07-02 19:11:43',0,0,'eyJhcGVydHVyZSI6IkYgMS42IiwiY3JlZGl0IjpmYWxzZSwiY2FtZXJhIjoiaVBob25lIDEyIiwiY2FwdGlvbiI6ZmFsc2UsImNyZWF0ZWRfdGltZXN0YW1wIjoxNjI1MjUzMTAzLCJjb3B5cmlnaHQiOmZhbHNlLCJmb2NhbF9sZW5ndGgiOiI0LjIgbW0iLCJpc28iOjMyLCJzaHV0dGVyX3NwZWVkIjoiMVwvNjgwIHNlYyIsImZsYXNoIjoiTm90IGZpcmVkIiwidGl0bGUiOmZhbHNlLCJrZXl3b3JkcyI6ZmFsc2UsIndpZHRoIjo5MDAsImhlaWdodCI6MTIwMCwic2F2ZWQiOnRydWUsImJhY2t1cCI6eyJmaWxlbmFtZSI6IklNR18wMzE4LmpwZyIsIndpZHRoIjo0MDMyLCJoZWlnaHQiOjMwMjQsImdlbmVyYXRlZCI6IjAuMzMyODUwMDAgMTYyODc1NTI3NCJ9LCJtZDUiOiJkNTgyYWIzNzdmNjI5ZmI4N2Y3OWI3ZWZmNjRhNzBhMiIsImZ1bGwiOnsid2lkdGgiOjkwMCwiaGVpZ2h0IjoxMjAwLCJtZDUiOiJkNTgyYWIzNzdmNjI5ZmI4N2Y3OWI3ZWZmNjRhNzBhMiJ9LCJ0aHVtYm5haWwiOnsid2lkdGgiOjI0MCwiaGVpZ2h0IjoxNjAsImZpbGVuYW1lIjoidGh1bWJzX0lNR18wMzE4LmpwZyIsImdlbmVyYXRlZCI6IjAuMTUxOTUxMDAgMTYyODc1NTMwNSJ9fQ==',1102,1628755305),(153,'img_0316',0,9,'IMG_0316.jpg','','IMG_0316','2021-07-02 17:29:58',0,0,'eyJhcGVydHVyZSI6IkYgMS42IiwiY3JlZGl0IjpmYWxzZSwiY2FtZXJhIjoiaVBob25lIDEyIiwiY2FwdGlvbiI6ZmFsc2UsImNyZWF0ZWRfdGltZXN0YW1wIjoxNjI1MjQ2OTk4LCJjb3B5cmlnaHQiOmZhbHNlLCJmb2NhbF9sZW5ndGgiOiI0LjIgbW0iLCJpc28iOjMyLCJzaHV0dGVyX3NwZWVkIjoiMVwvNDEzMCBzZWMiLCJmbGFzaCI6Ik5vdCBmaXJlZCIsInRpdGxlIjpmYWxzZSwia2V5d29yZHMiOmZhbHNlLCJ3aWR0aCI6MTYwMCwiaGVpZ2h0IjoxMjAwLCJzYXZlZCI6dHJ1ZSwiYmFja3VwIjp7ImZpbGVuYW1lIjoiSU1HXzAzMTYuanBnIiwid2lkdGgiOjQwMzIsImhlaWdodCI6MzAyNCwiZ2VuZXJhdGVkIjoiMC4yNDI0MjAwMCAxNjI4NzU1Mjg2In0sIm1kNSI6Ijg5NDU3ODkyMTRmM2EyZGJhZjBlMTEyNmY4YjhjNzFmIiwiZnVsbCI6eyJ3aWR0aCI6MTYwMCwiaGVpZ2h0IjoxMjAwLCJtZDUiOiI4OTQ1Nzg5MjE0ZjNhMmRiYWYwZTExMjZmOGI4YzcxZiJ9LCJ0aHVtYm5haWwiOnsid2lkdGgiOjI0MCwiaGVpZ2h0IjoxNjAsImZpbGVuYW1lIjoidGh1bWJzX0lNR18wMzE2LmpwZyIsImdlbmVyYXRlZCI6IjAuNjg5MjYzMDAgMTYyODc1NTMwNyJ9fQ==',1103,1628755307),(154,'img_0326',0,9,'IMG_0326.jpg','','IMG_0326','2021-07-02 19:29:44',0,0,'eyJhcGVydHVyZSI6IkYgMS42IiwiY3JlZGl0IjpmYWxzZSwiY2FtZXJhIjoiaVBob25lIDEyIiwiY2FwdGlvbiI6ZmFsc2UsImNyZWF0ZWRfdGltZXN0YW1wIjoxNjI1MjU0MTg0LCJjb3B5cmlnaHQiOmZhbHNlLCJmb2NhbF9sZW5ndGgiOiI0LjIgbW0iLCJpc28iOjMyLCJzaHV0dGVyX3NwZWVkIjoiMVwvMTcyMCBzZWMiLCJmbGFzaCI6Ik5vdCBmaXJlZCIsInRpdGxlIjpmYWxzZSwia2V5d29yZHMiOmZhbHNlLCJ3aWR0aCI6MTYwMCwiaGVpZ2h0IjoxMjAwLCJzYXZlZCI6dHJ1ZSwiYmFja3VwIjp7ImZpbGVuYW1lIjoiSU1HXzAzMjYuanBnIiwid2lkdGgiOjQwMzIsImhlaWdodCI6MzAyNCwiZ2VuZXJhdGVkIjoiMC4yMjU5NTMwMCAxNjI4NzU1Mjg2In0sIm1kNSI6IjdlMjA4NWQ5ZDJmNDE1NTAyYmVkZjRhNzU5M2M1YzQ3IiwiZnVsbCI6eyJ3aWR0aCI6MTYwMCwiaGVpZ2h0IjoxMjAwLCJtZDUiOiI3ZTIwODVkOWQyZjQxNTUwMmJlZGY0YTc1OTNjNWM0NyJ9LCJ0aHVtYm5haWwiOnsid2lkdGgiOjI0MCwiaGVpZ2h0IjoxNjAsImZpbGVuYW1lIjoidGh1bWJzX0lNR18wMzI2LmpwZyIsImdlbmVyYXRlZCI6IjAuMzc4OTU3MDAgMTYyODc1NTMxNCJ9fQ==',1105,1628755314),(155,'img_0296',0,9,'IMG_0296.jpg','','IMG_0296','2021-07-02 14:05:37',0,0,'eyJhcGVydHVyZSI6IkYgMS42IiwiY3JlZGl0IjpmYWxzZSwiY2FtZXJhIjoiaVBob25lIDEyIiwiY2FwdGlvbiI6ZmFsc2UsImNyZWF0ZWRfdGltZXN0YW1wIjoxNjI1MjM0NzM3LCJjb3B5cmlnaHQiOmZhbHNlLCJmb2NhbF9sZW5ndGgiOiI0LjIgbW0iLCJpc28iOjIwMCwic2h1dHRlcl9zcGVlZCI6IjFcLzYwIHNlYyIsImZsYXNoIjoiTm90IGZpcmVkIiwidGl0bGUiOmZhbHNlLCJrZXl3b3JkcyI6ZmFsc2UsIndpZHRoIjo5MDAsImhlaWdodCI6MTIwMCwic2F2ZWQiOnRydWUsImJhY2t1cCI6eyJmaWxlbmFtZSI6IklNR18wMjk2LmpwZyIsIndpZHRoIjo0MDMyLCJoZWlnaHQiOjMwMjQsImdlbmVyYXRlZCI6IjAuMjQ3NjMyMDAgMTYyODc1NTI5MSJ9LCJtZDUiOiJhZmNkMTU1MGEzMDBkYWVmMTA2MmI1MzQzNGYxZjY5YyIsImZ1bGwiOnsid2lkdGgiOjkwMCwiaGVpZ2h0IjoxMjAwLCJtZDUiOiJhZmNkMTU1MGEzMDBkYWVmMTA2MmI1MzQzNGYxZjY5YyJ9LCJ0aHVtYm5haWwiOnsid2lkdGgiOjI0MCwiaGVpZ2h0IjoxNjAsImZpbGVuYW1lIjoidGh1bWJzX0lNR18wMjk2LmpwZyIsImdlbmVyYXRlZCI6IjAuNDg2NDUxMDAgMTYyODc1NTMxNCJ9fQ==',1104,1628755314),(156,'img_0297',0,9,'IMG_0297.jpg','','IMG_0297','2021-07-02 14:11:06',0,0,'eyJhcGVydHVyZSI6IkYgMS42IiwiY3JlZGl0IjpmYWxzZSwiY2FtZXJhIjoiaVBob25lIDEyIiwiY2FwdGlvbiI6ZmFsc2UsImNyZWF0ZWRfdGltZXN0YW1wIjoxNjI1MjM1MDY2LCJjb3B5cmlnaHQiOmZhbHNlLCJmb2NhbF9sZW5ndGgiOiI0LjIgbW0iLCJpc28iOjMyLCJzaHV0dGVyX3NwZWVkIjoiMVwvNTgxMCBzZWMiLCJmbGFzaCI6Ik5vdCBmaXJlZCIsInRpdGxlIjpmYWxzZSwia2V5d29yZHMiOmZhbHNlLCJ3aWR0aCI6OTAwLCJoZWlnaHQiOjEyMDAsInNhdmVkIjp0cnVlLCJiYWNrdXAiOnsiZmlsZW5hbWUiOiJJTUdfMDI5Ny5qcGciLCJ3aWR0aCI6NDAzMiwiaGVpZ2h0IjozMDI0LCJnZW5lcmF0ZWQiOiIwLjI0MTc0NjAwIDE2Mjg3NTUyOTEifSwibWQ1IjoiZTVlNjYxN2Y0ZTkwM2U4OTQ5MDMzZjY2ZjdlMmI5NWYiLCJmdWxsIjp7IndpZHRoIjo5MDAsImhlaWdodCI6MTIwMCwibWQ1IjoiZTVlNjYxN2Y0ZTkwM2U4OTQ5MDMzZjY2ZjdlMmI5NWYifSwidGh1bWJuYWlsIjp7IndpZHRoIjoyNDAsImhlaWdodCI6MTYwLCJmaWxlbmFtZSI6InRodW1ic19JTUdfMDI5Ny5qcGciLCJnZW5lcmF0ZWQiOiIwLjkyNzkwMzAwIDE2Mjg3NTUzMTkifX0=',1106,1628755319),(157,'img_0303',0,9,'IMG_0303.jpg','','IMG_0303','2021-07-02 14:55:08',0,0,'eyJhcGVydHVyZSI6IkYgMS42IiwiY3JlZGl0IjpmYWxzZSwiY2FtZXJhIjoiaVBob25lIDEyIiwiY2FwdGlvbiI6ZmFsc2UsImNyZWF0ZWRfdGltZXN0YW1wIjoxNjI1MjM3NzA4LCJjb3B5cmlnaHQiOmZhbHNlLCJmb2NhbF9sZW5ndGgiOiI0LjIgbW0iLCJpc28iOjQwLCJzaHV0dGVyX3NwZWVkIjoiMVwvMTIwIHNlYyIsImZsYXNoIjoiTm90IGZpcmVkIiwidGl0bGUiOmZhbHNlLCJrZXl3b3JkcyI6ZmFsc2UsIndpZHRoIjo5MDAsImhlaWdodCI6MTIwMCwic2F2ZWQiOnRydWUsImJhY2t1cCI6eyJmaWxlbmFtZSI6IklNR18wMzAzLmpwZyIsIndpZHRoIjo0MDMyLCJoZWlnaHQiOjMwMjQsImdlbmVyYXRlZCI6IjAuMjY0MDY0MDAgMTYyODc1NTI5NiJ9LCJtZDUiOiJkMGNmNzBiM2Y2MjI4Yjc5NWUyZWZlYjFmNmJmNTZjYiIsImZ1bGwiOnsid2lkdGgiOjkwMCwiaGVpZ2h0IjoxMjAwLCJtZDUiOiJkMGNmNzBiM2Y2MjI4Yjc5NWUyZWZlYjFmNmJmNTZjYiJ9LCJ0aHVtYm5haWwiOnsid2lkdGgiOjI0MCwiaGVpZ2h0IjoxNjAsImZpbGVuYW1lIjoidGh1bWJzX0lNR18wMzAzLmpwZyIsImdlbmVyYXRlZCI6IjAuMDM5OTAyMDAgMTYyODc1NTM2MiJ9fQ==',1107,1628755362),(158,'img_0304',0,9,'IMG_0304.jpg','','IMG_0304','2021-07-02 14:55:23',0,0,'eyJhcGVydHVyZSI6IkYgMS42IiwiY3JlZGl0IjpmYWxzZSwiY2FtZXJhIjoiaVBob25lIDEyIiwiY2FwdGlvbiI6ZmFsc2UsImNyZWF0ZWRfdGltZXN0YW1wIjoxNjI1MjM3NzIzLCJjb3B5cmlnaHQiOmZhbHNlLCJmb2NhbF9sZW5ndGgiOiI0LjIgbW0iLCJpc28iOjMyLCJzaHV0dGVyX3NwZWVkIjoiMVwvOTA5MCBzZWMiLCJmbGFzaCI6Ik5vdCBmaXJlZCIsInRpdGxlIjpmYWxzZSwia2V5d29yZHMiOmZhbHNlLCJ3aWR0aCI6OTAwLCJoZWlnaHQiOjEyMDAsInNhdmVkIjp0cnVlLCJiYWNrdXAiOnsiZmlsZW5hbWUiOiJJTUdfMDMwNC5qcGciLCJ3aWR0aCI6NDAzMiwiaGVpZ2h0IjozMDI0LCJnZW5lcmF0ZWQiOiIwLjgxMTIyNzAwIDE2Mjg3NTUzMjgifSwibWQ1IjoiNTIxNDI2MjJlOTZjM2I5N2MxZDU4NTM5OTM3ZDBhYmUiLCJmdWxsIjp7IndpZHRoIjo5MDAsImhlaWdodCI6MTIwMCwibWQ1IjoiNTIxNDI2MjJlOTZjM2I5N2MxZDU4NTM5OTM3ZDBhYmUifSwidGh1bWJuYWlsIjp7IndpZHRoIjoyNDAsImhlaWdodCI6MTYwLCJmaWxlbmFtZSI6InRodW1ic19JTUdfMDMwNC5qcGciLCJnZW5lcmF0ZWQiOiIwLjUzMTMyODAwIDE2Mjg3NTUzNjgifX0=',1109,1628755368),(159,'img_0345-2',0,9,'IMG_0345-2.jpg','','IMG_0345-2','2021-07-03 11:02:32',0,0,'eyJhcGVydHVyZSI6IkYgMS42IiwiY3JlZGl0IjpmYWxzZSwiY2FtZXJhIjoiaVBob25lIDEyIiwiY2FwdGlvbiI6ZmFsc2UsImNyZWF0ZWRfdGltZXN0YW1wIjoxNjI1MzEwMTUyLCJjb3B5cmlnaHQiOmZhbHNlLCJmb2NhbF9sZW5ndGgiOiI0LjIgbW0iLCJpc28iOjMyLCJzaHV0dGVyX3NwZWVkIjoiMVwvNjkwMCBzZWMiLCJmbGFzaCI6Ik5vdCBmaXJlZCIsInRpdGxlIjpmYWxzZSwia2V5d29yZHMiOmZhbHNlLCJ3aWR0aCI6NDAzMiwiaGVpZ2h0IjozMDI0LCJiYWNrdXAiOnsiZmlsZW5hbWUiOiJJTUdfMDM0NS0yLmpwZyIsIndpZHRoIjo0MDMyLCJoZWlnaHQiOjMwMjQsImdlbmVyYXRlZCI6IjAuODAzODg3MDAgMTYyODc1NTMyOCJ9LCJzYXZlZCI6dHJ1ZX0=',1108,1628757186),(160,'img_0343',0,9,'IMG_0343.jpg','','IMG_0343','2021-07-02 20:34:41',0,0,'eyJhcGVydHVyZSI6IkYgMS42IiwiY3JlZGl0IjpmYWxzZSwiY2FtZXJhIjoiaVBob25lIDEyIiwiY2FwdGlvbiI6ZmFsc2UsImNyZWF0ZWRfdGltZXN0YW1wIjoxNjI1MjU4MDgxLCJjb3B5cmlnaHQiOmZhbHNlLCJmb2NhbF9sZW5ndGgiOiI0LjIgbW0iLCJpc28iOjgwLCJzaHV0dGVyX3NwZWVkIjoiMVwvMTIwIHNlYyIsImZsYXNoIjoiTm90IGZpcmVkIiwidGl0bGUiOmZhbHNlLCJrZXl3b3JkcyI6ZmFsc2UsIndpZHRoIjoxNjAwLCJoZWlnaHQiOjEyMDAsInNhdmVkIjp0cnVlLCJiYWNrdXAiOnsiZmlsZW5hbWUiOiJJTUdfMDM0My5qcGciLCJ3aWR0aCI6NDAzMiwiaGVpZ2h0IjozMDI0LCJnZW5lcmF0ZWQiOiIwLjQyOTQxMjAwIDE2Mjg3NTUzNDcifSwibWQ1IjoiZGNlOGFlMjg5OWM3NmRhZWZmNmM0MjRiZDVhYWM5Y2MiLCJmdWxsIjp7IndpZHRoIjoxNjAwLCJoZWlnaHQiOjEyMDAsIm1kNSI6ImRjZThhZTI4OTljNzZkYWVmZjZjNDI0YmQ1YWFjOWNjIn0sInRodW1ibmFpbCI6eyJ3aWR0aCI6MjQwLCJoZWlnaHQiOjE2MCwiZmlsZW5hbWUiOiJ0aHVtYnNfSU1HXzAzNDMuanBnIiwiZ2VuZXJhdGVkIjoiMC45MTc5MzAwMCAxNjI4NzU1MzY1In19',1110,1628755365),(161,'img_0295',0,9,'IMG_0295.jpg','','IMG_0295','2021-07-02 14:00:26',0,0,'eyJhcGVydHVyZSI6IkYgMS42IiwiY3JlZGl0IjpmYWxzZSwiY2FtZXJhIjoiaVBob25lIDEyIiwiY2FwdGlvbiI6ZmFsc2UsImNyZWF0ZWRfdGltZXN0YW1wIjoxNjI1MjM0NDI2LCJjb3B5cmlnaHQiOmZhbHNlLCJmb2NhbF9sZW5ndGgiOiI0LjIgbW0iLCJpc28iOjMyLCJzaHV0dGVyX3NwZWVkIjoiMVwvMjgwIHNlYyIsImZsYXNoIjoiTm90IGZpcmVkIiwidGl0bGUiOmZhbHNlLCJrZXl3b3JkcyI6ZmFsc2UsIndpZHRoIjoxMjAwLCJoZWlnaHQiOjE2MDAsImJhY2t1cCI6eyJmaWxlbmFtZSI6IklNR18wMjk1LmpwZyIsIndpZHRoIjo0MDMyLCJoZWlnaHQiOjMwMjQsImdlbmVyYXRlZCI6IjAuNDMxMTk1MDAgMTYyODc1NTM0NyJ9LCJtZDUiOiI1NGRhN2NhYTZhNTQ2ODNkYzQxY2NhMTZkNzU1MTU2NiIsImZ1bGwiOnsid2lkdGgiOjEyMDAsImhlaWdodCI6MTYwMCwibWQ1IjoiNTRkYTdjYWE2YTU0NjgzZGM0MWNjYTE2ZDc1NTE1NjYifSwic2F2ZWQiOnRydWV9',1111,1628757216),(162,'img_0336-2',0,9,'IMG_0336-2.jpg','','IMG_0336-2','2021-07-02 20:04:30',0,0,'eyJhcGVydHVyZSI6IkYgMS42IiwiY3JlZGl0IjpmYWxzZSwiY2FtZXJhIjoiaVBob25lIDEyIiwiY2FwdGlvbiI6ZmFsc2UsImNyZWF0ZWRfdGltZXN0YW1wIjoxNjI1MjU2MjcwLCJjb3B5cmlnaHQiOmZhbHNlLCJmb2NhbF9sZW5ndGgiOiI0LjIgbW0iLCJpc28iOjEwMCwic2h1dHRlcl9zcGVlZCI6IjFcLzEyMCBzZWMiLCJmbGFzaCI6Ik5vdCBmaXJlZCIsInRpdGxlIjpmYWxzZSwia2V5d29yZHMiOmZhbHNlLCJ3aWR0aCI6NDAzMiwiaGVpZ2h0IjozMDI0LCJiYWNrdXAiOnsiZmlsZW5hbWUiOiJJTUdfMDMzNi0yLmpwZyIsIndpZHRoIjo0MDMyLCJoZWlnaHQiOjMwMjQsImdlbmVyYXRlZCI6IjAuMDc2ODAzMDAgMTYyODc1NTM1NCJ9LCJzYXZlZCI6dHJ1ZX0=',1112,1628757277),(163,'img_0333',0,9,'IMG_0333.jpg','','IMG_0333','2021-07-02 20:00:20',0,0,'eyJhcGVydHVyZSI6IkYgMS42IiwiY3JlZGl0IjpmYWxzZSwiY2FtZXJhIjoiaVBob25lIDEyIiwiY2FwdGlvbiI6ZmFsc2UsImNyZWF0ZWRfdGltZXN0YW1wIjoxNjI1MjU2MDIwLCJjb3B5cmlnaHQiOmZhbHNlLCJmb2NhbF9sZW5ndGgiOiI0LjIgbW0iLCJpc28iOjMyLCJzaHV0dGVyX3NwZWVkIjoiMVwvMTIwIHNlYyIsImZsYXNoIjoiTm90IGZpcmVkIiwidGl0bGUiOmZhbHNlLCJrZXl3b3JkcyI6ZmFsc2UsIndpZHRoIjo0MDMyLCJoZWlnaHQiOjMwMjQsImJhY2t1cCI6eyJmaWxlbmFtZSI6IklNR18wMzMzLmpwZyIsIndpZHRoIjo0MDMyLCJoZWlnaHQiOjMwMjQsImdlbmVyYXRlZCI6IjAuMDc1NzA4MDAgMTYyODc1NTM1NCJ9LCJtZDUiOiJlMjI3NDNkOTIwNGNjODAwZTQwMzRjZDBmNmY4ZTJhZSIsImZ1bGwiOnsid2lkdGgiOjE2MDAsImhlaWdodCI6MTIwMCwibWQ1IjoiZTIyNzQzZDkyMDRjYzgwMGU0MDM0Y2QwZjZmOGUyYWUifSwic2F2ZWQiOnRydWV9',1113,1628757315),(164,'img_0338',0,9,'IMG_0338.jpg','','IMG_0338','2021-07-02 20:05:00',0,0,'eyJhcGVydHVyZSI6IkYgMS42IiwiY3JlZGl0IjpmYWxzZSwiY2FtZXJhIjoiaVBob25lIDEyIiwiY2FwdGlvbiI6ZmFsc2UsImNyZWF0ZWRfdGltZXN0YW1wIjoxNjI1MjU2MzAwLCJjb3B5cmlnaHQiOmZhbHNlLCJmb2NhbF9sZW5ndGgiOiI0LjIgbW0iLCJpc28iOjEyNSwic2h1dHRlcl9zcGVlZCI6IjFcLzEyMCBzZWMiLCJmbGFzaCI6Ik5vdCBmaXJlZCIsInRpdGxlIjpmYWxzZSwia2V5d29yZHMiOmZhbHNlLCJ3aWR0aCI6MTYwMCwiaGVpZ2h0IjoxMjAwLCJzYXZlZCI6dHJ1ZSwiYmFja3VwIjp7ImZpbGVuYW1lIjoiSU1HXzAzMzguanBnIiwid2lkdGgiOjQwMzIsImhlaWdodCI6MzAyNCwiZ2VuZXJhdGVkIjoiMC4zMTY3MjYwMCAxNjI4NzU1MzYyIn0sIm1kNSI6ImI1ODNiYmQ0ODI3NTdhMTI2MWFiMjVjYzNmNmJjOTI0IiwiZnVsbCI6eyJ3aWR0aCI6MTYwMCwiaGVpZ2h0IjoxMjAwLCJtZDUiOiJiNTgzYmJkNDgyNzU3YTEyNjFhYjI1Y2MzZjZiYzkyNCJ9LCJ0aHVtYm5haWwiOnsid2lkdGgiOjI0MCwiaGVpZ2h0IjoxNjAsImZpbGVuYW1lIjoidGh1bWJzX0lNR18wMzM4LmpwZyIsImdlbmVyYXRlZCI6IjAuNjUzMDQxMDAgMTYyODc1NTM3MCJ9fQ==',1114,1628755370),(165,'img_0299',0,9,'IMG_0299.jpg','','IMG_0299','2021-07-02 14:39:38',0,0,'eyJhcGVydHVyZSI6IkYgMS42IiwiY3JlZGl0IjpmYWxzZSwiY2FtZXJhIjoiaVBob25lIDEyIiwiY2FwdGlvbiI6ZmFsc2UsImNyZWF0ZWRfdGltZXN0YW1wIjoxNjI1MjM2Nzc4LCJjb3B5cmlnaHQiOmZhbHNlLCJmb2NhbF9sZW5ndGgiOiI0LjIgbW0iLCJpc28iOjMyLCJzaHV0dGVyX3NwZWVkIjoiMVwvMjM1MCBzZWMiLCJmbGFzaCI6Ik5vdCBmaXJlZCIsInRpdGxlIjpmYWxzZSwia2V5d29yZHMiOmZhbHNlLCJ3aWR0aCI6MTIwMCwiaGVpZ2h0IjoxNjAwLCJiYWNrdXAiOnsiZmlsZW5hbWUiOiJJTUdfMDI5OS5qcGciLCJ3aWR0aCI6NDAzMiwiaGVpZ2h0IjozMDI0LCJnZW5lcmF0ZWQiOiIwLjE2MDkzOTAwIDE2Mjg3NTUzNjYifSwibWQ1IjoiNTJlY2NkNGYzNjA2OGQ5MmY3ZDdiZmE4Mzc2ZWE5MWQiLCJmdWxsIjp7IndpZHRoIjoxMjAwLCJoZWlnaHQiOjE2MDAsIm1kNSI6IjUyZWNjZDRmMzYwNjhkOTJmN2Q3YmZhODM3NmVhOTFkIn0sInNhdmVkIjp0cnVlfQ==',1115,1628757422),(166,'img_0323',0,9,'IMG_0323.jpg','','IMG_0323','2021-07-02 19:13:36',0,0,'eyJhcGVydHVyZSI6IkYgMS42IiwiY3JlZGl0IjpmYWxzZSwiY2FtZXJhIjoiaVBob25lIDEyIiwiY2FwdGlvbiI6ZmFsc2UsImNyZWF0ZWRfdGltZXN0YW1wIjoxNjI1MjUzMjE2LCJjb3B5cmlnaHQiOmZhbHNlLCJmb2NhbF9sZW5ndGgiOiI0LjIgbW0iLCJpc28iOjMyLCJzaHV0dGVyX3NwZWVkIjoiMVwvNDUwIHNlYyIsImZsYXNoIjoiTm90IGZpcmVkIiwidGl0bGUiOmZhbHNlLCJrZXl3b3JkcyI6ZmFsc2UsIndpZHRoIjoxNjAwLCJoZWlnaHQiOjEyMDAsInNhdmVkIjp0cnVlLCJiYWNrdXAiOnsiZmlsZW5hbWUiOiJJTUdfMDMyMy5qcGciLCJ3aWR0aCI6NDAzMiwiaGVpZ2h0IjozMDI0LCJnZW5lcmF0ZWQiOiIwLjUzNzkwODAwIDE2Mjg3NTUzODkifSwibWQ1IjoiYjU2NzEwMWVkZjAxZTdiNjhmNWQwOGNkOWUwY2ZjMzMiLCJmdWxsIjp7IndpZHRoIjoxNjAwLCJoZWlnaHQiOjEyMDAsIm1kNSI6ImI1NjcxMDFlZGYwMWU3YjY4ZjVkMDhjZDllMGNmYzMzIn0sInRodW1ibmFpbCI6eyJ3aWR0aCI6MjQwLCJoZWlnaHQiOjE2MCwiZmlsZW5hbWUiOiJ0aHVtYnNfSU1HXzAzMjMuanBnIiwiZ2VuZXJhdGVkIjoiMC45MDU2OTYwMCAxNjI4NzU1NDExIn19',1116,1628755411),(167,'img_0335-2',0,9,'IMG_0335-2.jpg','','IMG_0335-2','2021-07-02 20:03:15',0,0,'eyJhcGVydHVyZSI6IkYgMi4yIiwiY3JlZGl0IjpmYWxzZSwiY2FtZXJhIjoiaVBob25lIDEyIiwiY2FwdGlvbiI6ZmFsc2UsImNyZWF0ZWRfdGltZXN0YW1wIjoxNjI1MjU2MTk1LCJjb3B5cmlnaHQiOmZhbHNlLCJmb2NhbF9sZW5ndGgiOiIyLjcxIG1tIiwiaXNvIjoxMjUsInNodXR0ZXJfc3BlZWQiOiIxXC82MCBzZWMiLCJmbGFzaCI6Ik5vdCBmaXJlZCIsInRpdGxlIjpmYWxzZSwia2V5d29yZHMiOmZhbHNlLCJ3aWR0aCI6MTYwMCwiaGVpZ2h0IjoxMjAwLCJzYXZlZCI6dHJ1ZSwiYmFja3VwIjp7ImZpbGVuYW1lIjoiSU1HXzAzMzUtMi5qcGciLCJ3aWR0aCI6NDAzMiwiaGVpZ2h0IjozMDI0LCJnZW5lcmF0ZWQiOiIwLjUyMTc3NDAwIDE2Mjg3NTUzODkifSwibWQ1IjoiNTRlNzg4ZGQzZDZkNWY4MzgxM2Q0NmFiM2VjZDgyMzQiLCJmdWxsIjp7IndpZHRoIjoxNjAwLCJoZWlnaHQiOjEyMDAsIm1kNSI6IjU0ZTc4OGRkM2Q2ZDVmODM4MTNkNDZhYjNlY2Q4MjM0In0sInRodW1ibmFpbCI6eyJ3aWR0aCI6MjQwLCJoZWlnaHQiOjE2MCwiZmlsZW5hbWUiOiJ0aHVtYnNfSU1HXzAzMzUtMi5qcGciLCJnZW5lcmF0ZWQiOiIwLjkyNjMzNjAwIDE2Mjg3NTU0MTIifX0=',1118,1628755412),(168,'img_0301',0,9,'IMG_0301.jpg','','IMG_0301','2021-07-02 14:53:10',0,0,'eyJhcGVydHVyZSI6IkYgMS42IiwiY3JlZGl0IjpmYWxzZSwiY2FtZXJhIjoiaVBob25lIDEyIiwiY2FwdGlvbiI6ZmFsc2UsImNyZWF0ZWRfdGltZXN0YW1wIjoxNjI1MjM3NTkwLCJjb3B5cmlnaHQiOmZhbHNlLCJmb2NhbF9sZW5ndGgiOiI0LjIgbW0iLCJpc28iOjMyLCJzaHV0dGVyX3NwZWVkIjoiMVwvNDgzMCBzZWMiLCJmbGFzaCI6Ik5vdCBmaXJlZCIsInRpdGxlIjpmYWxzZSwia2V5d29yZHMiOmZhbHNlLCJ3aWR0aCI6OTAwLCJoZWlnaHQiOjEyMDAsInNhdmVkIjp0cnVlLCJiYWNrdXAiOnsiZmlsZW5hbWUiOiJJTUdfMDMwMS5qcGciLCJ3aWR0aCI6NDAzMiwiaGVpZ2h0IjozMDI0LCJnZW5lcmF0ZWQiOiIwLjUxMDkwMzAwIDE2Mjg3NTUzODkifSwibWQ1IjoiNmQ3MjU0NTJjMzhjMDFlZjhkNjk0OTZmZDIwY2EyNGEiLCJmdWxsIjp7IndpZHRoIjo5MDAsImhlaWdodCI6MTIwMCwibWQ1IjoiNmQ3MjU0NTJjMzhjMDFlZjhkNjk0OTZmZDIwY2EyNGEifSwidGh1bWJuYWlsIjp7IndpZHRoIjoyNDAsImhlaWdodCI6MTYwLCJmaWxlbmFtZSI6InRodW1ic19JTUdfMDMwMS5qcGciLCJnZW5lcmF0ZWQiOiIwLjY5NDI4NjAwIDE2Mjg3NTU0MTYifX0=',1117,1628755416),(169,'img_0298',0,9,'IMG_0298.jpg','','IMG_0298','2021-07-02 14:38:46',0,0,'eyJhcGVydHVyZSI6IkYgMS42IiwiY3JlZGl0IjpmYWxzZSwiY2FtZXJhIjoiaVBob25lIDEyIiwiY2FwdGlvbiI6ZmFsc2UsImNyZWF0ZWRfdGltZXN0YW1wIjoxNjI1MjM2NzI2LCJjb3B5cmlnaHQiOmZhbHNlLCJmb2NhbF9sZW5ndGgiOiI0LjIgbW0iLCJpc28iOjMyLCJzaHV0dGVyX3NwZWVkIjoiMVwvOTgwMCBzZWMiLCJmbGFzaCI6Ik5vdCBmaXJlZCIsInRpdGxlIjpmYWxzZSwia2V5d29yZHMiOmZhbHNlLCJ3aWR0aCI6OTAwLCJoZWlnaHQiOjEyMDAsInNhdmVkIjp0cnVlLCJiYWNrdXAiOnsiZmlsZW5hbWUiOiJJTUdfMDI5OC5qcGciLCJ3aWR0aCI6NDAzMiwiaGVpZ2h0IjozMDI0LCJnZW5lcmF0ZWQiOiIwLjUxODk1NzAwIDE2Mjg3NTUzODkifSwibWQ1IjoiNzE4Zjg2YmZmYjUyZGU3NmZmMGYzNWFjM2Y2ODIwNGMiLCJmdWxsIjp7IndpZHRoIjo5MDAsImhlaWdodCI6MTIwMCwibWQ1IjoiNzE4Zjg2YmZmYjUyZGU3NmZmMGYzNWFjM2Y2ODIwNGMifSwidGh1bWJuYWlsIjp7IndpZHRoIjoyNDAsImhlaWdodCI6MTYwLCJmaWxlbmFtZSI6InRodW1ic19JTUdfMDI5OC5qcGciLCJnZW5lcmF0ZWQiOiIwLjA4ODAxMDAwIDE2Mjg3NTU0MTQifX0=',1119,1628755414),(170,'img_0339',0,9,'IMG_0339.jpg','','IMG_0339','2021-07-02 20:22:37',0,0,'eyJhcGVydHVyZSI6IkYgMS42IiwiY3JlZGl0IjpmYWxzZSwiY2FtZXJhIjoiaVBob25lIDEyIiwiY2FwdGlvbiI6ZmFsc2UsImNyZWF0ZWRfdGltZXN0YW1wIjoxNjI1MjU3MzU3LCJjb3B5cmlnaHQiOmZhbHNlLCJmb2NhbF9sZW5ndGgiOiI0LjIgbW0iLCJpc28iOjY0LCJzaHV0dGVyX3NwZWVkIjoiMVwvMTIwIHNlYyIsImZsYXNoIjoiTm90IGZpcmVkIiwidGl0bGUiOmZhbHNlLCJrZXl3b3JkcyI6ZmFsc2UsIndpZHRoIjoxNjAwLCJoZWlnaHQiOjEyMDAsInNhdmVkIjp0cnVlLCJiYWNrdXAiOnsiZmlsZW5hbWUiOiJJTUdfMDMzOS5qcGciLCJ3aWR0aCI6NDAzMiwiaGVpZ2h0IjozMDI0LCJnZW5lcmF0ZWQiOiIwLjU2NTkyNjAwIDE2Mjg3NTUzOTQifSwibWQ1IjoiNTM3NDdkNDNmNzIwOGZhZmE4Njc2NTNlMDVmMmU0MDkiLCJmdWxsIjp7IndpZHRoIjoxNjAwLCJoZWlnaHQiOjEyMDAsIm1kNSI6IjUzNzQ3ZDQzZjcyMDhmYWZhODY3NjUzZTA1ZjJlNDA5In0sInRodW1ibmFpbCI6eyJ3aWR0aCI6MjQwLCJoZWlnaHQiOjE2MCwiZmlsZW5hbWUiOiJ0aHVtYnNfSU1HXzAzMzkuanBnIiwiZ2VuZXJhdGVkIjoiMC45MjU2OTYwMCAxNjI4NzU1NDEyIn19',1120,1628755412),(171,'img_0309-2',0,9,'IMG_0309-2.jpg','','IMG_0309-2','2021-07-02 16:17:09',0,0,'eyJhcGVydHVyZSI6IkYgMS42IiwiY3JlZGl0IjpmYWxzZSwiY2FtZXJhIjoiaVBob25lIDEyIiwiY2FwdGlvbiI6ZmFsc2UsImNyZWF0ZWRfdGltZXN0YW1wIjoxNjI1MjQyNjI5LCJjb3B5cmlnaHQiOmZhbHNlLCJmb2NhbF9sZW5ndGgiOiI0LjIgbW0iLCJpc28iOjMyLCJzaHV0dGVyX3NwZWVkIjoiMVwvMzYwIHNlYyIsImZsYXNoIjoiTm90IGZpcmVkIiwidGl0bGUiOmZhbHNlLCJrZXl3b3JkcyI6ZmFsc2UsIndpZHRoIjo5MDAsImhlaWdodCI6MTIwMCwic2F2ZWQiOnRydWUsImJhY2t1cCI6eyJmaWxlbmFtZSI6IklNR18wMzA5LTIuanBnIiwid2lkdGgiOjQwMzIsImhlaWdodCI6MzAyNCwiZ2VuZXJhdGVkIjoiMC4xNDQ4MDIwMCAxNjI4NzU1NDEyIn0sIm1kNSI6ImE0ODQ3YjUzYzRhOTgzNWIzNGM4YTdjMGFiMDgzZWM0IiwiZnVsbCI6eyJ3aWR0aCI6OTAwLCJoZWlnaHQiOjEyMDAsIm1kNSI6ImE0ODQ3YjUzYzRhOTgzNWIzNGM4YTdjMGFiMDgzZWM0In0sInRodW1ibmFpbCI6eyJ3aWR0aCI6MjQwLCJoZWlnaHQiOjE2MCwiZmlsZW5hbWUiOiJ0aHVtYnNfSU1HXzAzMDktMi5qcGciLCJnZW5lcmF0ZWQiOiIwLjIwMzI4NTAwIDE2Mjg3NTU0MTcifX0=',1121,1628755417),(172,'img_0574-2',0,9,'IMG_0574.jpg','','IMG_0574','2021-07-12 18:57:39',0,0,'eyJhcGVydHVyZSI6IkYgMS42IiwiY3JlZGl0IjpmYWxzZSwiY2FtZXJhIjoiaVBob25lIDEyIiwiY2FwdGlvbiI6ZmFsc2UsImNyZWF0ZWRfdGltZXN0YW1wIjoxNjI2MTE2MjU5LCJjb3B5cmlnaHQiOmZhbHNlLCJmb2NhbF9sZW5ndGgiOiI0LjIgbW0iLCJpc28iOjMyLCJzaHV0dGVyX3NwZWVkIjoiMVwvMTQ3MCBzZWMiLCJmbGFzaCI6Ik5vdCBmaXJlZCIsInRpdGxlIjpmYWxzZSwia2V5d29yZHMiOmZhbHNlLCJ3aWR0aCI6OTAwLCJoZWlnaHQiOjEyMDAsInNhdmVkIjp0cnVlLCJiYWNrdXAiOnsiZmlsZW5hbWUiOiJJTUdfMDU3NC5qcGciLCJ3aWR0aCI6NDAzMiwiaGVpZ2h0IjozMDI0LCJnZW5lcmF0ZWQiOiIwLjMwMDA1NDAwIDE2Mjg3NTU0MzYifSwibWQ1IjoiMGMzNThjMGM3ZmFkNTc1MDc2OTIzNmQxNzM3Y2Y0Y2QiLCJmdWxsIjp7IndpZHRoIjo5MDAsImhlaWdodCI6MTIwMCwibWQ1IjoiMGMzNThjMGM3ZmFkNTc1MDc2OTIzNmQxNzM3Y2Y0Y2QifSwidGh1bWJuYWlsIjp7IndpZHRoIjoyNDAsImhlaWdodCI6MTYwLCJmaWxlbmFtZSI6InRodW1ic19JTUdfMDU3NC5qcGciLCJnZW5lcmF0ZWQiOiIwLjYxNzA3NzAwIDE2Mjg3NTU0NTYifX0=',1122,1628755456),(173,'img_0305',0,9,'IMG_0305.jpg','','IMG_0305','2021-07-02 16:10:12',0,0,'eyJhcGVydHVyZSI6IkYgMS42IiwiY3JlZGl0IjpmYWxzZSwiY2FtZXJhIjoiaVBob25lIDEyIiwiY2FwdGlvbiI6ZmFsc2UsImNyZWF0ZWRfdGltZXN0YW1wIjoxNjI1MjQyMjEyLCJjb3B5cmlnaHQiOmZhbHNlLCJmb2NhbF9sZW5ndGgiOiI0LjIgbW0iLCJpc28iOjMyLCJzaHV0dGVyX3NwZWVkIjoiMVwvMzMwMCBzZWMiLCJmbGFzaCI6Ik5vdCBmaXJlZCIsInRpdGxlIjpmYWxzZSwia2V5d29yZHMiOmZhbHNlLCJ3aWR0aCI6MTYwMCwiaGVpZ2h0IjoxMjAwLCJzYXZlZCI6dHJ1ZSwiYmFja3VwIjp7ImZpbGVuYW1lIjoiSU1HXzAzMDUuanBnIiwid2lkdGgiOjQwMzIsImhlaWdodCI6MzAyNCwiZ2VuZXJhdGVkIjoiMC45MDgzNjAwMCAxNjI4NzU1NDQyIn0sIm1kNSI6Ijk0OTRiOTk1MTcxYmRlZTA1OWZmODJmOGI3MTBjYTIxIiwiZnVsbCI6eyJ3aWR0aCI6MTYwMCwiaGVpZ2h0IjoxMjAwLCJtZDUiOiI5NDk0Yjk5NTE3MWJkZWUwNTlmZjgyZjhiNzEwY2EyMSJ9LCJ0aHVtYm5haWwiOnsid2lkdGgiOjI0MCwiaGVpZ2h0IjoxNjAsImZpbGVuYW1lIjoidGh1bWJzX0lNR18wMzA1LmpwZyIsImdlbmVyYXRlZCI6IjAuNzQ1NTgwMDAgMTYyODc1NTQ1NiJ9fQ==',1123,1628755456),(174,'img_0582-2',0,9,'IMG_0582.jpg','','IMG_0582','2021-07-13 10:06:49',0,0,'eyJhcGVydHVyZSI6IkYgMS42IiwiY3JlZGl0IjpmYWxzZSwiY2FtZXJhIjoiaVBob25lIDEyIiwiY2FwdGlvbiI6ZmFsc2UsImNyZWF0ZWRfdGltZXN0YW1wIjoxNjI2MTcwODA5LCJjb3B5cmlnaHQiOmZhbHNlLCJmb2NhbF9sZW5ndGgiOiI0LjIgbW0iLCJpc28iOjMyLCJzaHV0dGVyX3NwZWVkIjoiMVwvNTgxMCBzZWMiLCJmbGFzaCI6Ik5vdCBmaXJlZCIsInRpdGxlIjpmYWxzZSwia2V5d29yZHMiOmZhbHNlLCJ3aWR0aCI6MTYwMCwiaGVpZ2h0IjoxMjAwLCJzYXZlZCI6dHJ1ZSwiYmFja3VwIjp7ImZpbGVuYW1lIjoiSU1HXzA1ODIuanBnIiwid2lkdGgiOjQwMzIsImhlaWdodCI6MzAyNCwiZ2VuZXJhdGVkIjoiMC41ODQ4NTMwMCAxNjI4NzU1NDM4In0sIm1kNSI6IjRjYjdhZTgyYWNhYjdlZDgzMjVkMWUyOGU4NTc1NTkwIiwiZnVsbCI6eyJ3aWR0aCI6MTYwMCwiaGVpZ2h0IjoxMjAwLCJtZDUiOiI0Y2I3YWU4MmFjYWI3ZWQ4MzI1ZDFlMjhlODU3NTU5MCJ9LCJ0aHVtYm5haWwiOnsid2lkdGgiOjI0MCwiaGVpZ2h0IjoxNjAsImZpbGVuYW1lIjoidGh1bWJzX0lNR18wNTgyLmpwZyIsImdlbmVyYXRlZCI6IjAuOTM0MTMwMDAgMTYyODc1NTQ1NiJ9fQ==',1124,1628755456),(175,'img_0533-2',0,9,'IMG_0533.jpg','','IMG_0533','2021-07-11 13:10:06',0,0,'eyJhcGVydHVyZSI6IkYgMS42IiwiY3JlZGl0IjpmYWxzZSwiY2FtZXJhIjoiaVBob25lIDEyIiwiY2FwdGlvbiI6ZmFsc2UsImNyZWF0ZWRfdGltZXN0YW1wIjoxNjI2MDA5MDA2LCJjb3B5cmlnaHQiOmZhbHNlLCJmb2NhbF9sZW5ndGgiOiI0LjIgbW0iLCJpc28iOjMyLCJzaHV0dGVyX3NwZWVkIjoiMVwvMjc1MCBzZWMiLCJmbGFzaCI6Ik5vdCBmaXJlZCIsInRpdGxlIjpmYWxzZSwia2V5d29yZHMiOmZhbHNlLCJ3aWR0aCI6MTYwMCwiaGVpZ2h0IjoxMjAwLCJzYXZlZCI6dHJ1ZSwiYmFja3VwIjp7ImZpbGVuYW1lIjoiSU1HXzA1MzMuanBnIiwid2lkdGgiOjQwMzIsImhlaWdodCI6MzAyNCwiZ2VuZXJhdGVkIjoiMC41OTkyNTAwMCAxNjI4NzU1NDQ2In0sIm1kNSI6ImVjYTRjZTJkZmIzMTgxMWRlOWQwNTI4MmZmYzRlMTJiIiwiZnVsbCI6eyJ3aWR0aCI6MTYwMCwiaGVpZ2h0IjoxMjAwLCJtZDUiOiJlY2E0Y2UyZGZiMzE4MTFkZTlkMDUyODJmZmM0ZTEyYiJ9LCJ0aHVtYm5haWwiOnsid2lkdGgiOjI0MCwiaGVpZ2h0IjoxNjAsImZpbGVuYW1lIjoidGh1bWJzX0lNR18wNTMzLmpwZyIsImdlbmVyYXRlZCI6IjAuNjE3MTQ4MDAgMTYyODc1NTQ1OCJ9fQ==',1125,1628755458),(176,'screen-shot-2022-01-03-at-2-04-53-pm',0,10,'Screen-Shot-2022-01-03-at-2.04.53-PM.png','','Screen-Shot-2022-01-03-at-2.04.53-PM','2022-01-07 09:44:42',0,0,'eyJhcGVydHVyZSI6ZmFsc2UsImNyZWRpdCI6ZmFsc2UsImNhbWVyYSI6ZmFsc2UsImNhcHRpb24iOmZhbHNlLCJjcmVhdGVkX3RpbWVzdGFtcCI6ZmFsc2UsImNvcHlyaWdodCI6ZmFsc2UsImZvY2FsX2xlbmd0aCI6ZmFsc2UsImlzbyI6ZmFsc2UsInNodXR0ZXJfc3BlZWQiOmZhbHNlLCJmbGFzaCI6ZmFsc2UsInRpdGxlIjpmYWxzZSwia2V5d29yZHMiOmZhbHNlLCJ3aWR0aCI6MTQ1MiwiaGVpZ2h0IjoxMDg4LCJzYXZlZCI6dHJ1ZSwiYmFja3VwIjp7ImZpbGVuYW1lIjoiU2NyZWVuLVNob3QtMjAyMi0wMS0wMy1hdC0yLjA0LjUzLVBNLnBuZyIsIndpZHRoIjoxNDUyLCJoZWlnaHQiOjEwODgsImdlbmVyYXRlZCI6IjAuMzQxODI0MDAgMTY0MTU0ODY4MiJ9LCJtZDUiOiIzZmU2Y2NiZDNiZGI5MzIwN2JhYjNiNjA0MDNkNGQ5MyIsImZ1bGwiOnsid2lkdGgiOjE0NTIsImhlaWdodCI6MTA4OCwibWQ1IjoiM2ZlNmNjYmQzYmRiOTMyMDdiYWIzYjYwNDAzZDRkOTMifSwidGh1bWJuYWlsIjp7IndpZHRoIjoyNDAsImhlaWdodCI6MTYwLCJmaWxlbmFtZSI6InRodW1ic19TY3JlZW4tU2hvdC0yMDIyLTAxLTAzLWF0LTIuMDQuNTMtUE0ucG5nIiwiZ2VuZXJhdGVkIjoiMC44MjY1NzMwMCAxNjQxNTQ4NjgyIn19',1578,1641548682),(177,'screen-shot-2022-01-03-at-2-03-58-pm',0,10,'Screen-Shot-2022-01-03-at-2.03.58-PM.png','','Screen-Shot-2022-01-03-at-2.03.58-PM','2022-01-07 09:44:43',0,0,'eyJhcGVydHVyZSI6ZmFsc2UsImNyZWRpdCI6ZmFsc2UsImNhbWVyYSI6ZmFsc2UsImNhcHRpb24iOmZhbHNlLCJjcmVhdGVkX3RpbWVzdGFtcCI6ZmFsc2UsImNvcHlyaWdodCI6ZmFsc2UsImZvY2FsX2xlbmd0aCI6ZmFsc2UsImlzbyI6ZmFsc2UsInNodXR0ZXJfc3BlZWQiOmZhbHNlLCJmbGFzaCI6ZmFsc2UsInRpdGxlIjpmYWxzZSwia2V5d29yZHMiOmZhbHNlLCJ3aWR0aCI6MTgwMCwiaGVpZ2h0Ijo4NTgsInNhdmVkIjp0cnVlLCJiYWNrdXAiOnsiZmlsZW5hbWUiOiJTY3JlZW4tU2hvdC0yMDIyLTAxLTAzLWF0LTIuMDMuNTgtUE0ucG5nIiwid2lkdGgiOjI4NjYsImhlaWdodCI6MTM2NiwiZ2VuZXJhdGVkIjoiMC41MjY2NjUwMCAxNjQxNTQ4NjgzIn0sIm1kNSI6IjQ3NmYwZjVkMTIwZDRlYmZlOTEyNzE4ZWY0ZTQ1MTc2IiwiZnVsbCI6eyJ3aWR0aCI6MTgwMCwiaGVpZ2h0Ijo4NTgsIm1kNSI6IjQ3NmYwZjVkMTIwZDRlYmZlOTEyNzE4ZWY0ZTQ1MTc2In0sInRodW1ibmFpbCI6eyJ3aWR0aCI6MjQwLCJoZWlnaHQiOjE2MCwiZmlsZW5hbWUiOiJ0aHVtYnNfU2NyZWVuLVNob3QtMjAyMi0wMS0wMy1hdC0yLjAzLjU4LVBNLnBuZyIsImdlbmVyYXRlZCI6IjAuNjY0ODE5MDAgMTY0MTU0ODY4NyJ9fQ==',1579,1641548687),(178,'screen-shot-2022-01-03-at-2-14-35-pm',0,10,'Screen-Shot-2022-01-03-at-2.14.35-PM.png','','Screen-Shot-2022-01-03-at-2.14.35-PM','2022-01-07 09:44:43',0,0,'eyJhcGVydHVyZSI6ZmFsc2UsImNyZWRpdCI6ZmFsc2UsImNhbWVyYSI6ZmFsc2UsImNhcHRpb24iOmZhbHNlLCJjcmVhdGVkX3RpbWVzdGFtcCI6ZmFsc2UsImNvcHlyaWdodCI6ZmFsc2UsImZvY2FsX2xlbmd0aCI6ZmFsc2UsImlzbyI6ZmFsc2UsInNodXR0ZXJfc3BlZWQiOmZhbHNlLCJmbGFzaCI6ZmFsc2UsInRpdGxlIjpmYWxzZSwia2V5d29yZHMiOmZhbHNlLCJ3aWR0aCI6MTgwMCwiaGVpZ2h0Ijo4MzMsInNhdmVkIjp0cnVlLCJiYWNrdXAiOnsiZmlsZW5hbWUiOiJTY3JlZW4tU2hvdC0yMDIyLTAxLTAzLWF0LTIuMTQuMzUtUE0ucG5nIiwid2lkdGgiOjI2OTYsImhlaWdodCI6MTI0OCwiZ2VuZXJhdGVkIjoiMC45ODcxNDcwMCAxNjQxNTQ4NjgzIn0sIm1kNSI6Ijc5ZmU4YjRjMzJlYjI4NGQwYTIzYmU2Y2IxN2Y4Y2Q1IiwiZnVsbCI6eyJ3aWR0aCI6MTgwMCwiaGVpZ2h0Ijo4MzMsIm1kNSI6Ijc5ZmU4YjRjMzJlYjI4NGQwYTIzYmU2Y2IxN2Y4Y2Q1In0sInRodW1ibmFpbCI6eyJ3aWR0aCI6MjQwLCJoZWlnaHQiOjE2MCwiZmlsZW5hbWUiOiJ0aHVtYnNfU2NyZWVuLVNob3QtMjAyMi0wMS0wMy1hdC0yLjE0LjM1LVBNLnBuZyIsImdlbmVyYXRlZCI6IjAuNjczNTk0MDAgMTY0MTU0ODY4OCJ9fQ==',1580,1641548688),(179,'screen-shot-2022-01-03-at-2-05-09-pm',0,10,'Screen-Shot-2022-01-03-at-2.05.09-PM.png','','Screen-Shot-2022-01-03-at-2.05.09-PM','2022-01-07 09:44:43',0,0,'eyJhcGVydHVyZSI6ZmFsc2UsImNyZWRpdCI6ZmFsc2UsImNhbWVyYSI6ZmFsc2UsImNhcHRpb24iOmZhbHNlLCJjcmVhdGVkX3RpbWVzdGFtcCI6ZmFsc2UsImNvcHlyaWdodCI6ZmFsc2UsImZvY2FsX2xlbmd0aCI6ZmFsc2UsImlzbyI6ZmFsc2UsInNodXR0ZXJfc3BlZWQiOmZhbHNlLCJmbGFzaCI6ZmFsc2UsInRpdGxlIjpmYWxzZSwia2V5d29yZHMiOmZhbHNlLCJ3aWR0aCI6MTgwMCwiaGVpZ2h0Ijo4NzcsInNhdmVkIjp0cnVlLCJiYWNrdXAiOnsiZmlsZW5hbWUiOiJTY3JlZW4tU2hvdC0yMDIyLTAxLTAzLWF0LTIuMDUuMDktUE0ucG5nIiwid2lkdGgiOjI3MjIsImhlaWdodCI6MTMyNiwiZ2VuZXJhdGVkIjoiMC45OTA4NjEwMCAxNjQxNTQ4NjgzIn0sIm1kNSI6ImExYjVkYjEwZDY0N2Q5NDA2NTgzNDRlMzM1NGJkNTk3IiwiZnVsbCI6eyJ3aWR0aCI6MTgwMCwiaGVpZ2h0Ijo4NzcsIm1kNSI6ImExYjVkYjEwZDY0N2Q5NDA2NTgzNDRlMzM1NGJkNTk3In0sInRodW1ibmFpbCI6eyJ3aWR0aCI6MjQwLCJoZWlnaHQiOjE2MCwiZmlsZW5hbWUiOiJ0aHVtYnNfU2NyZWVuLVNob3QtMjAyMi0wMS0wMy1hdC0yLjA1LjA5LVBNLnBuZyIsImdlbmVyYXRlZCI6IjAuNjcyMjUwMDAgMTY0MTU0ODY4OCJ9fQ==',1581,1641548688),(180,'screen-shot-2022-01-03-at-2-14-02-pm',0,10,'Screen-Shot-2022-01-03-at-2.14.02-PM.png','','Screen-Shot-2022-01-03-at-2.14.02-PM','2022-01-07 09:44:44',0,0,'eyJhcGVydHVyZSI6ZmFsc2UsImNyZWRpdCI6ZmFsc2UsImNhbWVyYSI6ZmFsc2UsImNhcHRpb24iOmZhbHNlLCJjcmVhdGVkX3RpbWVzdGFtcCI6ZmFsc2UsImNvcHlyaWdodCI6ZmFsc2UsImZvY2FsX2xlbmd0aCI6ZmFsc2UsImlzbyI6ZmFsc2UsInNodXR0ZXJfc3BlZWQiOmZhbHNlLCJmbGFzaCI6ZmFsc2UsInRpdGxlIjpmYWxzZSwia2V5d29yZHMiOmZhbHNlLCJ3aWR0aCI6MTgwMCwiaGVpZ2h0Ijo5MTcsInNhdmVkIjp0cnVlLCJiYWNrdXAiOnsiZmlsZW5hbWUiOiJTY3JlZW4tU2hvdC0yMDIyLTAxLTAzLWF0LTIuMTQuMDItUE0ucG5nIiwid2lkdGgiOjI2MTgsImhlaWdodCI6MTMzNCwiZ2VuZXJhdGVkIjoiMC4zNjYwMzgwMCAxNjQxNTQ4Njg0In0sIm1kNSI6ImE5ZWRmOTliMjFiMzVkYzE0MTU4YTAxMGFjYTIzNzIwIiwiZnVsbCI6eyJ3aWR0aCI6MTgwMCwiaGVpZ2h0Ijo5MTcsIm1kNSI6ImE5ZWRmOTliMjFiMzVkYzE0MTU4YTAxMGFjYTIzNzIwIn0sInRodW1ibmFpbCI6eyJ3aWR0aCI6MjQwLCJoZWlnaHQiOjE2MCwiZmlsZW5hbWUiOiJ0aHVtYnNfU2NyZWVuLVNob3QtMjAyMi0wMS0wMy1hdC0yLjE0LjAyLVBNLnBuZyIsImdlbmVyYXRlZCI6IjAuNjY5NjczMDAgMTY0MTU0ODY4OCJ9fQ==',1582,1641548688),(181,'screen-shot-2022-01-03-at-2-15-14-pm',0,10,'Screen-Shot-2022-01-03-at-2.15.14-PM.png','','Screen-Shot-2022-01-03-at-2.15.14-PM','2022-01-07 09:44:44',0,0,'eyJhcGVydHVyZSI6ZmFsc2UsImNyZWRpdCI6ZmFsc2UsImNhbWVyYSI6ZmFsc2UsImNhcHRpb24iOmZhbHNlLCJjcmVhdGVkX3RpbWVzdGFtcCI6ZmFsc2UsImNvcHlyaWdodCI6ZmFsc2UsImZvY2FsX2xlbmd0aCI6ZmFsc2UsImlzbyI6ZmFsc2UsInNodXR0ZXJfc3BlZWQiOmZhbHNlLCJmbGFzaCI6ZmFsc2UsInRpdGxlIjpmYWxzZSwia2V5d29yZHMiOmZhbHNlLCJ3aWR0aCI6MTgwMCwiaGVpZ2h0IjoxMDI1LCJzYXZlZCI6dHJ1ZSwiYmFja3VwIjp7ImZpbGVuYW1lIjoiU2NyZWVuLVNob3QtMjAyMi0wMS0wMy1hdC0yLjE1LjE0LVBNLnBuZyIsIndpZHRoIjoxODEyLCJoZWlnaHQiOjEwMzIsImdlbmVyYXRlZCI6IjAuNDYyNjQ4MDAgMTY0MTU0ODY4NCJ9LCJtZDUiOiIzZjNhNGMyOTcwZGRmMTdkOTBhMjBiMTQ0Njc3OTUxNCIsImZ1bGwiOnsid2lkdGgiOjE4MDAsImhlaWdodCI6MTAyNSwibWQ1IjoiM2YzYTRjMjk3MGRkZjE3ZDkwYTIwYjE0NDY3Nzk1MTQifSwidGh1bWJuYWlsIjp7IndpZHRoIjoyNDAsImhlaWdodCI6MTYwLCJmaWxlbmFtZSI6InRodW1ic19TY3JlZW4tU2hvdC0yMDIyLTAxLTAzLWF0LTIuMTUuMTQtUE0ucG5nIiwiZ2VuZXJhdGVkIjoiMC42NjY1NTYwMCAxNjQxNTQ4Njg4In19',1584,1641548688),(182,'screen-shot-2022-01-03-at-2-10-20-pm',0,10,'Screen-Shot-2022-01-03-at-2.10.20-PM.png','','Screen-Shot-2022-01-03-at-2.10.20-PM','2022-01-07 09:44:44',0,0,'eyJhcGVydHVyZSI6ZmFsc2UsImNyZWRpdCI6ZmFsc2UsImNhbWVyYSI6ZmFsc2UsImNhcHRpb24iOmZhbHNlLCJjcmVhdGVkX3RpbWVzdGFtcCI6ZmFsc2UsImNvcHlyaWdodCI6ZmFsc2UsImZvY2FsX2xlbmd0aCI6ZmFsc2UsImlzbyI6ZmFsc2UsInNodXR0ZXJfc3BlZWQiOmZhbHNlLCJmbGFzaCI6ZmFsc2UsInRpdGxlIjpmYWxzZSwia2V5d29yZHMiOmZhbHNlLCJ3aWR0aCI6MTgwMCwiaGVpZ2h0Ijo4NTcsInNhdmVkIjp0cnVlLCJiYWNrdXAiOnsiZmlsZW5hbWUiOiJTY3JlZW4tU2hvdC0yMDIyLTAxLTAzLWF0LTIuMTAuMjAtUE0ucG5nIiwid2lkdGgiOjI3OTgsImhlaWdodCI6MTMzMiwiZ2VuZXJhdGVkIjoiMC40NjcxNjIwMCAxNjQxNTQ4Njg0In0sIm1kNSI6IjZkZThlYmU4MzMwODBlMDU2NWY4Y2I2NjBhNzgwN2FlIiwiZnVsbCI6eyJ3aWR0aCI6MTgwMCwiaGVpZ2h0Ijo4NTcsIm1kNSI6IjZkZThlYmU4MzMwODBlMDU2NWY4Y2I2NjBhNzgwN2FlIn0sInRodW1ibmFpbCI6eyJ3aWR0aCI6MjQwLCJoZWlnaHQiOjE2MCwiZmlsZW5hbWUiOiJ0aHVtYnNfU2NyZWVuLVNob3QtMjAyMi0wMS0wMy1hdC0yLjEwLjIwLVBNLnBuZyIsImdlbmVyYXRlZCI6IjAuMDA4MzcxMDAgMTY0MTU0ODY4OSJ9fQ==',1583,1641548689),(183,'screen-shot-2022-01-03-at-2-16-32-pm',0,10,'Screen-Shot-2022-01-03-at-2.16.32-PM.png','','Screen-Shot-2022-01-03-at-2.16.32-PM','2022-01-07 09:44:49',0,0,'eyJhcGVydHVyZSI6ZmFsc2UsImNyZWRpdCI6ZmFsc2UsImNhbWVyYSI6ZmFsc2UsImNhcHRpb24iOmZhbHNlLCJjcmVhdGVkX3RpbWVzdGFtcCI6ZmFsc2UsImNvcHlyaWdodCI6ZmFsc2UsImZvY2FsX2xlbmd0aCI6ZmFsc2UsImlzbyI6ZmFsc2UsInNodXR0ZXJfc3BlZWQiOmZhbHNlLCJmbGFzaCI6ZmFsc2UsInRpdGxlIjpmYWxzZSwia2V5d29yZHMiOmZhbHNlLCJ3aWR0aCI6MTgwMCwiaGVpZ2h0Ijo4NDAsInNhdmVkIjp0cnVlLCJiYWNrdXAiOnsiZmlsZW5hbWUiOiJTY3JlZW4tU2hvdC0yMDIyLTAxLTAzLWF0LTIuMTYuMzItUE0ucG5nIiwid2lkdGgiOjI3NDYsImhlaWdodCI6MTI4MiwiZ2VuZXJhdGVkIjoiMC4wODY4NjIwMCAxNjQxNTQ4Njg5In0sIm1kNSI6ImFmOWIwYjdjMWFmNGYzYjk4MTEyNTZiYzFlNGUwMTI5IiwiZnVsbCI6eyJ3aWR0aCI6MTgwMCwiaGVpZ2h0Ijo4NDAsIm1kNSI6ImFmOWIwYjdjMWFmNGYzYjk4MTEyNTZiYzFlNGUwMTI5In0sInRodW1ibmFpbCI6eyJ3aWR0aCI6MjQwLCJoZWlnaHQiOjE2MCwiZmlsZW5hbWUiOiJ0aHVtYnNfU2NyZWVuLVNob3QtMjAyMi0wMS0wMy1hdC0yLjE2LjMyLVBNLnBuZyIsImdlbmVyYXRlZCI6IjAuNDE4NTk5MDAgMTY0MTU0ODY5MCJ9fQ==',1585,1641548690),(184,'screen-shot-2022-01-03-at-2-18-35-pm',0,10,'Screen-Shot-2022-01-03-at-2.18.35-PM.png','','Screen-Shot-2022-01-03-at-2.18.35-PM','2022-01-07 09:44:50',0,0,'eyJhcGVydHVyZSI6ZmFsc2UsImNyZWRpdCI6ZmFsc2UsImNhbWVyYSI6ZmFsc2UsImNhcHRpb24iOmZhbHNlLCJjcmVhdGVkX3RpbWVzdGFtcCI6ZmFsc2UsImNvcHlyaWdodCI6ZmFsc2UsImZvY2FsX2xlbmd0aCI6ZmFsc2UsImlzbyI6ZmFsc2UsInNodXR0ZXJfc3BlZWQiOmZhbHNlLCJmbGFzaCI6ZmFsc2UsInRpdGxlIjpmYWxzZSwia2V5d29yZHMiOmZhbHNlLCJ3aWR0aCI6MTgwMCwiaGVpZ2h0Ijo4MzUsInNhdmVkIjp0cnVlLCJiYWNrdXAiOnsiZmlsZW5hbWUiOiJTY3JlZW4tU2hvdC0yMDIyLTAxLTAzLWF0LTIuMTguMzUtUE0ucG5nIiwid2lkdGgiOjI2NTAsImhlaWdodCI6MTIzMCwiZ2VuZXJhdGVkIjoiMC40OTA0MDIwMCAxNjQxNTQ4NjkwIn0sIm1kNSI6IjZmYjgwZjBmMzU4NmZhZWM2YTc3ZDk4ZGY5MzgyZjk1IiwiZnVsbCI6eyJ3aWR0aCI6MTgwMCwiaGVpZ2h0Ijo4MzUsIm1kNSI6IjZmYjgwZjBmMzU4NmZhZWM2YTc3ZDk4ZGY5MzgyZjk1In0sInRodW1ibmFpbCI6eyJ3aWR0aCI6MjQwLCJoZWlnaHQiOjE2MCwiZmlsZW5hbWUiOiJ0aHVtYnNfU2NyZWVuLVNob3QtMjAyMi0wMS0wMy1hdC0yLjE4LjM1LVBNLnBuZyIsImdlbmVyYXRlZCI6IjAuNTU2MTU3MDAgMTY0MTU0ODY5MiJ9fQ==',1586,1641548692),(185,'screen-shot-2022-01-03-at-2-17-11-pm',0,10,'Screen-Shot-2022-01-03-at-2.17.11-PM.png','','Screen-Shot-2022-01-03-at-2.17.11-PM','2022-01-07 09:44:50',0,0,'eyJhcGVydHVyZSI6ZmFsc2UsImNyZWRpdCI6ZmFsc2UsImNhbWVyYSI6ZmFsc2UsImNhcHRpb24iOmZhbHNlLCJjcmVhdGVkX3RpbWVzdGFtcCI6ZmFsc2UsImNvcHlyaWdodCI6ZmFsc2UsImZvY2FsX2xlbmd0aCI6ZmFsc2UsImlzbyI6ZmFsc2UsInNodXR0ZXJfc3BlZWQiOmZhbHNlLCJmbGFzaCI6ZmFsc2UsInRpdGxlIjpmYWxzZSwia2V5d29yZHMiOmZhbHNlLCJ3aWR0aCI6MTgwMCwiaGVpZ2h0Ijo4NjksInNhdmVkIjp0cnVlLCJiYWNrdXAiOnsiZmlsZW5hbWUiOiJTY3JlZW4tU2hvdC0yMDIyLTAxLTAzLWF0LTIuMTcuMTEtUE0ucG5nIiwid2lkdGgiOjI4MzAsImhlaWdodCI6MTM2NiwiZ2VuZXJhdGVkIjoiMC43Njg1MDgwMCAxNjQxNTQ4NjkwIn0sIm1kNSI6IjZkMTgyZWMzMzA2YzQ2NTQ5MmQxZDRlYjYzMDE3NWY3IiwiZnVsbCI6eyJ3aWR0aCI6MTgwMCwiaGVpZ2h0Ijo4NjksIm1kNSI6IjZkMTgyZWMzMzA2YzQ2NTQ5MmQxZDRlYjYzMDE3NWY3In0sInRodW1ibmFpbCI6eyJ3aWR0aCI6MjQwLCJoZWlnaHQiOjE2MCwiZmlsZW5hbWUiOiJ0aHVtYnNfU2NyZWVuLVNob3QtMjAyMi0wMS0wMy1hdC0yLjE3LjExLVBNLnBuZyIsImdlbmVyYXRlZCI6IjAuMzE3MjIzMDAgMTY0MTU0ODY5NCJ9fQ==',1587,1641548694),(186,'screen-shot-2022-01-03-at-2-18-07-pm',0,10,'Screen-Shot-2022-01-03-at-2.18.07-PM.png','','Screen-Shot-2022-01-03-at-2.18.07-PM','2022-01-07 09:44:50',0,0,'eyJhcGVydHVyZSI6ZmFsc2UsImNyZWRpdCI6ZmFsc2UsImNhbWVyYSI6ZmFsc2UsImNhcHRpb24iOmZhbHNlLCJjcmVhdGVkX3RpbWVzdGFtcCI6ZmFsc2UsImNvcHlyaWdodCI6ZmFsc2UsImZvY2FsX2xlbmd0aCI6ZmFsc2UsImlzbyI6ZmFsc2UsInNodXR0ZXJfc3BlZWQiOmZhbHNlLCJmbGFzaCI6ZmFsc2UsInRpdGxlIjpmYWxzZSwia2V5d29yZHMiOmZhbHNlLCJ3aWR0aCI6MTgwMCwiaGVpZ2h0Ijo5MTYsInNhdmVkIjp0cnVlLCJiYWNrdXAiOnsiZmlsZW5hbWUiOiJTY3JlZW4tU2hvdC0yMDIyLTAxLTAzLWF0LTIuMTguMDctUE0ucG5nIiwid2lkdGgiOjI2ODAsImhlaWdodCI6MTM2NCwiZ2VuZXJhdGVkIjoiMC43Njg1NDQwMCAxNjQxNTQ4NjkwIn0sIm1kNSI6Ijk1YTAzZjIzZTE4MjQwNzkyOGEzYjEwZDNhNDYzYmE0IiwiZnVsbCI6eyJ3aWR0aCI6MTgwMCwiaGVpZ2h0Ijo5MTYsIm1kNSI6Ijk1YTAzZjIzZTE4MjQwNzkyOGEzYjEwZDNhNDYzYmE0In0sInRodW1ibmFpbCI6eyJ3aWR0aCI6MjQwLCJoZWlnaHQiOjE2MCwiZmlsZW5hbWUiOiJ0aHVtYnNfU2NyZWVuLVNob3QtMjAyMi0wMS0wMy1hdC0yLjE4LjA3LVBNLnBuZyIsImdlbmVyYXRlZCI6IjAuMDY3OTUzMDAgMTY0MTU0ODY5NCJ9fQ==',1588,1641548694),(187,'screen-shot-2022-01-03-at-2-21-01-pm',0,10,'Screen-Shot-2022-01-03-at-2.21.01-PM.png','','Screen-Shot-2022-01-03-at-2.21.01-PM','2022-01-07 09:44:52',0,0,'eyJhcGVydHVyZSI6ZmFsc2UsImNyZWRpdCI6ZmFsc2UsImNhbWVyYSI6ZmFsc2UsImNhcHRpb24iOmZhbHNlLCJjcmVhdGVkX3RpbWVzdGFtcCI6ZmFsc2UsImNvcHlyaWdodCI6ZmFsc2UsImZvY2FsX2xlbmd0aCI6ZmFsc2UsImlzbyI6ZmFsc2UsInNodXR0ZXJfc3BlZWQiOmZhbHNlLCJmbGFzaCI6ZmFsc2UsInRpdGxlIjpmYWxzZSwia2V5d29yZHMiOmZhbHNlLCJ3aWR0aCI6MTgwMCwiaGVpZ2h0Ijo4NTcsInNhdmVkIjp0cnVlLCJiYWNrdXAiOnsiZmlsZW5hbWUiOiJTY3JlZW4tU2hvdC0yMDIyLTAxLTAzLWF0LTIuMjEuMDEtUE0ucG5nIiwid2lkdGgiOjI4NjgsImhlaWdodCI6MTM2NiwiZ2VuZXJhdGVkIjoiMC4yNjYzNzAwMCAxNjQxNTQ4NjkyIn0sIm1kNSI6ImFhYzg1NzNmOGQ2N2I4M2NlMTRmOWI0MzQxYjRjMTE5IiwiZnVsbCI6eyJ3aWR0aCI6MTgwMCwiaGVpZ2h0Ijo4NTcsIm1kNSI6ImFhYzg1NzNmOGQ2N2I4M2NlMTRmOWI0MzQxYjRjMTE5In0sInRodW1ibmFpbCI6eyJ3aWR0aCI6MjQwLCJoZWlnaHQiOjE2MCwiZmlsZW5hbWUiOiJ0aHVtYnNfU2NyZWVuLVNob3QtMjAyMi0wMS0wMy1hdC0yLjIxLjAxLVBNLnBuZyIsImdlbmVyYXRlZCI6IjAuNTA1MTA0MDAgMTY0MTU0ODY5NCJ9fQ==',1589,1641548694);

--
